{"id":84,"date":"2024-04-18T07:27:25","date_gmt":"2024-04-18T07:27:25","guid":{"rendered":"https:\/\/novare.se\/tech\/?page_id=84"},"modified":"2025-01-23T11:53:27","modified_gmt":"2025-01-23T11:53:27","slug":"medarbetare","status":"publish","type":"page","link":"https:\/\/novare.se\/tech\/medarbetare\/","title":{"rendered":"Medarbetare"},"content":{"rendered":"<section id=\"hero-3-block_1016efa183ebd18a7c2df9d638649da4\" class=\"block hero-3  m-b no-img \">\n    <div class=\"hero-3--top-section bg-primary\">\n                    <div class=\"bg-backdrop\">\n                <div class=\"bg-backdrop--inner\"><\/div>\n            <\/div>\n                <div class=\"container\">\n            <div class=\"row\">\n                <div class=\"row__col\">\n                    <div class=\"text-img-wrapper\">\n                        <div class=\"text-col\" >\n                                                                \n                                <div class=\"title-wrapper\" >\n                                    <h1 class=\"h1 text-left\">Medarbetare<\/h1>                                <\/div>\n                                                            \n                            \n                            \n                                                    <\/div>\n\n                                            <\/div>\n                <\/div>\n            <\/div>\n        <\/div>\n    <\/div>\n            <div class=\"hero-3--bottom-section \"  >\n        <div class=\"breadcrumbs dark-text\">\n\t<div class=\"container\">\n        <div class=\"row\">\n            <div class=\"row__col\">\n                <div class=\"breadcrumbs--inner\">\n                    <ul>\n                                                                                <li>\n                                <a href=\"https:\/\/novare.se\/\" class=\"alt\">\n                                    Novare                                <\/a>\n                            <\/li>\n                            \n\t\t\t                                        <li>\n                                <a href=\"https:\/\/novare.se\/tech\/\" class=\"alt\">\n                                                                            Tech                                                                    <\/a>\n                            <\/li>\n\t\t\t                                    <li><span class=\"alt\">Medarbetare<\/span><\/li>\n                    <\/ul>\n                <\/div>\n            <\/div>\n        <\/div>\n\t<\/div>\n<\/div>        <\/div>\n    \n    <\/section>\n\n\n<section id=\"60\" class=\"block employee-search-block  m-b bg-default\">\n    <div class=\"container\">\n        <form class=\"listing-block--filters\" data-url=\"https:\/\/novare.se\/tech\/wp-json\/wp\/v2\/pages\/84\/\">\n            <div class=\"row\">\n                <div class=\"row__col\">\n                    <div class=\"listing-block--filters-inner search\">\n                        \n                        <div class=\"filters\">\n                                                        \n                            <div class=\"select-wrapper filter hidden\">\n                                <label for=\"team\" class=\"text-medium\">Team<\/label>\n                                <div class=\"field\">\n                                    <select class=\"js-select-filter\" name=\"team\" id=\"team\">\n                                        <option value=\"\" selected>Alla<\/option>\n                                                                                                                                    <option value=\"novare-public\"  >Novare Public<\/option>\n                                                                                                                        <\/select>\n                                <\/div>\n                            <\/div> \n                        <\/div>\n\n                        <div class=\"filters--end\">\n                            <div class=\"input-wrapper\" >\n                                <div class=\"field\">\n                                                                        <input class=\"js-search-field\" type=\"search\" name=\"search\" placeholder=\"S\u00f6k efter namn eller jobbtitel\" value=\"\" \/>\n                                <\/div>\n                            <\/div>\n                        <\/div>\n\n                    <\/div>\n                <\/div>\n            <\/div>\n            <input type=\"hidden\" name=\"posts_per_page\" value=\"20\">\n            <input type=\"hidden\" name=\"page_no\" value=\"1\">\n            <input type=\"hidden\" name=\"selected_team\" value=\"\">\n            <input type=\"hidden\" name=\"selected_company\" value=\"\">\n        <\/form>\n\n        <div class=\"row listing-block--results\">\n                                                \n<div class=\"row__col row__col--lg-3 listing-block--item cols-4\" >\n    <div class=\"listing-block--item-inner\">\n                <a class=\"m-0\" href=\"https:\/\/novare.se\/tech\/medarbetare\/anna-jansson\/\">\n            <div class=\"image m-0\">\n                <img loading=\"lazy\" decoding=\"async\" width=\"670\" height=\"480\" src=\"https:\/\/novare.se\/tech\/wp-content\/uploads\/sites\/9\/2024\/04\/Anna_Jansson_Tiny.jpg\" class=\"media-item\" alt=\"Kvinna ler mot kameran, bakgrund gr\u00e5.\" srcset=\"https:\/\/novare.se\/tech\/wp-content\/uploads\/sites\/9\/2024\/04\/Anna_Jansson_Tiny.jpg 670w, https:\/\/novare.se\/tech\/wp-content\/uploads\/sites\/9\/2024\/04\/Anna_Jansson_Tiny-360x258.jpg 360w\" sizes=\"(max-width: 670px) 100vw, 670px\" \/>                <div class=\"overlay\"><\/div>\n                <div class=\"badge text-regular\" style=\"background-color: #f5f2ef; color: #000000;\">Novare Tech<\/div>            <\/div>\n        <\/a>\n        <div class=\"content\">\n            <div class=\"header\">\n                <div class=\"name\">\n                    <a class=\"m-0\" href=\"https:\/\/novare.se\/tech\/medarbetare\/anna-jansson\/\">\n                        <div class=\"title text-medium\"><p>Anna  Jansson<\/p><\/div>\n                    <\/a>\n                    <div class=\"pre_title\"><p>Researcher<\/p><\/div>\n                <\/div>\n                                    <div class=\"contact-info\">\n                        <a class=\"m-0\" href=\"mailto:anna.jansson@novare.se\"><span class=\"text-medium\">anna.jansson@novare.se<\/span><\/a>  \n                        <a class=\"m-0\" href=\"tel:+46 735 28 64 37\"><span class=\"text-medium\">+46 735 28 64 37<\/span><\/a>  \n                    <\/div>\n                  \n            <\/div>\n                \n            <a class=\"m-0 read-more\" href=\"https:\/\/novare.se\/tech\/medarbetare\/anna-jansson\/\">\n                <span class=\"text-medium\">L\u00e4s mer om Anna<\/span><i class=\"arrow fa fa-arrow-right\" aria-hidden=\"true\"><\/i>\n            <\/a>\n        <\/div>\n    <\/div>\n    \n<\/div>\n                                    \n<div class=\"row__col row__col--lg-3 listing-block--item cols-4\" >\n    <div class=\"listing-block--item-inner\">\n                <a class=\"m-0\" href=\"https:\/\/novare.se\/tech\/medarbetare\/elin-lidstrom\/\">\n            <div class=\"image m-0\">\n                <img loading=\"lazy\" decoding=\"async\" width=\"768\" height=\"768\" src=\"https:\/\/novare.se\/tech\/wp-content\/uploads\/sites\/9\/2025\/09\/Elin-L-Public-768x768.jpg\" class=\"media-item\" alt=\"Leende kvinna med svart kavaj.\" srcset=\"https:\/\/novare.se\/tech\/wp-content\/uploads\/sites\/9\/2025\/09\/Elin-L-Public-768x768.jpg 768w, https:\/\/novare.se\/tech\/wp-content\/uploads\/sites\/9\/2025\/09\/Elin-L-Public-360x360.jpg 360w, https:\/\/novare.se\/tech\/wp-content\/uploads\/sites\/9\/2025\/09\/Elin-L-Public-1024x1024.jpg 1024w, https:\/\/novare.se\/tech\/wp-content\/uploads\/sites\/9\/2025\/09\/Elin-L-Public-150x150.jpg 150w, https:\/\/novare.se\/tech\/wp-content\/uploads\/sites\/9\/2025\/09\/Elin-L-Public-1536x1536.jpg 1536w, https:\/\/novare.se\/tech\/wp-content\/uploads\/sites\/9\/2025\/09\/Elin-L-Public.jpg 2000w\" sizes=\"(max-width: 768px) 100vw, 768px\" \/>                <div class=\"overlay\"><\/div>\n                <div class=\"badge text-regular\" style=\"background-color: #f5f2ef; color: #000000;\">Novare Tech<\/div>            <\/div>\n        <\/a>\n        <div class=\"content\">\n            <div class=\"header\">\n                <div class=\"name\">\n                    <a class=\"m-0\" href=\"https:\/\/novare.se\/tech\/medarbetare\/elin-lidstrom\/\">\n                        <div class=\"title text-medium\"><p>Elin Lidstr\u00f6m<\/p><\/div>\n                    <\/a>\n                    <div class=\"pre_title\"><p>Rekryteringskonsult\/Researcher<\/p><\/div>\n                <\/div>\n                                    <div class=\"contact-info\">\n                        <a class=\"m-0\" href=\"mailto:elin.lidstrom@novare.se\"><span class=\"text-medium\">elin.lidstrom@novare.se<\/span><\/a>  \n                        <a class=\"m-0\" href=\"tel:+46 760 69 29 10\"><span class=\"text-medium\">+46 760 69 29 10<\/span><\/a>  \n                    <\/div>\n                  \n            <\/div>\n                \n            <a class=\"m-0 read-more\" href=\"https:\/\/novare.se\/tech\/medarbetare\/elin-lidstrom\/\">\n                <span class=\"text-medium\">L\u00e4s mer om Elin<\/span><i class=\"arrow fa fa-arrow-right\" aria-hidden=\"true\"><\/i>\n            <\/a>\n        <\/div>\n    <\/div>\n    \n<\/div>\n                                    \n<div class=\"row__col row__col--lg-3 listing-block--item cols-4\" >\n    <div class=\"listing-block--item-inner\">\n                <a class=\"m-0\" href=\"https:\/\/novare.se\/tech\/medarbetare\/henrik-dellgren\/\">\n            <div class=\"image m-0\">\n                <img loading=\"lazy\" decoding=\"async\" width=\"768\" height=\"768\" src=\"https:\/\/novare.se\/tech\/wp-content\/uploads\/sites\/9\/2025\/10\/Henrik-768x768.jpg\" class=\"media-item\" alt=\"Glad kille med glas\u00f6gon med vit skjorta och kavaj\" srcset=\"https:\/\/novare.se\/tech\/wp-content\/uploads\/sites\/9\/2025\/10\/Henrik-768x768.jpg 768w, https:\/\/novare.se\/tech\/wp-content\/uploads\/sites\/9\/2025\/10\/Henrik-360x360.jpg 360w, https:\/\/novare.se\/tech\/wp-content\/uploads\/sites\/9\/2025\/10\/Henrik-1024x1024.jpg 1024w, https:\/\/novare.se\/tech\/wp-content\/uploads\/sites\/9\/2025\/10\/Henrik-150x150.jpg 150w, https:\/\/novare.se\/tech\/wp-content\/uploads\/sites\/9\/2025\/10\/Henrik-1536x1536.jpg 1536w, https:\/\/novare.se\/tech\/wp-content\/uploads\/sites\/9\/2025\/10\/Henrik.jpg 2000w\" sizes=\"(max-width: 768px) 100vw, 768px\" \/>                <div class=\"overlay\"><\/div>\n                <div class=\"badge text-regular\" style=\"background-color: #f5f2ef; color: #000000;\">Novare Tech<\/div>            <\/div>\n        <\/a>\n        <div class=\"content\">\n            <div class=\"header\">\n                <div class=\"name\">\n                    <a class=\"m-0\" href=\"https:\/\/novare.se\/tech\/medarbetare\/henrik-dellgren\/\">\n                        <div class=\"title text-medium\"><p>Henrik Dellgren<\/p><\/div>\n                    <\/a>\n                    <div class=\"pre_title\"><p>Rekryteringskonsult<\/p><\/div>\n                <\/div>\n                                    <div class=\"contact-info\">\n                        <a class=\"m-0\" href=\"mailto:henrik.dellgren@novare.se\"><span class=\"text-medium\">henrik.dellgren@novare.se<\/span><\/a>  \n                        <a class=\"m-0\" href=\"tel:+46 735 41 70 53\"><span class=\"text-medium\">+46 735 41 70 53<\/span><\/a>  \n                    <\/div>\n                  \n            <\/div>\n                \n            <a class=\"m-0 read-more\" href=\"https:\/\/novare.se\/tech\/medarbetare\/henrik-dellgren\/\">\n                <span class=\"text-medium\">L\u00e4s mer om Henrik<\/span><i class=\"arrow fa fa-arrow-right\" aria-hidden=\"true\"><\/i>\n            <\/a>\n        <\/div>\n    <\/div>\n    \n<\/div>\n                                    \n<div class=\"row__col row__col--lg-3 listing-block--item cols-4\" >\n    <div class=\"listing-block--item-inner\">\n                <a class=\"m-0\" href=\"https:\/\/novare.se\/tech\/medarbetare\/madeleine-fahlberg\/\">\n            <div class=\"image m-0\">\n                <img loading=\"lazy\" decoding=\"async\" width=\"670\" height=\"480\" src=\"https:\/\/novare.se\/tech\/wp-content\/uploads\/sites\/9\/2024\/04\/Madeleine_Fahlberg_Tiny.jpg\" class=\"media-item\" alt=\"Kvinna ler mot kameran i en neutral bakgrund.\" srcset=\"https:\/\/novare.se\/tech\/wp-content\/uploads\/sites\/9\/2024\/04\/Madeleine_Fahlberg_Tiny.jpg 670w, https:\/\/novare.se\/tech\/wp-content\/uploads\/sites\/9\/2024\/04\/Madeleine_Fahlberg_Tiny-360x258.jpg 360w\" sizes=\"(max-width: 670px) 100vw, 670px\" \/>                <div class=\"overlay\"><\/div>\n                <div class=\"badge text-regular\" style=\"background-color: #f5f2ef; color: #000000;\">Novare Tech<\/div>            <\/div>\n        <\/a>\n        <div class=\"content\">\n            <div class=\"header\">\n                <div class=\"name\">\n                    <a class=\"m-0\" href=\"https:\/\/novare.se\/tech\/medarbetare\/madeleine-fahlberg\/\">\n                        <div class=\"title text-medium\"><p>Madeleine  Fahlberg<\/p><\/div>\n                    <\/a>\n                    <div class=\"pre_title\"><p>Partner &#038; Seniorkonsult<\/p><\/div>\n                <\/div>\n                                    <div class=\"contact-info\">\n                        <a class=\"m-0\" href=\"mailto:madeleine.fahlberg@novare.se\"><span class=\"text-medium\">madeleine.fahlberg@novare.se<\/span><\/a>  \n                        <a class=\"m-0\" href=\"tel:+46 705 31 88 63\"><span class=\"text-medium\">+46 705 31 88 63<\/span><\/a>  \n                    <\/div>\n                  \n            <\/div>\n                \n            <a class=\"m-0 read-more\" href=\"https:\/\/novare.se\/tech\/medarbetare\/madeleine-fahlberg\/\">\n                <span class=\"text-medium\">L\u00e4s mer om Madeleine <\/span><i class=\"arrow fa fa-arrow-right\" aria-hidden=\"true\"><\/i>\n            <\/a>\n        <\/div>\n    <\/div>\n    \n<\/div>\n                                    \n<div class=\"row__col row__col--lg-3 listing-block--item cols-4\" >\n    <div class=\"listing-block--item-inner\">\n                <a class=\"m-0\" href=\"https:\/\/novare.se\/tech\/medarbetare\/mitra-frost\/\">\n            <div class=\"image m-0\">\n                <img loading=\"lazy\" decoding=\"async\" width=\"670\" height=\"480\" src=\"https:\/\/novare.se\/tech\/wp-content\/uploads\/sites\/9\/2024\/04\/Mitra_Frost_Tiny.jpg\" class=\"media-item\" alt=\"Kvinna sitter, b\u00e4r svart kl\u00e4dsel, neutralt beige bakgrund.\" srcset=\"https:\/\/novare.se\/tech\/wp-content\/uploads\/sites\/9\/2024\/04\/Mitra_Frost_Tiny.jpg 670w, https:\/\/novare.se\/tech\/wp-content\/uploads\/sites\/9\/2024\/04\/Mitra_Frost_Tiny-360x258.jpg 360w\" sizes=\"(max-width: 670px) 100vw, 670px\" \/>                <div class=\"overlay\"><\/div>\n                <div class=\"badge text-regular\" style=\"background-color: #f5f2ef; color: #000000;\">Novare Tech<\/div>            <\/div>\n        <\/a>\n        <div class=\"content\">\n            <div class=\"header\">\n                <div class=\"name\">\n                    <a class=\"m-0\" href=\"https:\/\/novare.se\/tech\/medarbetare\/mitra-frost\/\">\n                        <div class=\"title text-medium\"><p>Mitra Frost<\/p><\/div>\n                    <\/a>\n                    <div class=\"pre_title\"><p>Vd och Partner<\/p><\/div>\n                <\/div>\n                                    <div class=\"contact-info\">\n                        <a class=\"m-0\" href=\"mailto:mitra.frost@novare.se\"><span class=\"text-medium\">mitra.frost@novare.se<\/span><\/a>  \n                        <a class=\"m-0\" href=\"tel:+46 736 40 92 39\"><span class=\"text-medium\">+46 736 40 92 39<\/span><\/a>  \n                    <\/div>\n                  \n            <\/div>\n                \n            <a class=\"m-0 read-more\" href=\"https:\/\/novare.se\/tech\/medarbetare\/mitra-frost\/\">\n                <span class=\"text-medium\">L\u00e4s mer om Mitra<\/span><i class=\"arrow fa fa-arrow-right\" aria-hidden=\"true\"><\/i>\n            <\/a>\n        <\/div>\n    <\/div>\n    \n<\/div>\n                                    <\/div>\n\n        <div class=\"row listing-block--pagination\">\n            <div class=\"row__col listing-block--pagination--results\">\n                            <\/div>\n        <\/div>\n    <\/div>\n<\/section>\n","protected":false},"excerpt":{"rendered":"","protected":false},"author":1,"featured_media":0,"parent":0,"menu_order":0,"comment_status":"closed","ping_status":"closed","template":"","meta":{"_acf_changed":false,"_seopress_robots_primary_cat":"","_seopress_titles_title":"Teamet hos Novare Tech - novare.se","_seopress_titles_desc":"V\u00e4lkommen till Novare Tech och hela v\u00e5rt team. Vi finns h\u00e4r f\u00f6r dig, kontakta oss idag!","_seopress_robots_index":"","inline_featured_image":false,"footnotes":""},"class_list":["post-84","page","type-page","status-publish","hentry"],"acf":[],"_links":{"self":[{"href":"https:\/\/novare.se\/tech\/wp-json\/wp\/v2\/pages\/84","targetHints":{"allow":["GET"]}}],"collection":[{"href":"https:\/\/novare.se\/tech\/wp-json\/wp\/v2\/pages"}],"about":[{"href":"https:\/\/novare.se\/tech\/wp-json\/wp\/v2\/types\/page"}],"author":[{"embeddable":true,"href":"https:\/\/novare.se\/tech\/wp-json\/wp\/v2\/users\/1"}],"replies":[{"embeddable":true,"href":"https:\/\/novare.se\/tech\/wp-json\/wp\/v2\/comments?post=84"}],"version-history":[{"count":4,"href":"https:\/\/novare.se\/tech\/wp-json\/wp\/v2\/pages\/84\/revisions"}],"predecessor-version":[{"id":1353,"href":"https:\/\/novare.se\/tech\/wp-json\/wp\/v2\/pages\/84\/revisions\/1353"}],"wp:attachment":[{"href":"https:\/\/novare.se\/tech\/wp-json\/wp\/v2\/media?parent=84"}],"curies":[{"name":"wp","href":"https:\/\/api.w.org\/{rel}","templated":true}]}}