{"id":78,"date":"2024-04-18T07:24:42","date_gmt":"2024-04-18T07:24:42","guid":{"rendered":"https:\/\/novare.se\/tech\/?page_id=78"},"modified":"2025-05-08T11:11:21","modified_gmt":"2025-05-08T11:11:21","slug":"lediga-jobb","status":"publish","type":"page","link":"https:\/\/novare.se\/tech\/lediga-jobb\/","title":{"rendered":"Lediga jobb"},"content":{"rendered":"<section id=\"hero-3-block_fd40fcc512a27096af2a0b4157e774ec\" class=\"block hero-3  m-b no-img \">\n    <div class=\"hero-3--top-section bg-primary\">\n                    <div class=\"bg-backdrop\">\n                <div class=\"bg-backdrop--inner\"><\/div>\n            <\/div>\n                <div class=\"container\">\n            <div class=\"row\">\n                <div class=\"row__col\">\n                    <div class=\"text-img-wrapper\">\n                        <div class=\"text-col\" >\n                                                                \n                                <div class=\"title-wrapper\" >\n                                    <h1 class=\"h1 text-left\">Lediga jobb<\/h1>                                <\/div>\n                                                            \n                            \n                                                            <div class=\"text-wrapper\" >\n                                    <p>H\u00e4r hittar du v\u00e5ra lediga jobb. Vi ser fram emot att h\u00f6ra fr\u00e5n dig!<\/p>\n                                <\/div>\n                                                            \n                                                    <\/div>\n\n                                            <\/div>\n                <\/div>\n            <\/div>\n        <\/div>\n    <\/div>\n            <div class=\"hero-3--bottom-section \"  >\n        <div class=\"breadcrumbs dark-text\">\n\t<div class=\"container\">\n        <div class=\"row\">\n            <div class=\"row__col\">\n                <div class=\"breadcrumbs--inner\">\n                    <ul>\n                                                                                <li>\n                                <a href=\"https:\/\/novare.se\/\" class=\"alt\">\n                                    Novare                                <\/a>\n                            <\/li>\n                            \n\t\t\t                                        <li>\n                                <a href=\"https:\/\/novare.se\/tech\/\" class=\"alt\">\n                                                                            Tech                                                                    <\/a>\n                            <\/li>\n\t\t\t                                    <li><span class=\"alt\">Lediga jobb<\/span><\/li>\n                    <\/ul>\n                <\/div>\n            <\/div>\n        <\/div>\n\t<\/div>\n<\/div>        <\/div>\n    \n    <\/section>\n\n\n<section id=\"1564\" class=\"block job-search-block  m-b bg-default\" rel=\"\">\n    <div class=\"container\">\n        <form class=\"listing-block--filters\" data-url=\"https:\/\/novare.se\/tech\/wp-json\/wp\/v2\/pages\/78\/\">\n            <div class=\"row\">\n                <div class=\"row__col\">\n                    <div class=\"listing-block--filters-inner search\">\n                        <div class=\"filters\">\n                            \n                            <div class=\"select-wrapper filter\" >\n                                <label for=\"city\" class=\"text-medium\">Stad<\/label>\n                                <div class=\"field\">\n                                    <select class=\"js-select-filter\" name=\"city\" id=\"city\">\n                                        <option value=\"\" selected>Alla<\/option>\n                                                                                                                                    <option value=\"Katrineholm\"  >Katrineholm<\/option>\n                                                                                            <option value=\"Link\u00f6ping\"  >Link\u00f6ping<\/option>\n                                                                                            <option value=\"Stockholm\"  >Stockholm<\/option>\n                                                                                                                        <\/select>\n                                <\/div>\n                            <\/div>\n                        <\/div>\n\n                        <div class=\"filters--end\" >\n                            <div class=\"input-wrapper\">\n                                <div class=\"field\">\n                                    <input class=\"js-search-field\" type=\"search\" name=\"search\" placeholder=\"S\u00f6k\" value=\"\">\n                                <\/div>\n                            <\/div>\n                        <\/div>\n                    <\/div>\n                <\/div>\n            <\/div>\n\n            <input type=\"hidden\" name=\"posts_per_page\" value=\"12\">\n            <input type=\"hidden\" name=\"page_no\" value=\"1\">\n            <input type=\"hidden\" name=\"selected_city\" value=\"\">\n            <input type=\"hidden\" name=\"selected_company\" value=\"\">\n        <\/form>\n\n        <div class=\"row listing-block--results\">\n                                                \n<div class=\"row__col row__col--lg-4 listing-block--item cols-3\" >\n    <div class=\"listing-block--item-inner\">\n        <a class=\"m-0\" href=\"https:\/\/novare.se\/tech\/jobb\/konfidentiellt-ai-roll-11908\/\">\n            <div class=\"image m-0 \" data-image-width=\"0\" data-image-height=\"0\" data-aspect-ratio-diff=\"0\">\n                <img loading=\"lazy\" decoding=\"async\" width=\"768\" height=\"410\" src=\"https:\/\/novare.se\/tech\/wp-content\/uploads\/sites\/9\/2026\/02\/novare-tech-768x410.png\" class=\"media-item contain\" alt=\"\" srcset=\"https:\/\/novare.se\/tech\/wp-content\/uploads\/sites\/9\/2026\/02\/novare-tech-768x410.png 768w, https:\/\/novare.se\/tech\/wp-content\/uploads\/sites\/9\/2026\/02\/novare-tech-360x192.png 360w, https:\/\/novare.se\/tech\/wp-content\/uploads\/sites\/9\/2026\/02\/novare-tech-1024x547.png 1024w, https:\/\/novare.se\/tech\/wp-content\/uploads\/sites\/9\/2026\/02\/novare-tech.png 1436w\" sizes=\"(max-width: 768px) 100vw, 768px\" \/>                <div class=\"overlay\"><\/div>\n                <div class=\"badge text-regular\" style=\"background-color: #f5f2ef; color: #000000;\">Novare Tech<\/div>            <\/div>\n        <\/a>\n        <div class=\"content\">\n            <div class=\"header\">\n                <div class=\"name\">\n                    <a class=\"m-0\" href=\"https:\/\/novare.se\/tech\/jobb\/konfidentiellt-ai-roll-11908\/\">\n                        <div class=\"title text-medium\"><p>AI-Specialist<\/p><\/div>\n                    <\/a>\n                    <div class=\"pre_title\"><p><\/p><\/div>\n                <\/div>\n            <\/div>\n\n            <div class=\"intro\">\n                <p><\/p>\n            <\/div>\n                \n            <a class=\"read-more\" href=\"https:\/\/novare.se\/tech\/jobb\/konfidentiellt-ai-roll-11908\/\">\n                <span class=\"text-medium\">Ans\u00f6k h\u00e4r<\/span><i class=\"arrow fa fa-arrow-right\" aria-hidden=\"true\"><\/i>\n            <\/a>\n        <\/div>\n    <\/div>\n<\/div>\n                                    \n<div class=\"row__col row__col--lg-4 listing-block--item cols-3\" >\n    <div class=\"listing-block--item-inner\">\n        <a class=\"m-0\" href=\"https:\/\/novare.se\/tech\/jobb\/backend-development-manager-71059\/\">\n            <div class=\"image m-0 \" data-image-width=\"0\" data-image-height=\"0\" data-aspect-ratio-diff=\"0\">\n                <img loading=\"lazy\" decoding=\"async\" width=\"310\" height=\"162\" src=\"https:\/\/novare.se\/tech\/wp-content\/uploads\/sites\/9\/2026\/02\/hacksaw.png\" class=\"media-item contain\" alt=\"\" \/>                <div class=\"overlay\"><\/div>\n                <div class=\"badge text-regular\" style=\"background-color: #f5f2ef; color: #000000;\">Novare Tech<\/div>            <\/div>\n        <\/a>\n        <div class=\"content\">\n            <div class=\"header\">\n                <div class=\"name\">\n                    <a class=\"m-0\" href=\"https:\/\/novare.se\/tech\/jobb\/backend-development-manager-71059\/\">\n                        <div class=\"title text-medium\"><p>Backend Development Manager<\/p><\/div>\n                    <\/a>\n                    <div class=\"pre_title\"><p>Stockholm<\/p><\/div>\n                <\/div>\n            <\/div>\n\n            <div class=\"intro\">\n                <p><\/p>\n            <\/div>\n                \n            <a class=\"read-more\" href=\"https:\/\/novare.se\/tech\/jobb\/backend-development-manager-71059\/\">\n                <span class=\"text-medium\">Ans\u00f6k h\u00e4r<\/span><i class=\"arrow fa fa-arrow-right\" aria-hidden=\"true\"><\/i>\n            <\/a>\n        <\/div>\n    <\/div>\n<\/div>\n                                    \n<div class=\"row__col row__col--lg-4 listing-block--item cols-3\" >\n    <div class=\"listing-block--item-inner\">\n        <a class=\"m-0\" href=\"https:\/\/novare.se\/tech\/jobb\/marknadsansvarig-68264\/\">\n            <div class=\"image m-0 \" data-image-width=\"0\" data-image-height=\"0\" data-aspect-ratio-diff=\"0\">\n                <img loading=\"lazy\" decoding=\"async\" width=\"320\" height=\"117\" src=\"https:\/\/novare.se\/tech\/wp-content\/uploads\/sites\/9\/2025\/03\/mygizmo.png\" class=\"media-item contain\" alt=\"\" \/>                <div class=\"overlay\"><\/div>\n                <div class=\"badge text-regular\" style=\"background-color: #f5f2ef; color: #000000;\">Novare Tech<\/div>            <\/div>\n        <\/a>\n        <div class=\"content\">\n            <div class=\"header\">\n                <div class=\"name\">\n                    <a class=\"m-0\" href=\"https:\/\/novare.se\/tech\/jobb\/marknadsansvarig-68264\/\">\n                        <div class=\"title text-medium\"><p>Marknadsansvarig<\/p><\/div>\n                    <\/a>\n                    <div class=\"pre_title\"><p>Katrineholm<\/p><\/div>\n                <\/div>\n            <\/div>\n\n            <div class=\"intro\">\n                <p><\/p>\n            <\/div>\n                \n            <a class=\"read-more\" href=\"https:\/\/novare.se\/tech\/jobb\/marknadsansvarig-68264\/\">\n                <span class=\"text-medium\">Ans\u00f6k h\u00e4r<\/span><i class=\"arrow fa fa-arrow-right\" aria-hidden=\"true\"><\/i>\n            <\/a>\n        <\/div>\n    <\/div>\n<\/div>\n                                    \n<div class=\"row__col row__col--lg-4 listing-block--item cols-3\" >\n    <div class=\"listing-block--item-inner\">\n        <a class=\"m-0\" href=\"https:\/\/novare.se\/tech\/jobb\/systemansvarig-14770\/\">\n            <div class=\"image m-0 \" data-image-width=\"0\" data-image-height=\"0\" data-aspect-ratio-diff=\"0\">\n                <img loading=\"lazy\" decoding=\"async\" width=\"416\" height=\"121\" src=\"https:\/\/novare.se\/tech\/wp-content\/uploads\/sites\/9\/2025\/04\/ciko.png\" class=\"media-item contain\" alt=\"\" srcset=\"https:\/\/novare.se\/tech\/wp-content\/uploads\/sites\/9\/2025\/04\/ciko.png 416w, https:\/\/novare.se\/tech\/wp-content\/uploads\/sites\/9\/2025\/04\/ciko-360x105.png 360w\" sizes=\"(max-width: 416px) 100vw, 416px\" \/>                <div class=\"overlay\"><\/div>\n                <div class=\"badge text-regular\" style=\"background-color: #f5f2ef; color: #000000;\">Novare Tech<\/div>            <\/div>\n        <\/a>\n        <div class=\"content\">\n            <div class=\"header\">\n                <div class=\"name\">\n                    <a class=\"m-0\" href=\"https:\/\/novare.se\/tech\/jobb\/systemansvarig-14770\/\">\n                        <div class=\"title text-medium\"><p>Systemansvarig<\/p><\/div>\n                    <\/a>\n                    <div class=\"pre_title\"><p>Stockholm<\/p><\/div>\n                <\/div>\n            <\/div>\n\n            <div class=\"intro\">\n                <p><\/p>\n            <\/div>\n                \n            <a class=\"read-more\" href=\"https:\/\/novare.se\/tech\/jobb\/systemansvarig-14770\/\">\n                <span class=\"text-medium\">Ans\u00f6k h\u00e4r<\/span><i class=\"arrow fa fa-arrow-right\" aria-hidden=\"true\"><\/i>\n            <\/a>\n        <\/div>\n    <\/div>\n<\/div>\n                                    \n<div class=\"row__col row__col--lg-4 listing-block--item cols-3\" >\n    <div class=\"listing-block--item-inner\">\n        <a class=\"m-0\" href=\"https:\/\/novare.se\/tech\/jobb\/2d-animator-game-development-81034\/\">\n            <div class=\"image m-0 \" data-image-width=\"0\" data-image-height=\"0\" data-aspect-ratio-diff=\"0\">\n                <img loading=\"lazy\" decoding=\"async\" width=\"310\" height=\"162\" src=\"https:\/\/novare.se\/tech\/wp-content\/uploads\/sites\/9\/2026\/02\/hacksaw.png\" class=\"media-item contain\" alt=\"\" \/>                <div class=\"overlay\"><\/div>\n                <div class=\"badge text-regular\" style=\"background-color: #f5f2ef; color: #000000;\">Novare Tech<\/div>            <\/div>\n        <\/a>\n        <div class=\"content\">\n            <div class=\"header\">\n                <div class=\"name\">\n                    <a class=\"m-0\" href=\"https:\/\/novare.se\/tech\/jobb\/2d-animator-game-development-81034\/\">\n                        <div class=\"title text-medium\"><p>2D Animator &#8211; Game Development<\/p><\/div>\n                    <\/a>\n                    <div class=\"pre_title\"><p>Stockholm<\/p><\/div>\n                <\/div>\n            <\/div>\n\n            <div class=\"intro\">\n                <p><\/p>\n            <\/div>\n                \n            <a class=\"read-more\" href=\"https:\/\/novare.se\/tech\/jobb\/2d-animator-game-development-81034\/\">\n                <span class=\"text-medium\">Ans\u00f6k h\u00e4r<\/span><i class=\"arrow fa fa-arrow-right\" aria-hidden=\"true\"><\/i>\n            <\/a>\n        <\/div>\n    <\/div>\n<\/div>\n                                    \n<div class=\"row__col row__col--lg-4 listing-block--item cols-3\" >\n    <div class=\"listing-block--item-inner\">\n        <a class=\"m-0\" href=\"https:\/\/novare.se\/tech\/jobb\/spontanansokningar-85551\/\">\n            <div class=\"image m-0 \" data-image-width=\"0\" data-image-height=\"0\" data-aspect-ratio-diff=\"0\">\n                <img loading=\"lazy\" decoding=\"async\" width=\"768\" height=\"410\" src=\"https:\/\/novare.se\/tech\/wp-content\/uploads\/sites\/9\/2026\/02\/novare-tech-768x410.png\" class=\"media-item contain\" alt=\"\" srcset=\"https:\/\/novare.se\/tech\/wp-content\/uploads\/sites\/9\/2026\/02\/novare-tech-768x410.png 768w, https:\/\/novare.se\/tech\/wp-content\/uploads\/sites\/9\/2026\/02\/novare-tech-360x192.png 360w, https:\/\/novare.se\/tech\/wp-content\/uploads\/sites\/9\/2026\/02\/novare-tech-1024x547.png 1024w, https:\/\/novare.se\/tech\/wp-content\/uploads\/sites\/9\/2026\/02\/novare-tech.png 1436w\" sizes=\"(max-width: 768px) 100vw, 768px\" \/>                <div class=\"overlay\"><\/div>\n                <div class=\"badge text-regular\" style=\"background-color: #f5f2ef; color: #000000;\">Novare Tech<\/div>            <\/div>\n        <\/a>\n        <div class=\"content\">\n            <div class=\"header\">\n                <div class=\"name\">\n                    <a class=\"m-0\" href=\"https:\/\/novare.se\/tech\/jobb\/spontanansokningar-85551\/\">\n                        <div class=\"title text-medium\"><p>Spontanans\u00f6kningar<\/p><\/div>\n                    <\/a>\n                    <div class=\"pre_title\"><p><\/p><\/div>\n                <\/div>\n            <\/div>\n\n            <div class=\"intro\">\n                <p><\/p>\n            <\/div>\n                \n            <a class=\"read-more\" href=\"https:\/\/novare.se\/tech\/jobb\/spontanansokningar-85551\/\">\n                <span class=\"text-medium\">Ans\u00f6k h\u00e4r<\/span><i class=\"arrow fa fa-arrow-right\" aria-hidden=\"true\"><\/i>\n            <\/a>\n        <\/div>\n    <\/div>\n<\/div>\n                                    \n<div class=\"row__col row__col--lg-4 listing-block--item cols-3\" >\n    <div class=\"listing-block--item-inner\">\n        <a class=\"m-0\" href=\"https:\/\/novare.se\/tech\/jobb\/data-engineer-45901\/\">\n            <div class=\"image m-0 \" data-image-width=\"0\" data-image-height=\"0\" data-aspect-ratio-diff=\"0\">\n                <img loading=\"lazy\" decoding=\"async\" width=\"497\" height=\"138\" src=\"https:\/\/novare.se\/tech\/wp-content\/uploads\/sites\/9\/2025\/10\/remasawco.png\" class=\"media-item contain\" alt=\"\" srcset=\"https:\/\/novare.se\/tech\/wp-content\/uploads\/sites\/9\/2025\/10\/remasawco.png 497w, https:\/\/novare.se\/tech\/wp-content\/uploads\/sites\/9\/2025\/10\/remasawco-360x100.png 360w\" sizes=\"(max-width: 497px) 100vw, 497px\" \/>                <div class=\"overlay\"><\/div>\n                <div class=\"badge text-regular\" style=\"background-color: #f5f2ef; color: #000000;\">Novare Tech<\/div>            <\/div>\n        <\/a>\n        <div class=\"content\">\n            <div class=\"header\">\n                <div class=\"name\">\n                    <a class=\"m-0\" href=\"https:\/\/novare.se\/tech\/jobb\/data-engineer-45901\/\">\n                        <div class=\"title text-medium\"><p>Data Engineer<\/p><\/div>\n                    <\/a>\n                    <div class=\"pre_title\"><p>Link\u00f6ping<\/p><\/div>\n                <\/div>\n            <\/div>\n\n            <div class=\"intro\">\n                <p><\/p>\n            <\/div>\n                \n            <a class=\"read-more\" href=\"https:\/\/novare.se\/tech\/jobb\/data-engineer-45901\/\">\n                <span class=\"text-medium\">Ans\u00f6k h\u00e4r<\/span><i class=\"arrow fa fa-arrow-right\" aria-hidden=\"true\"><\/i>\n            <\/a>\n        <\/div>\n    <\/div>\n<\/div>\n                                    <\/div>\n\n        <div class=\"row listing-block--pagination\">\n            <div class=\"row__col listing-block--pagination--results\">\n                            <\/div>\n        <\/div>\n    <\/div>\n<\/section>\n","protected":false},"excerpt":{"rendered":"","protected":false},"author":1,"featured_media":0,"parent":0,"menu_order":0,"comment_status":"closed","ping_status":"closed","template":"","meta":{"_acf_changed":false,"_seopress_robots_primary_cat":"","_seopress_titles_title":"Lediga jobb i Stockholm - novare.se","_seopress_titles_desc":"Uppt\u00e4ck lediga jobb i Stockholm hos Novare. S\u00f6k roller som administrat\u00f6r, dataskyddsjurist eller polisutbildningschef. Ans\u00f6k nu!","_seopress_robots_index":"","inline_featured_image":false,"footnotes":""},"class_list":["post-78","page","type-page","status-publish","hentry"],"acf":[],"_links":{"self":[{"href":"https:\/\/novare.se\/tech\/wp-json\/wp\/v2\/pages\/78","targetHints":{"allow":["GET"]}}],"collection":[{"href":"https:\/\/novare.se\/tech\/wp-json\/wp\/v2\/pages"}],"about":[{"href":"https:\/\/novare.se\/tech\/wp-json\/wp\/v2\/types\/page"}],"author":[{"embeddable":true,"href":"https:\/\/novare.se\/tech\/wp-json\/wp\/v2\/users\/1"}],"replies":[{"embeddable":true,"href":"https:\/\/novare.se\/tech\/wp-json\/wp\/v2\/comments?post=78"}],"version-history":[{"count":7,"href":"https:\/\/novare.se\/tech\/wp-json\/wp\/v2\/pages\/78\/revisions"}],"predecessor-version":[{"id":1494,"href":"https:\/\/novare.se\/tech\/wp-json\/wp\/v2\/pages\/78\/revisions\/1494"}],"wp:attachment":[{"href":"https:\/\/novare.se\/tech\/wp-json\/wp\/v2\/media?parent=78"}],"curies":[{"name":"wp","href":"https:\/\/api.w.org\/{rel}","templated":true}]}}