{"id":78,"date":"2024-04-18T07:24:42","date_gmt":"2024-04-18T07:24:42","guid":{"rendered":"https:\/\/novare.se\/public\/?page_id=78"},"modified":"2025-05-08T11:10:43","modified_gmt":"2025-05-08T11:10:43","slug":"lediga-jobb","status":"publish","type":"page","link":"https:\/\/novare.se\/public\/lediga-jobb\/","title":{"rendered":"Lediga jobb"},"content":{"rendered":"<section id=\"hero-3-block_fd40fcc512a27096af2a0b4157e774ec\" class=\"block hero-3  m-b no-img \">\n    <div class=\"hero-3--top-section bg-primary\">\n                    <div class=\"bg-backdrop\">\n                <div class=\"bg-backdrop--inner\"><\/div>\n            <\/div>\n                <div class=\"container\">\n            <div class=\"row\">\n                <div class=\"row__col\">\n                    <div class=\"text-img-wrapper\">\n                        <div class=\"text-col\" >\n                                                                \n                                <div class=\"title-wrapper\" >\n                                    <h1 class=\"h1 text-left\">Lediga jobb<\/h1>                                <\/div>\n                                                            \n                            \n                                                            <div class=\"text-wrapper\" >\n                                    <p>H\u00e4r hittar du v\u00e5ra lediga jobb. Vi ser fram emot att h\u00f6ra fr\u00e5n dig!<\/p>\n                                <\/div>\n                                                            \n                                                    <\/div>\n\n                                            <\/div>\n                <\/div>\n            <\/div>\n        <\/div>\n    <\/div>\n            <div class=\"hero-3--bottom-section \"  >\n        <div class=\"breadcrumbs dark-text\">\n\t<div class=\"container\">\n        <div class=\"row\">\n            <div class=\"row__col\">\n                <div class=\"breadcrumbs--inner\">\n                    <ul>\n                                                                                <li>\n                                <a href=\"https:\/\/novare.se\/\" class=\"alt\">\n                                    Novare                                <\/a>\n                            <\/li>\n                            \n\t\t\t                                        <li>\n                                <a href=\"https:\/\/novare.se\/public\/\" class=\"alt\">\n                                                                            Novare Public                                                                    <\/a>\n                            <\/li>\n\t\t\t                                    <li><span class=\"alt\">Lediga jobb<\/span><\/li>\n                    <\/ul>\n                <\/div>\n            <\/div>\n        <\/div>\n\t<\/div>\n<\/div>        <\/div>\n    \n    <\/section>\n\n\n<section id=\"1590\" class=\"block job-search-block  m-b bg-default\" rel=\"\">\n    <div class=\"container\">\n        <form class=\"listing-block--filters\" data-url=\"https:\/\/novare.se\/public\/wp-json\/wp\/v2\/pages\/78\/\">\n            <div class=\"row\">\n                <div class=\"row__col\">\n                    <div class=\"listing-block--filters-inner search\">\n                        <div class=\"filters\">\n                            \n                            <div class=\"select-wrapper filter\" >\n                                <label for=\"city\" class=\"text-medium\">Stad<\/label>\n                                <div class=\"field\">\n                                    <select class=\"js-select-filter\" name=\"city\" id=\"city\">\n                                        <option value=\"\" selected>Alla<\/option>\n                                                                                                                                    <option value=\"Stockholm\"  >Stockholm<\/option>\n                                                                                                                        <\/select>\n                                <\/div>\n                            <\/div>\n                        <\/div>\n\n                        <div class=\"filters--end\" >\n                            <div class=\"input-wrapper\">\n                                <div class=\"field\">\n                                    <input class=\"js-search-field\" type=\"search\" name=\"search\" placeholder=\"S\u00f6k\" value=\"\">\n                                <\/div>\n                            <\/div>\n                        <\/div>\n                    <\/div>\n                <\/div>\n            <\/div>\n\n            <input type=\"hidden\" name=\"posts_per_page\" value=\"12\">\n            <input type=\"hidden\" name=\"page_no\" value=\"1\">\n            <input type=\"hidden\" name=\"selected_city\" value=\"\">\n            <input type=\"hidden\" name=\"selected_company\" value=\"\">\n        <\/form>\n\n        <div class=\"row listing-block--results\">\n                                                \n<div class=\"row__col row__col--lg-4 listing-block--item cols-3\" >\n    <div class=\"listing-block--item-inner\">\n        <a class=\"m-0\" href=\"https:\/\/novare.se\/public\/jobb\/strategisk-kommunikator-med-inriktning-grafisk-produktion-moten-och-event\/\">\n            <div class=\"image m-0 \" data-image-width=\"0\" data-image-height=\"0\" data-aspect-ratio-diff=\"0\">\n                <img loading=\"lazy\" decoding=\"async\" width=\"768\" height=\"402\" src=\"https:\/\/novare.se\/public\/wp-content\/uploads\/sites\/6\/2026\/04\/ej4f84wuxk-0-novare20_1600x800-768x402.jpeg\" class=\"media-item contain\" alt=\"\" srcset=\"https:\/\/novare.se\/public\/wp-content\/uploads\/sites\/6\/2026\/04\/ej4f84wuxk-0-novare20_1600x800-768x402.jpeg 768w, https:\/\/novare.se\/public\/wp-content\/uploads\/sites\/6\/2026\/04\/ej4f84wuxk-0-novare20_1600x800-360x188.jpeg 360w, https:\/\/novare.se\/public\/wp-content\/uploads\/sites\/6\/2026\/04\/ej4f84wuxk-0-novare20_1600x800-1024x536.jpeg 1024w, https:\/\/novare.se\/public\/wp-content\/uploads\/sites\/6\/2026\/04\/ej4f84wuxk-0-novare20_1600x800.jpeg 1528w\" sizes=\"(max-width: 768px) 100vw, 768px\" \/>                <div class=\"overlay\"><\/div>\n                <div class=\"badge text-regular\" style=\"background-color: #f5f2ef; color: #000000;\">Novare Public<\/div>            <\/div>\n        <\/a>\n        <div class=\"content\">\n            <div class=\"header\">\n                <div class=\"name\">\n                    <a class=\"m-0\" href=\"https:\/\/novare.se\/public\/jobb\/strategisk-kommunikator-med-inriktning-grafisk-produktion-moten-och-event\/\">\n                        <div class=\"title text-medium\"><p>Strategisk kommunikat\u00f6r med inriktning grafisk produktion, m\u00f6ten och event<\/p><\/div>\n                    <\/a>\n                    <div class=\"pre_title\"><p>Stockholm<\/p><\/div>\n                <\/div>\n            <\/div>\n\n            <div class=\"intro\">\n                <p><\/p>\n            <\/div>\n                \n            <a class=\"read-more\" href=\"https:\/\/novare.se\/public\/jobb\/strategisk-kommunikator-med-inriktning-grafisk-produktion-moten-och-event\/\">\n                <span class=\"text-medium\">Ans\u00f6k h\u00e4r<\/span><i class=\"arrow fa fa-arrow-right\" aria-hidden=\"true\"><\/i>\n            <\/a>\n        <\/div>\n    <\/div>\n<\/div>\n                                    \n<div class=\"row__col row__col--lg-4 listing-block--item cols-3\" >\n    <div class=\"listing-block--item-inner\">\n        <a class=\"m-0\" href=\"https:\/\/novare.se\/public\/jobb\/chef-for-applikationsutveckling-och-forvaltning\/\">\n            <div class=\"image m-0 \" data-image-width=\"0\" data-image-height=\"0\" data-aspect-ratio-diff=\"0\">\n                <img loading=\"lazy\" decoding=\"async\" width=\"768\" height=\"402\" src=\"https:\/\/novare.se\/public\/wp-content\/uploads\/sites\/6\/2026\/03\/dz5lmaz5g89-0-novare_sararossiphotography-47-768x402.jpeg\" class=\"media-item contain\" alt=\"\" srcset=\"https:\/\/novare.se\/public\/wp-content\/uploads\/sites\/6\/2026\/03\/dz5lmaz5g89-0-novare_sararossiphotography-47-768x402.jpeg 768w, https:\/\/novare.se\/public\/wp-content\/uploads\/sites\/6\/2026\/03\/dz5lmaz5g89-0-novare_sararossiphotography-47-360x188.jpeg 360w, https:\/\/novare.se\/public\/wp-content\/uploads\/sites\/6\/2026\/03\/dz5lmaz5g89-0-novare_sararossiphotography-47.jpeg 1024w\" sizes=\"(max-width: 768px) 100vw, 768px\" \/>                <div class=\"overlay\"><\/div>\n                <div class=\"badge text-regular\" style=\"background-color: #f5f2ef; color: #000000;\">Novare Public<\/div>            <\/div>\n        <\/a>\n        <div class=\"content\">\n            <div class=\"header\">\n                <div class=\"name\">\n                    <a class=\"m-0\" href=\"https:\/\/novare.se\/public\/jobb\/chef-for-applikationsutveckling-och-forvaltning\/\">\n                        <div class=\"title text-medium\"><p>Chef f\u00f6r Applikationsutveckling och f\u00f6rvaltning<\/p><\/div>\n                    <\/a>\n                    <div class=\"pre_title\"><p>Stockholm<\/p><\/div>\n                <\/div>\n            <\/div>\n\n            <div class=\"intro\">\n                <p><\/p>\n            <\/div>\n                \n            <a class=\"read-more\" href=\"https:\/\/novare.se\/public\/jobb\/chef-for-applikationsutveckling-och-forvaltning\/\">\n                <span class=\"text-medium\">Ans\u00f6k h\u00e4r<\/span><i class=\"arrow fa fa-arrow-right\" aria-hidden=\"true\"><\/i>\n            <\/a>\n        <\/div>\n    <\/div>\n<\/div>\n                                    \n<div class=\"row__col row__col--lg-4 listing-block--item cols-3\" >\n    <div class=\"listing-block--item-inner\">\n        <a class=\"m-0\" href=\"https:\/\/novare.se\/public\/jobb\/kanslichef-till-lansstyrelsen-i-ostergotlands-lan\/\">\n            <div class=\"image m-0 \" data-image-width=\"0\" data-image-height=\"0\" data-aspect-ratio-diff=\"0\">\n                <img loading=\"lazy\" decoding=\"async\" width=\"768\" height=\"402\" src=\"https:\/\/novare.se\/public\/wp-content\/uploads\/sites\/6\/2026\/03\/zfxzbsusok-0-tre-personer-vdar-sitter-p-bnk-_-pratar-768x402.jpeg\" class=\"media-item contain\" alt=\"\" srcset=\"https:\/\/novare.se\/public\/wp-content\/uploads\/sites\/6\/2026\/03\/zfxzbsusok-0-tre-personer-vdar-sitter-p-bnk-_-pratar-768x402.jpeg 768w, https:\/\/novare.se\/public\/wp-content\/uploads\/sites\/6\/2026\/03\/zfxzbsusok-0-tre-personer-vdar-sitter-p-bnk-_-pratar-360x188.jpeg 360w, https:\/\/novare.se\/public\/wp-content\/uploads\/sites\/6\/2026\/03\/zfxzbsusok-0-tre-personer-vdar-sitter-p-bnk-_-pratar.jpeg 1024w\" sizes=\"(max-width: 768px) 100vw, 768px\" \/>                <div class=\"overlay\"><\/div>\n                <div class=\"badge text-regular\" style=\"background-color: #f5f2ef; color: #000000;\">Novare Public<\/div>            <\/div>\n        <\/a>\n        <div class=\"content\">\n            <div class=\"header\">\n                <div class=\"name\">\n                    <a class=\"m-0\" href=\"https:\/\/novare.se\/public\/jobb\/kanslichef-till-lansstyrelsen-i-ostergotlands-lan\/\">\n                        <div class=\"title text-medium\"><p>Kanslichef till L\u00e4nsstyrelsen i \u00d6sterg\u00f6tlands l\u00e4n<\/p><\/div>\n                    <\/a>\n                    <div class=\"pre_title\"><p>Stockholm<\/p><\/div>\n                <\/div>\n            <\/div>\n\n            <div class=\"intro\">\n                <p><\/p>\n            <\/div>\n                \n            <a class=\"read-more\" href=\"https:\/\/novare.se\/public\/jobb\/kanslichef-till-lansstyrelsen-i-ostergotlands-lan\/\">\n                <span class=\"text-medium\">Ans\u00f6k h\u00e4r<\/span><i class=\"arrow fa fa-arrow-right\" aria-hidden=\"true\"><\/i>\n            <\/a>\n        <\/div>\n    <\/div>\n<\/div>\n                                    <\/div>\n\n        <div class=\"row listing-block--pagination\">\n            <div class=\"row__col listing-block--pagination--results\">\n                            <\/div>\n        <\/div>\n    <\/div>\n<\/section>\n","protected":false},"excerpt":{"rendered":"","protected":false},"author":1,"featured_media":0,"parent":0,"menu_order":0,"comment_status":"closed","ping_status":"closed","template":"","meta":{"_acf_changed":false,"_seopress_robots_primary_cat":"","_seopress_titles_title":"Lediga jobb i Stockholm - novare.se","_seopress_titles_desc":"Uppt\u00e4ck lediga jobb i Stockholm hos Novare. S\u00f6k roller som administrat\u00f6r, dataskyddsjurist eller polisutbildningschef. Ans\u00f6k nu!","_seopress_robots_index":"","inline_featured_image":false,"footnotes":""},"class_list":["post-78","page","type-page","status-publish","hentry"],"acf":[],"_links":{"self":[{"href":"https:\/\/novare.se\/public\/wp-json\/wp\/v2\/pages\/78","targetHints":{"allow":["GET"]}}],"collection":[{"href":"https:\/\/novare.se\/public\/wp-json\/wp\/v2\/pages"}],"about":[{"href":"https:\/\/novare.se\/public\/wp-json\/wp\/v2\/types\/page"}],"author":[{"embeddable":true,"href":"https:\/\/novare.se\/public\/wp-json\/wp\/v2\/users\/1"}],"replies":[{"embeddable":true,"href":"https:\/\/novare.se\/public\/wp-json\/wp\/v2\/comments?post=78"}],"version-history":[{"count":7,"href":"https:\/\/novare.se\/public\/wp-json\/wp\/v2\/pages\/78\/revisions"}],"predecessor-version":[{"id":1267,"href":"https:\/\/novare.se\/public\/wp-json\/wp\/v2\/pages\/78\/revisions\/1267"}],"wp:attachment":[{"href":"https:\/\/novare.se\/public\/wp-json\/wp\/v2\/media?parent=78"}],"curies":[{"name":"wp","href":"https:\/\/api.w.org\/{rel}","templated":true}]}}