{"id":310,"date":"2024-05-21T15:31:52","date_gmt":"2024-05-21T15:31:52","guid":{"rendered":"https:\/\/novare.se\/public\/?page_id=310"},"modified":"2026-02-03T17:25:18","modified_gmt":"2026-02-03T17:25:18","slug":"rekryteringsprocesser","status":"publish","type":"page","link":"https:\/\/novare.se\/public\/rekryteringsprocesser\/","title":{"rendered":"Rekryteringsprocesser"},"content":{"rendered":"<section id=\"hero-3-block_c1c14099ee6f5f44c2dea3353f43334c\" class=\"block hero-3  m-b \">\n    <div class=\"hero-3--top-section bg-primary\">\n                    <div class=\"bg-backdrop\">\n                <div class=\"bg-backdrop--inner\"><\/div>\n            <\/div>\n                <div class=\"container\">\n            <div class=\"row\">\n                <div class=\"row__col\">\n                    <div class=\"text-img-wrapper\">\n                        <div class=\"text-col\" >\n                                                                \n                                <div class=\"title-wrapper\" >\n                                    <h1 class=\"h2 text-left\">V\u00e5r <strong><i>process<\/i><\/strong><\/h1>                                <\/div>\n                                                            \n                            \n                                                            <div class=\"text-wrapper\" >\n                                    <p>V\u00e5ra rekryteringsprocesser \u00e4r kvalitetss\u00e4krade, vilar p\u00e5 en vetenskaplig grund och skr\u00e4ddarsys efter v\u00e5r uppdragsgivare.<\/p>\n<p>&nbsp;<\/p>\n                                <\/div>\n                                                            \n                                                            <div class='btn-wrapper'><div class=\"btn-element\" ><a class=\"btn btn--white\" href=\"https:\/\/novare.se\/public\/kontakta-oss\/\"target=\"_self\">Kontakta oss<\/a><\/div><\/div>    \n                                                    <\/div>\n\n                                                    <div class=\"664 HEROTHREEIMG img-col \"   >\n                            <img loading=\"lazy\" decoding=\"async\" width=\"1024\" height=\"819\" src=\"https:\/\/novare.se\/public\/wp-content\/uploads\/sites\/6\/2024\/06\/Novare_sma14_webb-1024x819.jpg\" class=\"attachment-large size-large\" alt=\"Man och kvinna samtalar p\u00e5 soffa, omgiven av v\u00e4xter.\" srcset=\"https:\/\/novare.se\/public\/wp-content\/uploads\/sites\/6\/2024\/06\/Novare_sma14_webb-1024x819.jpg 1024w, https:\/\/novare.se\/public\/wp-content\/uploads\/sites\/6\/2024\/06\/Novare_sma14_webb-360x288.jpg 360w, https:\/\/novare.se\/public\/wp-content\/uploads\/sites\/6\/2024\/06\/Novare_sma14_webb-768x614.jpg 768w, https:\/\/novare.se\/public\/wp-content\/uploads\/sites\/6\/2024\/06\/Novare_sma14_webb.jpg 1500w\" sizes=\"(max-width: 1024px) 100vw, 1024px\" \/>                                \n                            <\/div>\n                                            <\/div>\n                <\/div>\n            <\/div>\n        <\/div>\n    <\/div>\n            <div class=\"hero-3--bottom-section \"  >\n        <div class=\"breadcrumbs dark-text\">\n\t<div class=\"container\">\n        <div class=\"row\">\n            <div class=\"row__col\">\n                <div class=\"breadcrumbs--inner\">\n                    <ul>\n                                                                                <li>\n                                <a href=\"https:\/\/novare.se\/\" class=\"alt\">\n                                    Novare                                <\/a>\n                            <\/li>\n                            \n\t\t\t                                        <li>\n                                <a href=\"https:\/\/novare.se\/public\/\" class=\"alt\">\n                                                                            Novare Public                                                                    <\/a>\n                            <\/li>\n\t\t\t                                    <li><span class=\"alt\">Rekryteringsprocesser<\/span><\/li>\n                    <\/ul>\n                <\/div>\n            <\/div>\n        <\/div>\n\t<\/div>\n<\/div>        <\/div>\n    \n    <\/section>\n\n\n<section id=\"one-column-text-block-block_2a6ee6f867c1b5f1cae78149f086f8be\" class=\"block one-column-text-block  m-b bg-default\">\n    <div class=\"container\">\n        <div class=\"row row--middle\">\n                            <div class=\"row__col row__col--lg-8\">\n                    <div class=\"title-wrapper\" data-aos-anchor='#one-column-text-block-block_2a6ee6f867c1b5f1cae78149f086f8be'data-aos='fade-up'data-aos-easing='ease-in-out-sine'data-aos-duration='500'data-aos-delay='0'data-aos-once='true'data-aos-offset='250' >\n                        <h3 class=\"h4 m-0 text-left\">En partner genom hela <strong><i>rekryteringsprocessen<\/i><\/strong><\/h3>                    <\/div>\n                <\/div>\n                            \n                            <div class=\"row__col row__col--lg-8\" data-aos-anchor='#one-column-text-block-block_2a6ee6f867c1b5f1cae78149f086f8be'data-aos='fade-up'data-aos-easing='ease-in-out-sine'data-aos-duration='500'data-aos-delay='250'data-aos-once='true'data-aos-offset='250'>\n                    <p class=\"preamble m-0\">Organisationer har olika behov \u2013 ibland kr\u00e4vs st\u00f6d genom hela processen, ibland i utvalda delar. Oavsett omfattning agerar vi som ambassad\u00f6rer f\u00f6r v\u00e5ra uppdragsgivare och erbjuder ett r\u00e5dgivande, konsultativt st\u00f6d.<\/p>                <\/div>\n            \n                            <div class=\"row__col row__col--lg-8\" data-aos-anchor='#one-column-text-block-block_2a6ee6f867c1b5f1cae78149f086f8be'data-aos='fade-up'data-aos-easing='ease-in-out-sine'data-aos-duration='500'data-aos-delay='250'data-aos-once='true'data-aos-offset='250'>\n                    <div class=\"text-wrapper editor-content\">\n                        <p>V\u00e5rt m\u00e5l \u00e4r att rekrytera de mest l\u00e4mpade och kompetenta cheferna, specialisterna och experterna till offentliga organisationer &#8211; samt till roller inom IT och tech.<\/p>\n<p>Vi har djup expertis inom rekrytering till offentlig sektor och k\u00e4nner v\u00e4l till de lagar, riktlinjer och processer som g\u00e4ller. Med vana att samarbeta med fackliga representanter s\u00e4kerst\u00e4ller vi att du som uppdragsgivare kan k\u00e4nna dig trygg genom hela rekryteringsprocessen.<\/p>\n<p>En central del av v\u00e5rt arbetss\u00e4tt \u00e4r att alltid arbeta i team. Det g\u00f6r att vi kan kombinera v\u00e5ra perspektiv, bredda n\u00e4tverket och st\u00e4rka objektiviteten i varje uppdrag. Genom n\u00e4ra dialog med b\u00e5de uppdragsgivare och kandidater skapar vi f\u00f6ruts\u00e4ttningar f\u00f6r h\u00e5llbara rekryteringar &#8211; vi vet att flera kloka insikter leder till de b\u00e4sta besluten.<\/p>\n                    <\/div>\n                <\/div>\n                            \n            \n                    <\/div>\n    <\/div>\n<\/section>\n\n<section id=\"title-and-text-block_340e1c3069cac42907724d93e0f07e88\" class=\"block title-and-text  m-b\">\n\t<div class=\"container\">\n\t\t<div class=\"row bg-off-white\">\n\t\t\t<div class=\"row__col row__col--lg-4\">\n\t\t\t\t                    <div class=\"title-wrapper\"  >\n                        <h3 class=\"h4 text-left\"><strong><i>V\u00e5r rekryteringsprocess<\/i><\/strong><\/h3>                    <\/div>\n                                    \t\t\t<\/div>\n\t\t\t<div class=\"row__col row__col--lg-8 content\">\n\t\t\t\t\n\t\t\t\t\t\t\t\t\t<div class=\"text-wrapper editor-content\"  >\n\t\t\t\t\t\t<h6>Behovsanalys och framtagande av kravprofil<\/h6>\n<p>I det inledande steget tr\u00e4ffar vi rekryteringsteamet f\u00f6r den aktuella rollen samt andra ber\u00f6rda intressenter, exempelvis medarbetar- och ATO-representanter. Syftet \u00e4r att skapa en djup f\u00f6rst\u00e5else f\u00f6r bakgrunden till rekryteringsbehovet, f\u00f6rv\u00e4ntningarna p\u00e5 rollen och dess f\u00f6ruts\u00e4ttningar.<br \/>\nNovare agerar konsultativt och utmanande f\u00f6r att s\u00e4kerst\u00e4lla att kravprofilen blir v\u00e4lgrundad och relevant.<\/p>\n<p>&nbsp;<\/p>\n<h6>Annonsering (vid behov)<\/h6>\n<p>Om annonsering \u00f6nskas anv\u00e4nder Novare Public olika digitala kanaler f\u00f6r att n\u00e5 r\u00e4tt m\u00e5lgrupp. Arbetet sker i n\u00e4ra samarbete med uppdragsgivarens rekryteringsteam och kommunikationsavdelning.<\/p>\n<p>&nbsp;<\/p>\n<h6>S\u00f6karbete<\/h6>\n<p>Ut\u00f6ver annonsering genomf\u00f6r vi en riktad kartl\u00e4ggning av relevanta branscher och kompetensomr\u00e5den. Vi drar nytta av Novares omfattande n\u00e4tverk av chefer och specialister f\u00f6r att identifiera de mest l\u00e4mpade kandidaterna.<\/p>\n<p>&nbsp;<\/p>\n<h6>Intervjuer och urval<\/h6>\n<p>Intervjuer genomf\u00f6rs i flera steg, enligt \u00f6verenskommelse i uppstartsm\u00f6tet. I det inledande arbetet bed\u00f6ms kandidaternas motivation och matchning mot kravprofilen. D\u00e4refter f\u00f6ljer kompetensbaserade intervjuer och djupintervjuer, ofta i kombination med tester.<br \/>\nEfter intervjuerna ansvarar rekryteringskonsulten f\u00f6r \u00e5terkoppling till kandidater samt presentation f\u00f6r rekryterande chef.<\/p>\n<p>&nbsp;<\/p>\n<h6>Kvalitetss\u00e4kring<\/h6>\n<p>F\u00f6r att s\u00e4kerst\u00e4lla kvalitet och tr\u00e4ffs\u00e4kerhet anv\u00e4nder vi b\u00e5de tester och referenstagning. Vid behov kan \u00e4ven bakgrundskontroller genomf\u00f6ras.<\/p>\n<p>&nbsp;<\/p>\n<h6>Anst\u00e4llning och uppf\u00f6ljning<\/h6>\n<p>Vi erbjuder konsultativt st\u00f6d under hela processen &#8211; \u00e4ven vid f\u00f6rhandlingar kring l\u00f6n och villkor med slutkandidaten. Efter att kandidaten tilltr\u00e4tt sin nya roll genomf\u00f6r vi uppf\u00f6ljningar vid tv\u00e5 tillf\u00e4llen, med b\u00e5de rekryterande chef och kandidat.<\/p>\n<p>V\u00e5rt arbetss\u00e4tt pr\u00e4glas av r\u00e5dgivning, coachning och en l\u00f6sningsfokuserad dialog, och vi v\u00e4lkomnar alltid feedback f\u00f6r fortsatt utveckling.<\/p>\n\t\t\t\t\t<\/div>\n                    \t\t\t\t\t\n\n\t\t\t\t\n\t\t\t\t\t\t\t<\/div>\n\t\t<\/div>\n\t<\/div>\n<\/section>\n\n<section id=\"contact-persons-block_06dec45d8eda79879a8236a0df63f366\" class=\"block contact-persons  m-b\">\n    <div class=\"container\">\n        <div class=\"row\">\n            <div class=\"row__col row__col--lg-12\">\n                <div class=\"contact-persons--wrapper bg-primary\">\n                    <div class=\"contact-persons--wrapper--content\" >\n                                                    <div class=\"header-wrapper\" >\n                                <h3 class=\"h3 text-left\"><strong><i>Vill du veta mer?<\/i><\/strong><\/h3>                            <\/div>\n                        \n                                                    <div class=\"text-wrapper\">\n                                <h3>H\u00f6r av dig!<\/h3>\n                            <\/div>\n                        \n                                                                                                <\/div>\n                    <div class=\"contact-persons--wrapper--people\">\n                                                                                    <div class=\"contact-person\" data-aos-anchor='#contact-persons-block_06dec45d8eda79879a8236a0df63f366'data-aos='fade-right'data-aos-easing='ease-in-out-sine'data-aos-duration='500'data-aos-delay='0'data-aos-once='true'data-aos-offset='250' >\n                                    <div class=\"contact-person--image\">\n                                        <img loading=\"lazy\" decoding=\"async\" width=\"360\" height=\"258\" src=\"https:\/\/novare.se\/public\/wp-content\/uploads\/sites\/6\/2024\/04\/Mitra_Frost_Tiny-360x258.jpg\" class=\"attachment-medium size-medium\" alt=\"Kvinna sitter, b\u00e4r svart kl\u00e4dsel, neutralt beige bakgrund.\" srcset=\"https:\/\/novare.se\/public\/wp-content\/uploads\/sites\/6\/2024\/04\/Mitra_Frost_Tiny-360x258.jpg 360w, https:\/\/novare.se\/public\/wp-content\/uploads\/sites\/6\/2024\/04\/Mitra_Frost_Tiny.jpg 670w\" sizes=\"(max-width: 360px) 100vw, 360px\" \/>                                    <\/div>\n                                    <div class=\"contact-person--details\">\n                                        <div class=\"name-wrapper\">\n                                            <a href=\"https:\/\/novare.se\/public\/medarbetare\/mitra-frost\/\">Mitra Frost<\/a>\n                                        <\/div>\n                                        <div class=\"title-wrapper\">\n                                            <p>Vd och Partner<\/p>\n                                        <\/div>\n                                        <div class=\"email-wrapper\">\n                                            <a href=\"mailto:mitra.frost@novare.se\">mitra.frost@novare.se<\/a>\n                                        <\/div>\n                                        <div class=\"phone-wrapper\">\n                                            <a href=\"tel:+46736409239\">+46 736 40 92 39<\/a>\n                                        <\/div>\n                                    <\/div>\n                                <\/div>\n                                                    <\/div>\n                <\/div>\n            <\/div>\n        <\/div>\n    <\/div>\n<\/section>\n\n\n<section id=\"one-column-text-block-block_5a0806f3467bdc4b27127ae2606e3338\" class=\"block one-column-text-block  m-b bg-gold-light\">\n    <div class=\"container\">\n        <div class=\"row row--middle\">\n                            <div class=\"row__col row__col--lg-8\">\n                    <div class=\"title-wrapper\" data-aos-anchor='#one-column-text-block-block_5a0806f3467bdc4b27127ae2606e3338'data-aos='fade-up'data-aos-easing='ease-in-out-sine'data-aos-duration='500'data-aos-delay='0'data-aos-once='true'data-aos-offset='250' >\n                        <h3 class=\"h4 m-0 text-left\">J\u00e4mst\u00e4lldhet i <strong><i>rekryteringen<\/i><\/strong><\/h3>                    <\/div>\n                <\/div>\n                            \n                            <div class=\"row__col row__col--lg-8\" data-aos-anchor='#one-column-text-block-block_5a0806f3467bdc4b27127ae2606e3338'data-aos='fade-up'data-aos-easing='ease-in-out-sine'data-aos-duration='500'data-aos-delay='250'data-aos-once='true'data-aos-offset='250'>\n                    <p class=\"preamble m-0\">Sedan starten har Novare aktivt arbetat f\u00f6r \u00f6kad j\u00e4mst\u00e4lldhet. Sedan 2017 presenterar vi \u00e5rligen Novares J\u00e4mst\u00e4lldhetsindex, d\u00e4r vi redovisar f\u00f6rdelningen mellan kvinnor och m\u00e4n i v\u00e5ra rekryteringar \u2013 ett viktigt steg mot \u00f6kad transparens och ansvarstagande i branschen.<\/p>                <\/div>\n            \n                            <div class=\"row__col row__col--lg-8\" data-aos-anchor='#one-column-text-block-block_5a0806f3467bdc4b27127ae2606e3338'data-aos='fade-up'data-aos-easing='ease-in-out-sine'data-aos-duration='500'data-aos-delay='250'data-aos-once='true'data-aos-offset='250'>\n                    <div class=\"text-wrapper editor-content\">\n                        <p>Fredrik Hillelson, grundare och koncernchef f\u00f6r Novare, betonar att rekryteringsbranschen har en nyckelroll i arbetet f\u00f6r j\u00e4mst\u00e4lldhet \u2013 och att fler akt\u00f6rer beh\u00f6ver ta sitt ansvar:<\/p>\n<p>\u201dMin uppfattning \u00e4r att n\u00e5gra branschkollegor \u00e4r progressiva men att det stora flertalet fegar ur i fr\u00e5gan om j\u00e4mst\u00e4lldhet. De vill och v\u00e5gar inte visa sina siffror och det \u00e4r inte l\u00e4ngre h\u00e5llbart. Kunderna kr\u00e4ver \u00f6ppenhet idag p\u00e5 ett helt annat s\u00e4tt\u201d<\/p>\n<p>&nbsp;<\/p>\n<p>Syftet med Novares J\u00e4mst\u00e4lldhetsindex \u00e4r att p\u00e5 ett \u00f6ppet s\u00e4tt f\u00f6lja upp v\u00e5ra j\u00e4mst\u00e4lldhetsm\u00e5l inom rekrytering &#8211; och att inspirera fler akt\u00f6rer att g\u00f6ra detsamma.<br \/>\nTransparens \u00e4r, enligt Fredrik, en f\u00f6ruts\u00e4ttning f\u00f6r att branschen ska kunna f\u00f6lja utvecklingen, s\u00e4tta tydliga m\u00e5l och driva verklig f\u00f6r\u00e4ndring.<\/p>\n<p>Tillsammans har vi ett gemensamt ansvar att skapa ett mer j\u00e4mst\u00e4llt, h\u00e5llbart och l\u00f6nsamt n\u00e4ringsliv.<\/p>\n                    <\/div>\n                <\/div>\n                            \n            \n                    <\/div>\n    <\/div>\n<\/section>\n\n<section id=\"faq-block-block_b56f77cc9f9387098cd18336f8d7be6a\" class=\"block faq-block  m-b bg-default\">\n    <div class=\"container\">\n        <div class=\"row\">\n            <div class=\"row__col row__col--lg-6\" data-aos-anchor='#faq-block-block_b56f77cc9f9387098cd18336f8d7be6a'data-aos='fade-up'data-aos-easing='ease-in-out-sine'data-aos-duration='500'data-aos-delay='0'data-aos-once='true'data-aos-offset='250' >\n                <img loading=\"lazy\" decoding=\"async\" width=\"1024\" height=\"945\" src=\"https:\/\/novare.se\/public\/wp-content\/uploads\/sites\/6\/2024\/06\/Novare_sma09_webb-1024x945.jpg\" class=\"media-item\" alt=\"Tre personer samtalar utomhus i vinterkl\u00e4der.\" srcset=\"https:\/\/novare.se\/public\/wp-content\/uploads\/sites\/6\/2024\/06\/Novare_sma09_webb-1024x945.jpg 1024w, https:\/\/novare.se\/public\/wp-content\/uploads\/sites\/6\/2024\/06\/Novare_sma09_webb-360x332.jpg 360w, https:\/\/novare.se\/public\/wp-content\/uploads\/sites\/6\/2024\/06\/Novare_sma09_webb-768x709.jpg 768w, https:\/\/novare.se\/public\/wp-content\/uploads\/sites\/6\/2024\/06\/Novare_sma09_webb.jpg 1300w\" sizes=\"(max-width: 1024px) 100vw, 1024px\" \/>            <\/div>\n            \n            <div class=\"row__col row__col--lg-6\">\n                                    <div class=\"title-wrapper text-medium\" data-aos-anchor='#faq-block-block_b56f77cc9f9387098cd18336f8d7be6a'data-aos='fade-up'data-aos-easing='ease-in-out-sine'data-aos-duration='500'data-aos-delay='300'data-aos-once='true'data-aos-offset='250' >\n                        <h2 class=\"h3 text-left\">Vanliga fr\u00e5gor om <i><strong>processen<\/strong><\/i><\/h2>                    <\/div>\n                                                    \n                                    <div class=\"accordion\">\n                                                    <div class=\"accordion-item\" data-aos-anchor='#faq-block-block_b56f77cc9f9387098cd18336f8d7be6a'data-aos='fade-right'data-aos-easing='ease-in-out-sine'data-aos-duration='500'data-aos-delay='1000'data-aos-once='true'data-aos-offset='250' >\n                                <div class=\"accordion-header\">\n                                    <span class=\"question\">Hur ser samarbetet ut fr\u00e5n start till avslutat uppdrag?<\/span>\n                                    <i class=\"fa fa-plus\"><\/i><i class=\"fa fa-minus hidden\"><\/i>\n                                <\/div>\n                                <div class=\"accordion-content\" style=\"display: none;\">\n                                    <span class=\"separator\"><\/span>\n                                    Vi inleder med en gemensam behovsanalys och h\u00e5ller en l\u00f6pande dialog genom hela processen, fr\u00e5n kravprofil till slutpresentation och uppf\u00f6ljning efter tills\u00e4ttning.                                <\/div>\n                            <\/div>\n                                                        <div class=\"accordion-item\" data-aos-anchor='#faq-block-block_b56f77cc9f9387098cd18336f8d7be6a'data-aos='fade-right'data-aos-easing='ease-in-out-sine'data-aos-duration='500'data-aos-delay='1250'data-aos-once='true'data-aos-offset='250' >\n                                <div class=\"accordion-header\">\n                                    <span class=\"question\">Vilka moment ing\u00e5r i v\u00e5r rekryteringsprocess?<\/span>\n                                    <i class=\"fa fa-plus\"><\/i><i class=\"fa fa-minus hidden\"><\/i>\n                                <\/div>\n                                <div class=\"accordion-content\" style=\"display: none;\">\n                                    <span class=\"separator\"><\/span>\n                                    Processen omfattar bland annat behovsanalys, search och annonsering, intervjuer, tester och bed\u00f6mningar, referenstagning samt st\u00f6d vid slutligt beslut.                                <\/div>\n                            <\/div>\n                                                        <div class=\"accordion-item\" data-aos-anchor='#faq-block-block_b56f77cc9f9387098cd18336f8d7be6a'data-aos='fade-right'data-aos-easing='ease-in-out-sine'data-aos-duration='500'data-aos-delay='1500'data-aos-once='true'data-aos-offset='250' >\n                                <div class=\"accordion-header\">\n                                    <span class=\"question\">Hur anpassar vi processen efter olika organisationer och uppdrag?<\/span>\n                                    <i class=\"fa fa-plus\"><\/i><i class=\"fa fa-minus hidden\"><\/i>\n                                <\/div>\n                                <div class=\"accordion-content\" style=\"display: none;\">\n                                    <span class=\"separator\"><\/span>\n                                    Vi justerar omfattning, metodval och tempo utifr\u00e5n uppdragets komplexitet, rollens niv\u00e5 och organisationens f\u00f6ruts\u00e4ttningar.                                <\/div>\n                            <\/div>\n                                                        <div class=\"accordion-item\" data-aos-anchor='#faq-block-block_b56f77cc9f9387098cd18336f8d7be6a'data-aos='fade-right'data-aos-easing='ease-in-out-sine'data-aos-duration='500'data-aos-delay='1750'data-aos-once='true'data-aos-offset='250' >\n                                <div class=\"accordion-header\">\n                                    <span class=\"question\">P\u00e5 vilket s\u00e4tt s\u00e4kerst\u00e4ller vi kvalitet och objektivitet i urvalet?<\/span>\n                                    <i class=\"fa fa-plus\"><\/i><i class=\"fa fa-minus hidden\"><\/i>\n                                <\/div>\n                                <div class=\"accordion-content\" style=\"display: none;\">\n                                    <span class=\"separator\"><\/span>\n                                    Genom strukturerade intervjuer, tydliga kriterier, flera bed\u00f6mningssteg och gemensamma avst\u00e4mningar minskar vi risken f\u00f6r subjektiva beslut.                                <\/div>\n                            <\/div>\n                                                        <div class=\"accordion-item\" data-aos-anchor='#faq-block-block_b56f77cc9f9387098cd18336f8d7be6a'data-aos='fade-right'data-aos-easing='ease-in-out-sine'data-aos-duration='500'data-aos-delay='2000'data-aos-once='true'data-aos-offset='250' >\n                                <div class=\"accordion-header\">\n                                    <span class=\"question\">Hur arbetar vi med j\u00e4mst\u00e4lldhet och m\u00e5ngfald i processen?<\/span>\n                                    <i class=\"fa fa-plus\"><\/i><i class=\"fa fa-minus hidden\"><\/i>\n                                <\/div>\n                                <div class=\"accordion-content\" style=\"display: none;\">\n                                    <span class=\"separator\"><\/span>\n                                    Vi anv\u00e4nder inkluderande arbetss\u00e4tt, bred search och medvetna urvalsmetoder f\u00f6r att s\u00e4kerst\u00e4lla att kompetens st\u00e5r i fokus genom hela rekryteringen.                                <\/div>\n                            <\/div>\n                                                <\/div>\n                            <\/div>\n        <\/div>\n    <\/div>\n<\/section>\n","protected":false},"excerpt":{"rendered":"","protected":false},"author":4,"featured_media":0,"parent":0,"menu_order":0,"comment_status":"closed","ping_status":"closed","template":"","meta":{"_acf_changed":false,"_seopress_robots_primary_cat":"","_seopress_titles_title":"Rekryteringsprocess med kvalitetss\u00e4kring - novare.se","_seopress_titles_desc":"Skr\u00e4ddarsydda och kvalitetss\u00e4krade rekryteringsprocesser f\u00f6r offentliga sektorn. Novare s\u00e4kerst\u00e4ller objektivitet och j\u00e4mst\u00e4lldhet i alla steg.","_seopress_robots_index":"","inline_featured_image":false,"footnotes":""},"class_list":["post-310","page","type-page","status-publish","hentry"],"acf":[],"_links":{"self":[{"href":"https:\/\/novare.se\/public\/wp-json\/wp\/v2\/pages\/310","targetHints":{"allow":["GET"]}}],"collection":[{"href":"https:\/\/novare.se\/public\/wp-json\/wp\/v2\/pages"}],"about":[{"href":"https:\/\/novare.se\/public\/wp-json\/wp\/v2\/types\/page"}],"author":[{"embeddable":true,"href":"https:\/\/novare.se\/public\/wp-json\/wp\/v2\/users\/4"}],"replies":[{"embeddable":true,"href":"https:\/\/novare.se\/public\/wp-json\/wp\/v2\/comments?post=310"}],"version-history":[{"count":33,"href":"https:\/\/novare.se\/public\/wp-json\/wp\/v2\/pages\/310\/revisions"}],"predecessor-version":[{"id":1548,"href":"https:\/\/novare.se\/public\/wp-json\/wp\/v2\/pages\/310\/revisions\/1548"}],"wp:attachment":[{"href":"https:\/\/novare.se\/public\/wp-json\/wp\/v2\/media?parent=310"}],"curies":[{"name":"wp","href":"https:\/\/api.w.org\/{rel}","templated":true}]}}