{"id":2225,"date":"2024-06-25T12:43:57","date_gmt":"2024-06-25T12:43:57","guid":{"rendered":"https:\/\/novare.se\/leadership-academy\/?page_id=2225"},"modified":"2025-10-01T13:23:33","modified_gmt":"2025-10-01T13:23:33","slug":"avbokningsvillkor-styrelseutbildningar","status":"publish","type":"page","link":"https:\/\/novare.se\/leadership\/avbokningsvillkor-styrelseutbildningar\/","title":{"rendered":"Avbokningsvillkor \u2013 Styrelseutbildningar"},"content":{"rendered":"<section id=\"image-video-text-block_1c936a001247e2d47e6a9a67d90868b5\" class=\"block image-video-text  m-b bg-default\">\n    <div class=\"container\">\n        <div class=\"row image-left\">\n            <div class=\"row__col row__col--md-6 media-item\">\n                                    <div class=\"image-wrapper\"  >\n                        <img loading=\"lazy\" decoding=\"async\" width=\"900\" height=\"954\" src=\"https:\/\/novare.se\/leadership\/wp-content\/uploads\/sites\/8\/2024\/05\/ledarskapscoach-novare-web-1.jpg\" class=\"media-item\" alt=\"\" srcset=\"https:\/\/novare.se\/leadership\/wp-content\/uploads\/sites\/8\/2024\/05\/ledarskapscoach-novare-web-1.jpg 900w, https:\/\/novare.se\/leadership\/wp-content\/uploads\/sites\/8\/2024\/05\/ledarskapscoach-novare-web-1-340x360.jpg 340w, https:\/\/novare.se\/leadership\/wp-content\/uploads\/sites\/8\/2024\/05\/ledarskapscoach-novare-web-1-768x814.jpg 768w\" sizes=\"(max-width: 900px) 100vw, 900px\" \/>                    <\/div>\n                                            <\/div>\n\n            <div class=\"row__col row__col--md-6 content\"  >\n                                    <div class=\"title-wrapper\" >\n                        <h3 class=\"h3 text-left\"><strong><i>Avbokningsvillkor<\/i><\/strong>  Styrelseutbildningar<\/h3>                    <\/div>\n                                                                        <div class=\"text-wrapper editor-content\" >\n                    <p><strong>Avbokning och ombokning<\/strong><br \/>\nDu kan avboka eller boka om din utbildning utan extra kostnad fram till 30 dagar f\u00f6re utbildningens start.<br \/>\n&nbsp;<br \/>\n<strong>Ombokning<\/strong><br \/>\nVill du boka om din utbildning till ett senare tillf\u00e4lle tar vi ut en ombokningsavgift p\u00e5 20% av utbildningens pris om du bokar om med mindre \u00e4n 30 dagar kvar till utbildningsstart.<br \/>\n&nbsp;<br \/>\n<strong>Avbokning<\/strong><br \/>\nVill du avboka utbildningen helt kostar det 50% av utbildningens pris upp till 15 dagar f\u00f6re start, och d\u00e4refter 75% av utbildningens pris fram till 5 dagar f\u00f6re utbildningsstart. D\u00e4refter tar vi ut full avgift.<br \/>\n&nbsp;<br \/>\n<em>V\u00e4nligen notera att vi har andra avbokningsvillkor f\u00f6r <a href=\"https:\/\/novare.se\/leadership\/avbokningsvillkor\/\">Novare Leaderships utbildningar.<\/a><\/em><\/p>\n                    <\/div>\n                                                                                <\/div>\n        <\/div>\n    <\/div>\n<\/section>\n\n\n<section id=\"contact-persons-block_b3b7139b29381c0249110128791041fd\" class=\"block contact-persons  m-b\">\n    <div class=\"container\">\n        <div class=\"row\">\n            <div class=\"row__col row__col--lg-12\">\n                <div class=\"contact-persons--wrapper bg-purple-dark\">\n                    <div class=\"contact-persons--wrapper--content\" >\n                                                    <div class=\"header-wrapper\" >\n                                <h3 class=\"h3 text-left\">Fr\u00e5gor? <strong><i>H\u00f6r av dig!<\/i><\/strong><\/h3>                            <\/div>\n                        \n                                                    <div class=\"text-wrapper\">\n                                <p>Vi vet att det inte alltid blir som man t\u00e4nkt sig \u2013 ring oss g\u00e4rna s\u00e5 hj\u00e4lper vi till med att l\u00f6sa eventuella omboknings- eller avbokningsituationer.<\/p>\n                            <\/div>\n                        \n                                                                                                <\/div>\n                    <div class=\"contact-persons--wrapper--people\">\n                                                                                    <div class=\"contact-person\"  >\n                                    <div class=\"contact-person--image\">\n                                        <img loading=\"lazy\" decoding=\"async\" width=\"360\" height=\"360\" src=\"https:\/\/novare.se\/leadership\/wp-content\/uploads\/sites\/8\/2025\/07\/Majken-1-360x360.jpg\" class=\"attachment-medium size-medium\" alt=\"En Glad kvinna med h\u00e5ret i knut och vinr\u00f6d kavaj.\" srcset=\"https:\/\/novare.se\/leadership\/wp-content\/uploads\/sites\/8\/2025\/07\/Majken-1-360x360.jpg 360w, https:\/\/novare.se\/leadership\/wp-content\/uploads\/sites\/8\/2025\/07\/Majken-1-1024x1024.jpg 1024w, https:\/\/novare.se\/leadership\/wp-content\/uploads\/sites\/8\/2025\/07\/Majken-1-150x150.jpg 150w, https:\/\/novare.se\/leadership\/wp-content\/uploads\/sites\/8\/2025\/07\/Majken-1-768x768.jpg 768w, https:\/\/novare.se\/leadership\/wp-content\/uploads\/sites\/8\/2025\/07\/Majken-1-1536x1536.jpg 1536w, https:\/\/novare.se\/leadership\/wp-content\/uploads\/sites\/8\/2025\/07\/Majken-1.jpg 2000w\" sizes=\"(max-width: 360px) 100vw, 360px\" \/>                                    <\/div>\n                                    <div class=\"contact-person--details\">\n                                        <div class=\"name-wrapper\">\n                                            <a href=\"https:\/\/novare.se\/leadership\/medarbetare\/majken-sylvan-larson\/\">Majken Sylvan Larson<\/a>\n                                        <\/div>\n                                        <div class=\"title-wrapper\">\n                                            <p>Project Manager<\/p>\n                                        <\/div>\n                                        <div class=\"email-wrapper\">\n                                            <a href=\"mailto:majken.larson@novare.se\">majken.larson@novare.se<\/a>\n                                        <\/div>\n                                        <div class=\"phone-wrapper\">\n                                            <a href=\"tel:+46709992165\">+46 (0) 70 999 21 65<\/a>\n                                        <\/div>\n                                    <\/div>\n                                <\/div>\n                                                                <div class=\"contact-person\"  >\n                                    <div class=\"contact-person--image\">\n                                        <img loading=\"lazy\" decoding=\"async\" width=\"360\" height=\"258\" src=\"https:\/\/novare.se\/leadership\/wp-content\/uploads\/sites\/8\/2024\/06\/Marie_Louise_Kjellstrom_BIG-360x258.jpg\" class=\"attachment-medium size-medium\" alt=\"Kvinna ler, sitter i studio, b\u00e4r formell kavaj.\" srcset=\"https:\/\/novare.se\/leadership\/wp-content\/uploads\/sites\/8\/2024\/06\/Marie_Louise_Kjellstrom_BIG-360x258.jpg 360w, https:\/\/novare.se\/leadership\/wp-content\/uploads\/sites\/8\/2024\/06\/Marie_Louise_Kjellstrom_BIG.jpg 670w\" sizes=\"(max-width: 360px) 100vw, 360px\" \/>                                    <\/div>\n                                    <div class=\"contact-person--details\">\n                                        <div class=\"name-wrapper\">\n                                            <a href=\"https:\/\/novare.se\/leadership\/medarbetare\/marie-louise-kjellstrom\/\">Marie-Louise Kjellstr\u00f6m<\/a>\n                                        <\/div>\n                                        <div class=\"title-wrapper\">\n                                            <p>Head of Novare Board Programs<\/p>\n                                        <\/div>\n                                        <div class=\"email-wrapper\">\n                                            <a href=\"mailto:marie-louise.kjellstrom@novare.se\">marie-louise.kjellstrom@novare.se<\/a>\n                                        <\/div>\n                                        <div class=\"phone-wrapper\">\n                                            <a href=\"tel:+4670-1098190\">+46 (0)70-109 81 90<\/a>\n                                        <\/div>\n                                    <\/div>\n                                <\/div>\n                                                    <\/div>\n                <\/div>\n            <\/div>\n        <\/div>\n    <\/div>\n<\/section>\n","protected":false},"excerpt":{"rendered":"","protected":false},"author":3,"featured_media":0,"parent":0,"menu_order":0,"comment_status":"closed","ping_status":"closed","template":"","meta":{"_acf_changed":false,"_seopress_robots_primary_cat":"","_seopress_titles_title":"Avbokningsvillkor kurser - novare.se","_seopress_titles_desc":"Avboka eller boka om din kurs gratis upp till 30 dagar f\u00f6re start. Ombokningsavgift 20% och avbokningsavgifter upp till full kurskostnad d\u00e4refter.","_seopress_robots_index":"","inline_featured_image":false,"footnotes":""},"class_list":["post-2225","page","type-page","status-publish","hentry"],"acf":[],"_links":{"self":[{"href":"https:\/\/novare.se\/leadership\/wp-json\/wp\/v2\/pages\/2225","targetHints":{"allow":["GET"]}}],"collection":[{"href":"https:\/\/novare.se\/leadership\/wp-json\/wp\/v2\/pages"}],"about":[{"href":"https:\/\/novare.se\/leadership\/wp-json\/wp\/v2\/types\/page"}],"author":[{"embeddable":true,"href":"https:\/\/novare.se\/leadership\/wp-json\/wp\/v2\/users\/3"}],"replies":[{"embeddable":true,"href":"https:\/\/novare.se\/leadership\/wp-json\/wp\/v2\/comments?post=2225"}],"version-history":[{"count":12,"href":"https:\/\/novare.se\/leadership\/wp-json\/wp\/v2\/pages\/2225\/revisions"}],"predecessor-version":[{"id":5746,"href":"https:\/\/novare.se\/leadership\/wp-json\/wp\/v2\/pages\/2225\/revisions\/5746"}],"wp:attachment":[{"href":"https:\/\/novare.se\/leadership\/wp-json\/wp\/v2\/media?parent=2225"}],"curies":[{"name":"wp","href":"https:\/\/api.w.org\/{rel}","templated":true}]}}