{"id":73,"date":"2024-04-15T11:42:13","date_gmt":"2024-04-15T11:42:13","guid":{"rendered":"https:\/\/novare.se\/intro\/?page_id=73"},"modified":"2026-03-25T12:16:21","modified_gmt":"2026-03-25T12:16:21","slug":"nyheter","status":"publish","type":"page","link":"https:\/\/novare.se\/intro\/nyheter\/","title":{"rendered":"Nyheter"},"content":{"rendered":"<section id=\"hero-3-block_3e55623b1fe50384a009532531fb3584\" class=\"block hero-3  m-b no-img \">\n    <div class=\"hero-3--top-section bg-primary\">\n                    <div class=\"bg-backdrop\">\n                <div class=\"bg-backdrop--inner\"><\/div>\n            <\/div>\n                <div class=\"container\">\n            <div class=\"row\">\n                <div class=\"row__col\">\n                    <div class=\"text-img-wrapper\">\n                        <div class=\"text-col\" >\n                                                                \n                                <div class=\"title-wrapper\" >\n                                    <h1 class=\"h1 text-left\">Nyheter<\/h1>                                <\/div>\n                                                            \n                            \n                            \n                                                    <\/div>\n\n                                            <\/div>\n                <\/div>\n            <\/div>\n        <\/div>\n    <\/div>\n            <div class=\"hero-3--bottom-section \"  >\n        <div class=\"breadcrumbs dark-text\">\n\t<div class=\"container\">\n        <div class=\"row\">\n            <div class=\"row__col\">\n                <div class=\"breadcrumbs--inner\">\n                    <ul>\n                                                                                <li>\n                                <a href=\"https:\/\/novare.se\/\" class=\"alt\">\n                                    Novare                                <\/a>\n                            <\/li>\n                            \n\t\t\t                                        <li>\n                                <a href=\"https:\/\/novare.se\/intro\/\" class=\"alt\">\n                                                                            Novare Intro                                                                    <\/a>\n                            <\/li>\n\t\t\t                                    <li><span class=\"alt\">Nyheter<\/span><\/li>\n                    <\/ul>\n                <\/div>\n            <\/div>\n        <\/div>\n\t<\/div>\n<\/div>        <\/div>\n    \n    <\/section>\n\n\n<section id=\"270\" class=\"block news  m-b bg-default\">\n    <div class=\"container\">\n        <form class=\"listing-block--filters\" data-url=\"https:\/\/novare.se\/intro\/wp-json\/wp\/v2\/pages\/73\/\">\n            <div class=\"row\">\n                <div class=\"row__col\">\n                    <div class=\"listing-block--filters-inner\">\n                        <div class=\"filters\">\n                            \n                            <div class=\"select-wrapper filter\" >\n                                <label for=\"category\" class=\"text-medium\">Kategori<\/label>\n                                <div class=\"field\">\n                                    <select class=\"js-select-filter\" name=\"category\" id=\"category\">\n                                        <option value=\"\" selected>Alla<\/option>\n                                                                                                                                    <option value=\"beredskapslyftet\"  >Beredskapslyftet<\/option>\n                                                                                            <option value=\"debattartikel\"  >Debattartikel<\/option>\n                                                                                            <option value=\"nyhet\"  >Nyhet<\/option>\n                                                                                            <option value=\"nyhetsbrev\"  >Nyhetsbrev<\/option>\n                                                                                                                        <\/select>\n                                <\/div>\n                            <\/div>\n                        <\/div>\n\n                    <\/div>\n                <\/div>\n            <\/div>\n            <input type=\"hidden\" name=\"posts_per_page\" value=\"12\">\n            <input type=\"hidden\" name=\"page_no\" value=\"1\">\n            <input type=\"hidden\" name=\"selected_company\" value=\"\">\n            <input type=\"hidden\" name=\"selected_category\" value=\"\">\n        <\/form>\n\n        <div class=\"row listing-block--results\">\n                                                <div class=\"row__col row__col--lg-4 listing-block--item\"  >\n\t\t<a href=\"https:\/\/novare.se\/intro\/nyheter\/ledarskapsutbildning-novare-inclusiveimpact\/\">\n\t\t<div class=\"image\">\n\t\t\t<img loading=\"lazy\" decoding=\"async\" width=\"768\" height=\"512\" src=\"https:\/\/novare.se\/intro\/wp-content\/uploads\/sites\/3\/2024\/04\/DA_SaraRossiPhotography-14_1-768x512.jpg\" class=\"media-item\" alt=\"Delal medarbetarbild_final\" srcset=\"https:\/\/novare.se\/intro\/wp-content\/uploads\/sites\/3\/2024\/04\/DA_SaraRossiPhotography-14_1-768x512.jpg 768w, https:\/\/novare.se\/intro\/wp-content\/uploads\/sites\/3\/2024\/04\/DA_SaraRossiPhotography-14_1-360x240.jpg 360w, https:\/\/novare.se\/intro\/wp-content\/uploads\/sites\/3\/2024\/04\/DA_SaraRossiPhotography-14_1-1024x683.jpg 1024w, https:\/\/novare.se\/intro\/wp-content\/uploads\/sites\/3\/2024\/04\/DA_SaraRossiPhotography-14_1-1536x1024.jpg 1536w, https:\/\/novare.se\/intro\/wp-content\/uploads\/sites\/3\/2024\/04\/DA_SaraRossiPhotography-14_1-2048x1365.jpg 2048w\" sizes=\"(max-width: 768px) 100vw, 768px\" \/>\t\t\t<div class=\"overlay\"><\/div>\n\t\t\t<div class=\"badge text-regular\" style=\"background-color: #f5f2ef; color: #000000;\">Novare Intro<\/div>\t\t<\/div>\n\t\t<div class=\"title text-medium\">10 % av v\u00e5ra medarbetare har sannolikt en NPF-diagnos<i class=\"arrow fa fa-arrow-right\" aria-hidden=\"true\"><\/i><\/div>\n\t\t<div class=\"pre_title\"><p>12 mars 2026  | Nyhet<\/p><\/div>\n\t\t<div class=\"excerpt small\"><\/div>\n\t<\/a>\n<\/div>                                    <div class=\"row__col row__col--lg-4 listing-block--item\"  >\n\t\t<a href=\"https:\/\/novare.se\/intro\/nyheter\/haval\/\">\n\t\t<div class=\"image\">\n\t\t\t<img loading=\"lazy\" decoding=\"async\" width=\"768\" height=\"906\" src=\"https:\/\/novare.se\/intro\/wp-content\/uploads\/sites\/3\/2025\/10\/Haval-dyslexi-002-768x906.jpg\" class=\"media-item\" alt=\"\" srcset=\"https:\/\/novare.se\/intro\/wp-content\/uploads\/sites\/3\/2025\/10\/Haval-dyslexi-002-768x906.jpg 768w, https:\/\/novare.se\/intro\/wp-content\/uploads\/sites\/3\/2025\/10\/Haval-dyslexi-002-305x360.jpg 305w, https:\/\/novare.se\/intro\/wp-content\/uploads\/sites\/3\/2025\/10\/Haval-dyslexi-002-868x1024.jpg 868w, https:\/\/novare.se\/intro\/wp-content\/uploads\/sites\/3\/2025\/10\/Haval-dyslexi-002.jpg 967w\" sizes=\"(max-width: 768px) 100vw, 768px\" \/>\t\t\t<div class=\"overlay\"><\/div>\n\t\t\t<div class=\"badge text-regular\" style=\"background-color: #f5f2ef; color: #000000;\">Novare Intro<\/div>\t\t<\/div>\n\t\t<div class=\"title text-medium\">Dyslexi i fokus &#8211; intervju med Haval van Drumpt<i class=\"arrow fa fa-arrow-right\" aria-hidden=\"true\"><\/i><\/div>\n\t\t<div class=\"pre_title\"><p>31 oktober 2025  | Nyhet<\/p><\/div>\n\t\t<div class=\"excerpt small\"><\/div>\n\t<\/a>\n<\/div>                                    <div class=\"row__col row__col--lg-4 listing-block--item\"  >\n\t\t<a href=\"https:\/\/novare.se\/intro\/nyheter\/intervju-med-delal-apak\/\">\n\t\t<div class=\"image\">\n\t\t\t<img loading=\"lazy\" decoding=\"async\" width=\"768\" height=\"717\" src=\"https:\/\/novare.se\/intro\/wp-content\/uploads\/sites\/3\/2025\/02\/novare-intro-3-768x717.jpg\" class=\"media-item\" alt=\"Tjej sitter med ryggen mot kameran och jobbar med sin laptop vid ett bord.\" srcset=\"https:\/\/novare.se\/intro\/wp-content\/uploads\/sites\/3\/2025\/02\/novare-intro-3-768x717.jpg 768w, https:\/\/novare.se\/intro\/wp-content\/uploads\/sites\/3\/2025\/02\/novare-intro-3-360x336.jpg 360w, https:\/\/novare.se\/intro\/wp-content\/uploads\/sites\/3\/2025\/02\/novare-intro-3-1024x956.jpg 1024w, https:\/\/novare.se\/intro\/wp-content\/uploads\/sites\/3\/2025\/02\/novare-intro-3-1536x1435.jpg 1536w, https:\/\/novare.se\/intro\/wp-content\/uploads\/sites\/3\/2025\/02\/novare-intro-3-2048x1913.jpg 2048w\" sizes=\"(max-width: 768px) 100vw, 768px\" \/>\t\t\t<div class=\"overlay\"><\/div>\n\t\t\t<div class=\"badge text-regular\" style=\"background-color: #f5f2ef; color: #000000;\">Novare Intro<\/div>\t\t<\/div>\n\t\t<div class=\"title text-medium\">Intervju med Delal Apak<i class=\"arrow fa fa-arrow-right\" aria-hidden=\"true\"><\/i><\/div>\n\t\t<div class=\"pre_title\"><p>21 maj 2025  | Nyhet<\/p><\/div>\n\t\t<div class=\"excerpt small\"><\/div>\n\t<\/a>\n<\/div>                                    <div class=\"row__col row__col--lg-4 listing-block--item\"  >\n\t\t<a href=\"https:\/\/novare.se\/intro\/nyheter\/mitra-frost\/\">\n\t\t<div class=\"image\">\n\t\t\t<img loading=\"lazy\" decoding=\"async\" width=\"768\" height=\"768\" src=\"https:\/\/novare.se\/intro\/wp-content\/uploads\/sites\/3\/2025\/03\/tester-rekrytering-768x768.jpg\" class=\"media-item\" alt=\"N\u00e4rbild p\u00e5 en person som sitter och skriver p\u00e5 ett block med en penna.\" srcset=\"https:\/\/novare.se\/intro\/wp-content\/uploads\/sites\/3\/2025\/03\/tester-rekrytering-768x768.jpg 768w, https:\/\/novare.se\/intro\/wp-content\/uploads\/sites\/3\/2025\/03\/tester-rekrytering-360x360.jpg 360w, https:\/\/novare.se\/intro\/wp-content\/uploads\/sites\/3\/2025\/03\/tester-rekrytering-1024x1024.jpg 1024w, https:\/\/novare.se\/intro\/wp-content\/uploads\/sites\/3\/2025\/03\/tester-rekrytering-150x150.jpg 150w, https:\/\/novare.se\/intro\/wp-content\/uploads\/sites\/3\/2025\/03\/tester-rekrytering.jpg 1080w\" sizes=\"(max-width: 768px) 100vw, 768px\" \/>\t\t\t<div class=\"overlay\"><\/div>\n\t\t\t<div class=\"badge text-regular\" style=\"background-color: #f5f2ef; color: #000000;\">Novare Intro<\/div>\t\t<\/div>\n\t\t<div class=\"title text-medium\">Tester i rekrytering. \u00c4r de f\u00f6rdomsfria?<i class=\"arrow fa fa-arrow-right\" aria-hidden=\"true\"><\/i><\/div>\n\t\t<div class=\"pre_title\"><p>20 mars 2025  | Nyhet<\/p><\/div>\n\t\t<div class=\"excerpt small\"><\/div>\n\t<\/a>\n<\/div>                                    <div class=\"row__col row__col--lg-4 listing-block--item\"  >\n\t\t<a href=\"https:\/\/novare.se\/intro\/nyheter\/arbetslosheten-bland-npf-personer\/\">\n\t\t<div class=\"image\">\n\t\t\t<img loading=\"lazy\" decoding=\"async\" width=\"768\" height=\"717\" src=\"https:\/\/novare.se\/intro\/wp-content\/uploads\/sites\/3\/2025\/02\/novare-intro-3-768x717.jpg\" class=\"media-item\" alt=\"Tjej sitter med ryggen mot kameran och jobbar med sin laptop vid ett bord.\" srcset=\"https:\/\/novare.se\/intro\/wp-content\/uploads\/sites\/3\/2025\/02\/novare-intro-3-768x717.jpg 768w, https:\/\/novare.se\/intro\/wp-content\/uploads\/sites\/3\/2025\/02\/novare-intro-3-360x336.jpg 360w, https:\/\/novare.se\/intro\/wp-content\/uploads\/sites\/3\/2025\/02\/novare-intro-3-1024x956.jpg 1024w, https:\/\/novare.se\/intro\/wp-content\/uploads\/sites\/3\/2025\/02\/novare-intro-3-1536x1435.jpg 1536w, https:\/\/novare.se\/intro\/wp-content\/uploads\/sites\/3\/2025\/02\/novare-intro-3-2048x1913.jpg 2048w\" sizes=\"(max-width: 768px) 100vw, 768px\" \/>\t\t\t<div class=\"overlay\"><\/div>\n\t\t\t<div class=\"badge text-regular\" style=\"background-color: #f5f2ef; color: #000000;\">Novare Intro<\/div>\t\t<\/div>\n\t\t<div class=\"title text-medium\">Arbetsl\u00f6sheten bland NPF-personer fortfarande orov\u00e4ckande stor<i class=\"arrow fa fa-arrow-right\" aria-hidden=\"true\"><\/i><\/div>\n\t\t<div class=\"pre_title\"><p>14 februari 2025  | Debattartikel<\/p><\/div>\n\t\t<div class=\"excerpt small\"><\/div>\n\t<\/a>\n<\/div>                                    <div class=\"row__col row__col--lg-4 listing-block--item\"  >\n\t\t<a href=\"https:\/\/novare.se\/intro\/nyheter\/tillgangligt-ledarskap-vad-innebar-det\/\">\n\t\t<div class=\"image\">\n\t\t\t<img loading=\"lazy\" decoding=\"async\" width=\"768\" height=\"805\" src=\"https:\/\/novare.se\/intro\/wp-content\/uploads\/sites\/3\/2025\/02\/novare-3-768x805.jpg\" class=\"media-item\" alt=\"Tre personer st\u00e5r och samtalar med varandra.\" srcset=\"https:\/\/novare.se\/intro\/wp-content\/uploads\/sites\/3\/2025\/02\/novare-3-768x805.jpg 768w, https:\/\/novare.se\/intro\/wp-content\/uploads\/sites\/3\/2025\/02\/novare-3-343x360.jpg 343w, https:\/\/novare.se\/intro\/wp-content\/uploads\/sites\/3\/2025\/02\/novare-3-977x1024.jpg 977w, https:\/\/novare.se\/intro\/wp-content\/uploads\/sites\/3\/2025\/02\/novare-3-1465x1536.jpg 1465w, https:\/\/novare.se\/intro\/wp-content\/uploads\/sites\/3\/2025\/02\/novare-3.jpg 1699w\" sizes=\"(max-width: 768px) 100vw, 768px\" \/>\t\t\t<div class=\"overlay\"><\/div>\n\t\t\t<div class=\"badge text-regular\" style=\"background-color: #f5f2ef; color: #000000;\">Novare Intro<\/div>\t\t<\/div>\n\t\t<div class=\"title text-medium\">Tillg\u00e4ngligt ledarskap \u2013 vad inneb\u00e4r det?<i class=\"arrow fa fa-arrow-right\" aria-hidden=\"true\"><\/i><\/div>\n\t\t<div class=\"pre_title\"><p>4 februari 2025  | Debattartikel<\/p><\/div>\n\t\t<div class=\"excerpt small\"><\/div>\n\t<\/a>\n<\/div>                                    <div class=\"row__col row__col--lg-4 listing-block--item\"  >\n\t\t<a href=\"https:\/\/novare.se\/intro\/nyheter\/upptack-den-dolda-potentialen-hos-personer-med-npf-diagnoser\/\">\n\t\t<div class=\"image\">\n\t\t\t<img loading=\"lazy\" decoding=\"async\" width=\"768\" height=\"384\" src=\"https:\/\/novare.se\/intro\/wp-content\/uploads\/sites\/3\/2024\/01\/Novare38_1600x800-1-768x384.jpg\" class=\"media-item\" alt=\"Fyra personer samtalar vid bord i modernt kontorsrum.\" srcset=\"https:\/\/novare.se\/intro\/wp-content\/uploads\/sites\/3\/2024\/01\/Novare38_1600x800-1-768x384.jpg 768w, https:\/\/novare.se\/intro\/wp-content\/uploads\/sites\/3\/2024\/01\/Novare38_1600x800-1-360x180.jpg 360w, https:\/\/novare.se\/intro\/wp-content\/uploads\/sites\/3\/2024\/01\/Novare38_1600x800-1-1024x512.jpg 1024w, https:\/\/novare.se\/intro\/wp-content\/uploads\/sites\/3\/2024\/01\/Novare38_1600x800-1-1536x768.jpg 1536w, https:\/\/novare.se\/intro\/wp-content\/uploads\/sites\/3\/2024\/01\/Novare38_1600x800-1.jpg 1600w\" sizes=\"(max-width: 768px) 100vw, 768px\" \/>\t\t\t<div class=\"overlay\"><\/div>\n\t\t\t<div class=\"badge text-regular\" style=\"background-color: #f5f2ef; color: #000000;\">Novare Intro<\/div>\t\t<\/div>\n\t\t<div class=\"title text-medium\">Uppt\u00e4ck den dolda potentialen hos personer med NPF-diagnoser<i class=\"arrow fa fa-arrow-right\" aria-hidden=\"true\"><\/i><\/div>\n\t\t<div class=\"pre_title\"><p>20 januari 2024  | Nyhetsbrev<\/p><\/div>\n\t\t<div class=\"excerpt small\"><\/div>\n\t<\/a>\n<\/div>                                    <div class=\"row__col row__col--lg-4 listing-block--item\"  >\n\t\t<a href=\"https:\/\/novare.se\/intro\/nyheter\/novare-intro-soker-sommarjobbare-till-uppdrag-i-stockholm\/\">\n\t\t<div class=\"image\">\n\t\t\t<img loading=\"lazy\" decoding=\"async\" width=\"262\" height=\"201\" src=\"https:\/\/novare.se\/intro\/wp-content\/uploads\/sites\/3\/2024\/06\/es-job-placeholder.png\" class=\"media-item\" alt=\"\" \/>\t\t\t<div class=\"overlay\"><\/div>\n\t\t\t<div class=\"badge text-regular\" style=\"background-color: #f5f2ef; color: #000000;\">Novare Intro<\/div>\t\t<\/div>\n\t\t<div class=\"title text-medium\">Novare Intro s\u00f6ker sommarjobbare till uppdrag i Stockholm<i class=\"arrow fa fa-arrow-right\" aria-hidden=\"true\"><\/i><\/div>\n\t\t<div class=\"pre_title\"><p>5 maj 2023  | Nyhet<\/p><\/div>\n\t\t<div class=\"excerpt small\"><\/div>\n\t<\/a>\n<\/div>                                    <div class=\"row__col row__col--lg-4 listing-block--item\"  >\n\t\t<a href=\"https:\/\/novare.se\/intro\/nyheter\/delal-apak-intervjuad-i-hr-people\/\">\n\t\t<div class=\"image\">\n\t\t\t<img loading=\"lazy\" decoding=\"async\" width=\"768\" height=\"384\" src=\"https:\/\/novare.se\/intro\/wp-content\/uploads\/sites\/3\/2023\/05\/delal_apak_hr-1-1-768x384.jpg\" class=\"media-item\" alt=\"Person sitter vid marmorbord inomhus, ler mot kameran.\" srcset=\"https:\/\/novare.se\/intro\/wp-content\/uploads\/sites\/3\/2023\/05\/delal_apak_hr-1-1-768x384.jpg 768w, https:\/\/novare.se\/intro\/wp-content\/uploads\/sites\/3\/2023\/05\/delal_apak_hr-1-1-360x180.jpg 360w, https:\/\/novare.se\/intro\/wp-content\/uploads\/sites\/3\/2023\/05\/delal_apak_hr-1-1-1024x512.jpg 1024w, https:\/\/novare.se\/intro\/wp-content\/uploads\/sites\/3\/2023\/05\/delal_apak_hr-1-1-1536x768.jpg 1536w, https:\/\/novare.se\/intro\/wp-content\/uploads\/sites\/3\/2023\/05\/delal_apak_hr-1-1.jpg 1600w\" sizes=\"(max-width: 768px) 100vw, 768px\" \/>\t\t\t<div class=\"overlay\"><\/div>\n\t\t\t<div class=\"badge text-regular\" style=\"background-color: #f5f2ef; color: #000000;\">Novare Intro<\/div>\t\t<\/div>\n\t\t<div class=\"title text-medium\">Delal Apak intervjuad i HR People<i class=\"arrow fa fa-arrow-right\" aria-hidden=\"true\"><\/i><\/div>\n\t\t<div class=\"pre_title\"><p>2 maj 2023  | Nyhet<\/p><\/div>\n\t\t<div class=\"excerpt small\"><\/div>\n\t<\/a>\n<\/div>                                    <div class=\"row__col row__col--lg-4 listing-block--item\"  >\n\t\t<a href=\"https:\/\/novare.se\/intro\/nyheter\/novares-jamstalldhetsindex-2022\/\">\n\t\t<div class=\"image\">\n\t\t\t<img loading=\"lazy\" decoding=\"async\" width=\"768\" height=\"384\" src=\"https:\/\/novare.se\/intro\/wp-content\/uploads\/sites\/3\/2023\/03\/diagram_nyhet-1-768x384.jpg\" class=\"media-item\" alt=\"Cirkeldiagram visar k\u00f6nsf\u00f6rdelning i olika kategorier, Novare 2022.\" srcset=\"https:\/\/novare.se\/intro\/wp-content\/uploads\/sites\/3\/2023\/03\/diagram_nyhet-1-768x384.jpg 768w, https:\/\/novare.se\/intro\/wp-content\/uploads\/sites\/3\/2023\/03\/diagram_nyhet-1-360x180.jpg 360w, https:\/\/novare.se\/intro\/wp-content\/uploads\/sites\/3\/2023\/03\/diagram_nyhet-1-1024x512.jpg 1024w, https:\/\/novare.se\/intro\/wp-content\/uploads\/sites\/3\/2023\/03\/diagram_nyhet-1-1536x768.jpg 1536w, https:\/\/novare.se\/intro\/wp-content\/uploads\/sites\/3\/2023\/03\/diagram_nyhet-1.jpg 1600w\" sizes=\"(max-width: 768px) 100vw, 768px\" \/>\t\t\t<div class=\"overlay\"><\/div>\n\t\t\t<div class=\"badge text-regular\" style=\"background-color: #f5f2ef; color: #000000;\">Novare Intro<\/div>\t\t<\/div>\n\t\t<div class=\"title text-medium\">Novares J\u00e4mst\u00e4lldhetsindex 2022<i class=\"arrow fa fa-arrow-right\" aria-hidden=\"true\"><\/i><\/div>\n\t\t<div class=\"pre_title\"><p>8 mars 2023  | Nyhet<\/p><\/div>\n\t\t<div class=\"excerpt small\"><\/div>\n\t<\/a>\n<\/div>                                    <div class=\"row__col row__col--lg-4 listing-block--item\"  >\n\t\t<a href=\"https:\/\/novare.se\/intro\/nyheter\/fredrik-hillelson-med-i-chefakademin-talks\/\">\n\t\t<div class=\"image\">\n\t\t\t<img loading=\"lazy\" decoding=\"async\" width=\"768\" height=\"384\" src=\"https:\/\/novare.se\/intro\/wp-content\/uploads\/sites\/3\/2022\/09\/FredrikHillelson_ChefakademinTalks-1-768x384.jpg\" class=\"media-item\" alt=\"Man sitter, mot vit bakgrund, bredvid texten &quot;Talks Chefakademin&quot;.\" srcset=\"https:\/\/novare.se\/intro\/wp-content\/uploads\/sites\/3\/2022\/09\/FredrikHillelson_ChefakademinTalks-1-768x384.jpg 768w, https:\/\/novare.se\/intro\/wp-content\/uploads\/sites\/3\/2022\/09\/FredrikHillelson_ChefakademinTalks-1-360x180.jpg 360w, https:\/\/novare.se\/intro\/wp-content\/uploads\/sites\/3\/2022\/09\/FredrikHillelson_ChefakademinTalks-1-1024x512.jpg 1024w, https:\/\/novare.se\/intro\/wp-content\/uploads\/sites\/3\/2022\/09\/FredrikHillelson_ChefakademinTalks-1-1536x768.jpg 1536w, https:\/\/novare.se\/intro\/wp-content\/uploads\/sites\/3\/2022\/09\/FredrikHillelson_ChefakademinTalks-1.jpg 1600w\" sizes=\"(max-width: 768px) 100vw, 768px\" \/>\t\t\t<div class=\"overlay\"><\/div>\n\t\t\t<div class=\"badge text-regular\" style=\"background-color: #f5f2ef; color: #000000;\">Novare Intro<\/div>\t\t<\/div>\n\t\t<div class=\"title text-medium\">Fredrik Hillelson med i Chefakademin Talks<i class=\"arrow fa fa-arrow-right\" aria-hidden=\"true\"><\/i><\/div>\n\t\t<div class=\"pre_title\"><p>21 september 2022  | Nyhet<\/p><\/div>\n\t\t<div class=\"excerpt small\"><\/div>\n\t<\/a>\n<\/div>                                    <div class=\"row__col row__col--lg-4 listing-block--item\"  >\n\t\t<a href=\"https:\/\/novare.se\/intro\/nyheter\/avslutning-av-natverksprogrammet-kontakten\/\">\n\t\t<div class=\"image\">\n\t\t\t<img loading=\"lazy\" decoding=\"async\" width=\"768\" height=\"384\" src=\"https:\/\/novare.se\/intro\/wp-content\/uploads\/sites\/3\/2022\/09\/Kontakten_nyhet-1-768x384.jpg\" class=\"media-item\" alt=\"Grupp m\u00e4nniskor poserar i rummet framf\u00f6r presentationstavla.\" srcset=\"https:\/\/novare.se\/intro\/wp-content\/uploads\/sites\/3\/2022\/09\/Kontakten_nyhet-1-768x384.jpg 768w, https:\/\/novare.se\/intro\/wp-content\/uploads\/sites\/3\/2022\/09\/Kontakten_nyhet-1-360x180.jpg 360w, https:\/\/novare.se\/intro\/wp-content\/uploads\/sites\/3\/2022\/09\/Kontakten_nyhet-1-1024x512.jpg 1024w, https:\/\/novare.se\/intro\/wp-content\/uploads\/sites\/3\/2022\/09\/Kontakten_nyhet-1-1536x768.jpg 1536w, https:\/\/novare.se\/intro\/wp-content\/uploads\/sites\/3\/2022\/09\/Kontakten_nyhet-1.jpg 1600w\" sizes=\"(max-width: 768px) 100vw, 768px\" \/>\t\t\t<div class=\"overlay\"><\/div>\n\t\t\t<div class=\"badge text-regular\" style=\"background-color: #f5f2ef; color: #000000;\">Novare Intro<\/div>\t\t<\/div>\n\t\t<div class=\"title text-medium\">Avslutning av n\u00e4tverksprogrammet Kontakten<i class=\"arrow fa fa-arrow-right\" aria-hidden=\"true\"><\/i><\/div>\n\t\t<div class=\"pre_title\"><p>8 september 2022  | Nyhet<\/p><\/div>\n\t\t<div class=\"excerpt small\"><\/div>\n\t<\/a>\n<\/div>                                    <\/div>\n\n\n        <div class=\"row listing-block--pagination\">\n            <div class=\"row__col listing-block--pagination--results\">\n                                    <div class=\"pagination m-0\" data-max-num-pages=\"3\" data-current-page=\"1\"><button type=\"button\" data-page-no=\"1\" disabled class=\"m-0 btn--pagination pagination-item prev\"><i class=\"fa fa-chevron-left\"><\/i><\/button><button type=\"button\" data-page-no=\"1\" class=\"m-0 btn--pagination text-medium current bg-primary pagination-item\">1<\/button><button type=\"button\" data-page-no=\"2\" class=\"m-0 btn--pagination text-medium pagination-item\">2<\/button><button type=\"button\" data-page-no=\"3\" class=\"m-0 btn--pagination text-medium pagination-item\">3<\/button><button type=\"button\" data-page-no=\"2\"  class=\"m-0 btn--pagination text-medium pagination-item next\"><i class=\"fa fa-chevron-right\"><\/i><\/button><\/div>                            <\/div>\n        <\/div>\n    <\/div>\n<\/section>\n","protected":false},"excerpt":{"rendered":"","protected":false},"author":1,"featured_media":0,"parent":0,"menu_order":0,"comment_status":"closed","ping_status":"closed","template":"","meta":{"_acf_changed":false,"_seopress_robots_primary_cat":"","_seopress_titles_title":"Nyheter och uppdateringar fr\u00e5n Novare Intro - novare.se","_seopress_titles_desc":"Uppt\u00e4ck Novares senaste nyheter och intervjuer, inklusive Beredskapslyftet och J\u00e4mst\u00e4lldhetsindex. Utforska potentialen hos NPF-diagnoser.","_seopress_robots_index":"","inline_featured_image":false,"footnotes":""},"class_list":["post-73","page","type-page","status-publish","hentry"],"acf":[],"_links":{"self":[{"href":"https:\/\/novare.se\/intro\/wp-json\/wp\/v2\/pages\/73","targetHints":{"allow":["GET"]}}],"collection":[{"href":"https:\/\/novare.se\/intro\/wp-json\/wp\/v2\/pages"}],"about":[{"href":"https:\/\/novare.se\/intro\/wp-json\/wp\/v2\/types\/page"}],"author":[{"embeddable":true,"href":"https:\/\/novare.se\/intro\/wp-json\/wp\/v2\/users\/1"}],"replies":[{"embeddable":true,"href":"https:\/\/novare.se\/intro\/wp-json\/wp\/v2\/comments?post=73"}],"version-history":[{"count":16,"href":"https:\/\/novare.se\/intro\/wp-json\/wp\/v2\/pages\/73\/revisions"}],"predecessor-version":[{"id":1865,"href":"https:\/\/novare.se\/intro\/wp-json\/wp\/v2\/pages\/73\/revisions\/1865"}],"wp:attachment":[{"href":"https:\/\/novare.se\/intro\/wp-json\/wp\/v2\/media?parent=73"}],"curies":[{"name":"wp","href":"https:\/\/api.w.org\/{rel}","templated":true}]}}