{"id":211,"date":"2024-04-17T11:25:56","date_gmt":"2024-04-17T11:25:56","guid":{"rendered":"https:\/\/novare.se\/interim-and-recruitment\/?page_id=211"},"modified":"2026-03-25T12:48:20","modified_gmt":"2026-03-25T12:48:20","slug":"nyheter","status":"publish","type":"page","link":"https:\/\/novare.se\/interim-and-recruitment\/nyheter\/","title":{"rendered":"Nyheter"},"content":{"rendered":"<section id=\"hero-3-block_e7980e844c6311ce56334d86245c991d\" class=\"block hero-3  m-b no-img \">\n    <div class=\"hero-3--top-section bg-primary\">\n                    <div class=\"bg-backdrop\">\n                <div class=\"bg-backdrop--inner\"><\/div>\n            <\/div>\n                <div class=\"container\">\n            <div class=\"row\">\n                <div class=\"row__col\">\n                    <div class=\"text-img-wrapper\">\n                        <div class=\"text-col\" >\n                                                                \n                                <div class=\"title-wrapper\" >\n                                    <h1 class=\"h1 text-left\">Nyheter<\/h1>                                <\/div>\n                                                            \n                            \n                            \n                                                    <\/div>\n\n                                            <\/div>\n                <\/div>\n            <\/div>\n        <\/div>\n    <\/div>\n            <div class=\"hero-3--bottom-section \"  >\n        <div class=\"breadcrumbs dark-text\">\n\t<div class=\"container\">\n        <div class=\"row\">\n            <div class=\"row__col\">\n                <div class=\"breadcrumbs--inner\">\n                    <ul>\n                                                                                <li>\n                                <a href=\"https:\/\/novare.se\/\" class=\"alt\">\n                                    Novare                                <\/a>\n                            <\/li>\n                            \n\t\t\t                                        <li>\n                                <a href=\"https:\/\/novare.se\/interim-and-recruitment\/\" class=\"alt\">\n                                                                            Novare Interim and Recruitment                                                                    <\/a>\n                            <\/li>\n\t\t\t                                    <li><span class=\"alt\">Nyheter<\/span><\/li>\n                    <\/ul>\n                <\/div>\n            <\/div>\n        <\/div>\n\t<\/div>\n<\/div>        <\/div>\n    \n    <\/section>\n\n\n<section id=\"320\" class=\"block news  m-b bg-default\">\n    <div class=\"container\">\n        <form class=\"listing-block--filters\" data-url=\"https:\/\/novare.se\/interim-and-recruitment\/wp-json\/wp\/v2\/pages\/211\/\">\n            <div class=\"row\">\n                <div class=\"row__col\">\n                    <div class=\"listing-block--filters-inner\">\n                        <div class=\"filters\">\n                            \n                            <div class=\"select-wrapper filter\" >\n                                <label for=\"category\" class=\"text-medium\">Kategori<\/label>\n                                <div class=\"field\">\n                                    <select class=\"js-select-filter\" name=\"category\" id=\"category\">\n                                        <option value=\"\" selected>Alla<\/option>\n                                                                                                                                    <option value=\"beredskapslyftet\"  >Beredskapslyftet<\/option>\n                                                                                            <option value=\"debattartikel\"  >Debattartikel<\/option>\n                                                                                            <option value=\"nyhet\"  >Nyhet<\/option>\n                                                                                                                        <\/select>\n                                <\/div>\n                            <\/div>\n                        <\/div>\n\n                    <\/div>\n                <\/div>\n            <\/div>\n            <input type=\"hidden\" name=\"posts_per_page\" value=\"12\">\n            <input type=\"hidden\" name=\"page_no\" value=\"1\">\n            <input type=\"hidden\" name=\"selected_company\" value=\"\">\n            <input type=\"hidden\" name=\"selected_category\" value=\"\">\n        <\/form>\n\n        <div class=\"row listing-block--results\">\n                                                <div class=\"row__col row__col--lg-4 listing-block--item\"  >\n\t\t<a href=\"https:\/\/novare.se\/interim-and-recruitment\/nyheter\/nar-passar-det-att-ta-in-en-interim-cfo\/\">\n\t\t<div class=\"image\">\n\t\t\t<img loading=\"lazy\" decoding=\"async\" width=\"625\" height=\"761\" src=\"https:\/\/novare.se\/interim-and-recruitment\/wp-content\/uploads\/sites\/5\/2024\/04\/faq-bench.png\" class=\"media-item\" alt=\"Tre personer samtalar p\u00e5 en parkb\u00e4nk utomhus.\" srcset=\"https:\/\/novare.se\/interim-and-recruitment\/wp-content\/uploads\/sites\/5\/2024\/04\/faq-bench.png 625w, https:\/\/novare.se\/interim-and-recruitment\/wp-content\/uploads\/sites\/5\/2024\/04\/faq-bench-296x360.png 296w\" sizes=\"(max-width: 625px) 100vw, 625px\" \/>\t\t\t<div class=\"overlay\"><\/div>\n\t\t\t<div class=\"badge text-regular\" style=\"background-color: #f5f2ef; color: #000000;\">Novare Interim &#038; Recruitment<\/div>\t\t<\/div>\n\t\t<div class=\"title text-medium\">N\u00e4r passar det att ta in en interim CFO?<i class=\"arrow fa fa-arrow-right\" aria-hidden=\"true\"><\/i><\/div>\n\t\t<div class=\"pre_title\"><p>18 december 2025  | Nyhet<\/p><\/div>\n\t\t<div class=\"excerpt small\"><\/div>\n\t<\/a>\n<\/div>                                    <div class=\"row__col row__col--lg-4 listing-block--item\"  >\n\t\t<a href=\"https:\/\/novare.se\/interim-and-recruitment\/nyheter\/vad-betyder-interim\/\">\n\t\t<div class=\"image\">\n\t\t\t<img loading=\"lazy\" decoding=\"async\" width=\"768\" height=\"946\" src=\"https:\/\/novare.se\/interim-and-recruitment\/wp-content\/uploads\/sites\/5\/2025\/10\/chefsrekrytering_1380x1700-768x946.jpg\" class=\"media-item\" alt=\"Tv\u00e5 personer som talar\" srcset=\"https:\/\/novare.se\/interim-and-recruitment\/wp-content\/uploads\/sites\/5\/2025\/10\/chefsrekrytering_1380x1700-768x946.jpg 768w, https:\/\/novare.se\/interim-and-recruitment\/wp-content\/uploads\/sites\/5\/2025\/10\/chefsrekrytering_1380x1700-292x360.jpg 292w, https:\/\/novare.se\/interim-and-recruitment\/wp-content\/uploads\/sites\/5\/2025\/10\/chefsrekrytering_1380x1700-831x1024.jpg 831w, https:\/\/novare.se\/interim-and-recruitment\/wp-content\/uploads\/sites\/5\/2025\/10\/chefsrekrytering_1380x1700-1247x1536.jpg 1247w, https:\/\/novare.se\/interim-and-recruitment\/wp-content\/uploads\/sites\/5\/2025\/10\/chefsrekrytering_1380x1700.jpg 1380w\" sizes=\"(max-width: 768px) 100vw, 768px\" \/>\t\t\t<div class=\"overlay\"><\/div>\n\t\t\t<div class=\"badge text-regular\" style=\"background-color: #f5f2ef; color: #000000;\">Novare Interim &#038; Recruitment<\/div>\t\t<\/div>\n\t\t<div class=\"title text-medium\">Vad betyder interim?<i class=\"arrow fa fa-arrow-right\" aria-hidden=\"true\"><\/i><\/div>\n\t\t<div class=\"pre_title\"><p>23 oktober 2025  | Nyhet<\/p><\/div>\n\t\t<div class=\"excerpt small\"><\/div>\n\t<\/a>\n<\/div>                                    <div class=\"row__col row__col--lg-4 listing-block--item\"  >\n\t\t<a href=\"https:\/\/novare.se\/interim-and-recruitment\/nyheter\/sa-forbereder-du-dig-infor-rollen-som-interimchef\/\">\n\t\t<div class=\"image\">\n\t\t\t<img loading=\"lazy\" decoding=\"async\" width=\"768\" height=\"768\" src=\"https:\/\/novare.se\/interim-and-recruitment\/wp-content\/uploads\/sites\/5\/2025\/10\/interim_1380x1700-e1758542637233-768x768.jpg\" class=\"media-item\" alt=\"\" srcset=\"https:\/\/novare.se\/interim-and-recruitment\/wp-content\/uploads\/sites\/5\/2025\/10\/interim_1380x1700-e1758542637233-768x768.jpg 768w, https:\/\/novare.se\/interim-and-recruitment\/wp-content\/uploads\/sites\/5\/2025\/10\/interim_1380x1700-e1758542637233-360x360.jpg 360w, https:\/\/novare.se\/interim-and-recruitment\/wp-content\/uploads\/sites\/5\/2025\/10\/interim_1380x1700-e1758542637233-1024x1024.jpg 1024w, https:\/\/novare.se\/interim-and-recruitment\/wp-content\/uploads\/sites\/5\/2025\/10\/interim_1380x1700-e1758542637233-150x150.jpg 150w, https:\/\/novare.se\/interim-and-recruitment\/wp-content\/uploads\/sites\/5\/2025\/10\/interim_1380x1700-e1758542637233.jpg 1380w\" sizes=\"(max-width: 768px) 100vw, 768px\" \/>\t\t\t<div class=\"overlay\"><\/div>\n\t\t\t<div class=\"badge text-regular\" style=\"background-color: #f5f2ef; color: #000000;\">Novare Interim &#038; Recruitment<\/div>\t\t<\/div>\n\t\t<div class=\"title text-medium\">S\u00e5 f\u00f6rbereder du dig inf\u00f6r rollen som interimchef<i class=\"arrow fa fa-arrow-right\" aria-hidden=\"true\"><\/i><\/div>\n\t\t<div class=\"pre_title\"><p>23 oktober 2025  | Nyhet<\/p><\/div>\n\t\t<div class=\"excerpt small\"><\/div>\n\t<\/a>\n<\/div>                                    <div class=\"row__col row__col--lg-4 listing-block--item\"  >\n\t\t<a href=\"https:\/\/novare.se\/interim-and-recruitment\/nyheter\/impact-loop\/\">\n\t\t<div class=\"image\">\n\t\t\t<img loading=\"lazy\" decoding=\"async\" width=\"768\" height=\"1024\" src=\"https:\/\/novare.se\/interim-and-recruitment\/wp-content\/uploads\/sites\/5\/2025\/06\/sofia-768x1024.jpg\" class=\"media-item\" alt=\"Kvinna som ler.\" srcset=\"https:\/\/novare.se\/interim-and-recruitment\/wp-content\/uploads\/sites\/5\/2025\/06\/sofia-768x1024.jpg 768w, https:\/\/novare.se\/interim-and-recruitment\/wp-content\/uploads\/sites\/5\/2025\/06\/sofia-270x360.jpg 270w, https:\/\/novare.se\/interim-and-recruitment\/wp-content\/uploads\/sites\/5\/2025\/06\/sofia-1152x1536.jpg 1152w, https:\/\/novare.se\/interim-and-recruitment\/wp-content\/uploads\/sites\/5\/2025\/06\/sofia-1536x2048.jpg 1536w, https:\/\/novare.se\/interim-and-recruitment\/wp-content\/uploads\/sites\/5\/2025\/06\/sofia-scaled.jpg 1920w\" sizes=\"(max-width: 768px) 100vw, 768px\" \/>\t\t\t<div class=\"overlay\"><\/div>\n\t\t\t<div class=\"badge text-regular\" style=\"background-color: #f5f2ef; color: #000000;\">Novare Interim &#038; Recruitment<\/div>\t\t<\/div>\n\t\t<div class=\"title text-medium\">Hur du sticker ut i dagens marknad<i class=\"arrow fa fa-arrow-right\" aria-hidden=\"true\"><\/i><\/div>\n\t\t<div class=\"pre_title\"><p>16 juni 2025  | Nyhet<\/p><\/div>\n\t\t<div class=\"excerpt small\"><\/div>\n\t<\/a>\n<\/div>                                    <div class=\"row__col row__col--lg-4 listing-block--item\"  >\n\t\t<a href=\"https:\/\/novare.se\/interim-and-recruitment\/nyheter\/konsulter-driver-forandring-inte-bara-problemlosning\/\">\n\t\t<div class=\"image\">\n\t\t\t<img loading=\"lazy\" decoding=\"async\" width=\"768\" height=\"768\" src=\"https:\/\/novare.se\/interim-and-recruitment\/wp-content\/uploads\/sites\/5\/2025\/01\/Namnlos-design-1-2-768x768.jpg\" class=\"media-item\" alt=\"Tv\u00e5 kvinnor som diskuterar vid en dator.\" srcset=\"https:\/\/novare.se\/interim-and-recruitment\/wp-content\/uploads\/sites\/5\/2025\/01\/Namnlos-design-1-2-768x768.jpg 768w, https:\/\/novare.se\/interim-and-recruitment\/wp-content\/uploads\/sites\/5\/2025\/01\/Namnlos-design-1-2-360x360.jpg 360w, https:\/\/novare.se\/interim-and-recruitment\/wp-content\/uploads\/sites\/5\/2025\/01\/Namnlos-design-1-2-1024x1024.jpg 1024w, https:\/\/novare.se\/interim-and-recruitment\/wp-content\/uploads\/sites\/5\/2025\/01\/Namnlos-design-1-2-150x150.jpg 150w, https:\/\/novare.se\/interim-and-recruitment\/wp-content\/uploads\/sites\/5\/2025\/01\/Namnlos-design-1-2.jpg 1080w\" sizes=\"(max-width: 768px) 100vw, 768px\" \/>\t\t\t<div class=\"overlay\"><\/div>\n\t\t\t<div class=\"badge text-regular\" style=\"background-color: #f5f2ef; color: #000000;\">Novare Interim &#038; Recruitment<\/div>\t\t<\/div>\n\t\t<div class=\"title text-medium\">Konsulter driver f\u00f6r\u00e4ndring \u2013 inte bara probleml\u00f6sning<i class=\"arrow fa fa-arrow-right\" aria-hidden=\"true\"><\/i><\/div>\n\t\t<div class=\"pre_title\"><p>13 mars 2025  | Nyhet<\/p><\/div>\n\t\t<div class=\"excerpt small\"><\/div>\n\t<\/a>\n<\/div>                                    <div class=\"row__col row__col--lg-4 listing-block--item\"  >\n\t\t<a href=\"https:\/\/novare.se\/interim-and-recruitment\/nyheter\/arets-raket\/\">\n\t\t<div class=\"image\">\n\t\t\t<img loading=\"lazy\" decoding=\"async\" width=\"600\" height=\"597\" src=\"https:\/\/novare.se\/interim-and-recruitment\/wp-content\/uploads\/sites\/5\/2025\/02\/FInalistemblem_RAW_ARAKREK.png\" class=\"media-item\" alt=\"\" srcset=\"https:\/\/novare.se\/interim-and-recruitment\/wp-content\/uploads\/sites\/5\/2025\/02\/FInalistemblem_RAW_ARAKREK.png 600w, https:\/\/novare.se\/interim-and-recruitment\/wp-content\/uploads\/sites\/5\/2025\/02\/FInalistemblem_RAW_ARAKREK-360x358.png 360w, https:\/\/novare.se\/interim-and-recruitment\/wp-content\/uploads\/sites\/5\/2025\/02\/FInalistemblem_RAW_ARAKREK-150x150.png 150w\" sizes=\"(max-width: 600px) 100vw, 600px\" \/>\t\t\t<div class=\"overlay\"><\/div>\n\t\t\t<div class=\"badge text-regular\" style=\"background-color: #f5f2ef; color: #000000;\">Novare Interim &#038; Recruitment<\/div>\t\t<\/div>\n\t\t<div class=\"title text-medium\">\u00c5rets Raket<i class=\"arrow fa fa-arrow-right\" aria-hidden=\"true\"><\/i><\/div>\n\t\t<div class=\"pre_title\"><p>20 februari 2025  | Nyhet<\/p><\/div>\n\t\t<div class=\"excerpt small\"><\/div>\n\t<\/a>\n<\/div>                                    <div class=\"row__col row__col--lg-4 listing-block--item\"  >\n\t\t<a href=\"https:\/\/novare.se\/interim-and-recruitment\/nyheter\/sohaila-bagger-sjoback-i-podcasten-fannys-forebilder\/\">\n\t\t<div class=\"image\">\n\t\t\t<img loading=\"lazy\" decoding=\"async\" width=\"768\" height=\"384\" src=\"https:\/\/novare.se\/interim-and-recruitment\/wp-content\/uploads\/sites\/5\/2023\/11\/sohaila-1-768x384.png\" class=\"media-item\" alt=\"Kvinna i kostym ler i kontorsmilj\u00f6.\" srcset=\"https:\/\/novare.se\/interim-and-recruitment\/wp-content\/uploads\/sites\/5\/2023\/11\/sohaila-1-768x384.png 768w, https:\/\/novare.se\/interim-and-recruitment\/wp-content\/uploads\/sites\/5\/2023\/11\/sohaila-1-360x180.png 360w, https:\/\/novare.se\/interim-and-recruitment\/wp-content\/uploads\/sites\/5\/2023\/11\/sohaila-1-1024x512.png 1024w, https:\/\/novare.se\/interim-and-recruitment\/wp-content\/uploads\/sites\/5\/2023\/11\/sohaila-1-1536x768.png 1536w, https:\/\/novare.se\/interim-and-recruitment\/wp-content\/uploads\/sites\/5\/2023\/11\/sohaila-1.png 1600w\" sizes=\"(max-width: 768px) 100vw, 768px\" \/>\t\t\t<div class=\"overlay\"><\/div>\n\t\t\t<div class=\"badge text-regular\" style=\"background-color: #f5f2ef; color: #000000;\">Novare Interim &#038; Recruitment<\/div>\t\t<\/div>\n\t\t<div class=\"title text-medium\">Sohaila Bagger-Sj\u00f6b\u00e4ck i podcasten Fannys F\u00f6rebilder<i class=\"arrow fa fa-arrow-right\" aria-hidden=\"true\"><\/i><\/div>\n\t\t<div class=\"pre_title\"><p>21 november 2023  | Nyhet<\/p><\/div>\n\t\t<div class=\"excerpt small\"><\/div>\n\t<\/a>\n<\/div>                                    <div class=\"row__col row__col--lg-4 listing-block--item\"  >\n\t\t<a href=\"https:\/\/novare.se\/interim-and-recruitment\/nyheter\/frukostwebinarium-arbeta-mer-hjarnsmart-5-strategier-for-att-arbeta-smartare-och-starka-din-mentala-uthallighet\/\">\n\t\t<div class=\"image\">\n\t\t\t<img loading=\"lazy\" decoding=\"async\" width=\"768\" height=\"384\" src=\"https:\/\/novare.se\/interim-and-recruitment\/wp-content\/uploads\/sites\/5\/2023\/09\/annika_kvist-768x384.jpg\" class=\"media-item\" alt=\"Kvinna b\u00e4r \u00f6rh\u00e4ngen, tittar upp\u00e5t, inomhusmilj\u00f6.\" srcset=\"https:\/\/novare.se\/interim-and-recruitment\/wp-content\/uploads\/sites\/5\/2023\/09\/annika_kvist-768x384.jpg 768w, https:\/\/novare.se\/interim-and-recruitment\/wp-content\/uploads\/sites\/5\/2023\/09\/annika_kvist-360x180.jpg 360w, https:\/\/novare.se\/interim-and-recruitment\/wp-content\/uploads\/sites\/5\/2023\/09\/annika_kvist-1024x512.jpg 1024w, https:\/\/novare.se\/interim-and-recruitment\/wp-content\/uploads\/sites\/5\/2023\/09\/annika_kvist-1536x768.jpg 1536w, https:\/\/novare.se\/interim-and-recruitment\/wp-content\/uploads\/sites\/5\/2023\/09\/annika_kvist.jpg 1600w\" sizes=\"(max-width: 768px) 100vw, 768px\" \/>\t\t\t<div class=\"overlay\"><\/div>\n\t\t\t<div class=\"badge text-regular\" style=\"background-color: #f5f2ef; color: #000000;\">Novare Interim &#038; Recruitment<\/div>\t\t<\/div>\n\t\t<div class=\"title text-medium\">Frukostwebinarium: Arbeta mer hj\u00e4rnsmart \u2013 5 strategier f\u00f6r att arbeta smartare och st\u00e4rka din mentala uth\u00e5llighet<i class=\"arrow fa fa-arrow-right\" aria-hidden=\"true\"><\/i><\/div>\n\t\t<div class=\"pre_title\"><p>5 september 2023  | Nyheter<\/p><\/div>\n\t\t<div class=\"excerpt small\"><\/div>\n\t<\/a>\n<\/div>                                    <div class=\"row__col row__col--lg-4 listing-block--item\"  >\n\t\t<a href=\"https:\/\/novare.se\/interim-and-recruitment\/nyheter\/novares-jamstalldhetsindex-2022\/\">\n\t\t<div class=\"image\">\n\t\t\t<img loading=\"lazy\" decoding=\"async\" width=\"768\" height=\"384\" src=\"https:\/\/novare.se\/interim-and-recruitment\/wp-content\/uploads\/sites\/5\/2023\/03\/diagram_nyhet-1-768x384.jpg\" class=\"media-item\" alt=\"Cirkeldiagram visar k\u00f6nsf\u00f6rdelning f\u00f6r likabehandling inom olika kategorier. Text: &quot;NOVARE J\u00c4MST\u00c4LLDHETSINDEX 2022 (\u00c5RETS SIFFROR INOM PARENTES), M\u00c4N, KVINNOR.&quot; Diagrams: &quot;REKRYTERING TOTAL, REKRYTERINGAR VD, REKRYTERINGAR STYRELSE, NOVARES ANST\u00c4LLDA, NOVARES VD-GR\" srcset=\"https:\/\/novare.se\/interim-and-recruitment\/wp-content\/uploads\/sites\/5\/2023\/03\/diagram_nyhet-1-768x384.jpg 768w, https:\/\/novare.se\/interim-and-recruitment\/wp-content\/uploads\/sites\/5\/2023\/03\/diagram_nyhet-1-360x180.jpg 360w, https:\/\/novare.se\/interim-and-recruitment\/wp-content\/uploads\/sites\/5\/2023\/03\/diagram_nyhet-1-1024x512.jpg 1024w, https:\/\/novare.se\/interim-and-recruitment\/wp-content\/uploads\/sites\/5\/2023\/03\/diagram_nyhet-1-1536x768.jpg 1536w, https:\/\/novare.se\/interim-and-recruitment\/wp-content\/uploads\/sites\/5\/2023\/03\/diagram_nyhet-1.jpg 1600w\" sizes=\"(max-width: 768px) 100vw, 768px\" \/>\t\t\t<div class=\"overlay\"><\/div>\n\t\t\t<div class=\"badge text-regular\" style=\"background-color: #f5f2ef; color: #000000;\">Novare Interim &#038; Recruitment<\/div>\t\t<\/div>\n\t\t<div class=\"title text-medium\">Novares J\u00e4mst\u00e4lldhetsindex 2022<i class=\"arrow fa fa-arrow-right\" aria-hidden=\"true\"><\/i><\/div>\n\t\t<div class=\"pre_title\"><p>8 mars 2023  | Nyhet<\/p><\/div>\n\t\t<div class=\"excerpt small\"><\/div>\n\t<\/a>\n<\/div>                                    <div class=\"row__col row__col--lg-4 listing-block--item\"  >\n\t\t<a href=\"https:\/\/novare.se\/interim-and-recruitment\/nyheter\/fredrik-hillelson-med-i-chefakademin-talks\/\">\n\t\t<div class=\"image\">\n\t\t\t<img loading=\"lazy\" decoding=\"async\" width=\"768\" height=\"384\" src=\"https:\/\/novare.se\/interim-and-recruitment\/wp-content\/uploads\/sites\/5\/2022\/09\/FredrikHillelson_ChefakademinTalks-1-768x384.jpg\" class=\"media-item\" alt=\"Man sitter, leende, Chefakademin Talks text p\u00e5 lila bakgrund.\" srcset=\"https:\/\/novare.se\/interim-and-recruitment\/wp-content\/uploads\/sites\/5\/2022\/09\/FredrikHillelson_ChefakademinTalks-1-768x384.jpg 768w, https:\/\/novare.se\/interim-and-recruitment\/wp-content\/uploads\/sites\/5\/2022\/09\/FredrikHillelson_ChefakademinTalks-1-360x180.jpg 360w, https:\/\/novare.se\/interim-and-recruitment\/wp-content\/uploads\/sites\/5\/2022\/09\/FredrikHillelson_ChefakademinTalks-1-1024x512.jpg 1024w, https:\/\/novare.se\/interim-and-recruitment\/wp-content\/uploads\/sites\/5\/2022\/09\/FredrikHillelson_ChefakademinTalks-1-1536x768.jpg 1536w, https:\/\/novare.se\/interim-and-recruitment\/wp-content\/uploads\/sites\/5\/2022\/09\/FredrikHillelson_ChefakademinTalks-1.jpg 1600w\" sizes=\"(max-width: 768px) 100vw, 768px\" \/>\t\t\t<div class=\"overlay\"><\/div>\n\t\t\t<div class=\"badge text-regular\" style=\"background-color: #f5f2ef; color: #000000;\">Novare Interim &#038; Recruitment<\/div>\t\t<\/div>\n\t\t<div class=\"title text-medium\">Fredrik Hillelson med i Chefakademin Talks<i class=\"arrow fa fa-arrow-right\" aria-hidden=\"true\"><\/i><\/div>\n\t\t<div class=\"pre_title\"><p>21 september 2022  | Nyhet<\/p><\/div>\n\t\t<div class=\"excerpt small\"><\/div>\n\t<\/a>\n<\/div>                                    <div class=\"row__col row__col--lg-4 listing-block--item\"  >\n\t\t<a href=\"https:\/\/novare.se\/interim-and-recruitment\/nyheter\/avslutning-av-natverksprogrammet-kontakten\/\">\n\t\t<div class=\"image\">\n\t\t\t<img loading=\"lazy\" decoding=\"async\" width=\"768\" height=\"384\" src=\"https:\/\/novare.se\/interim-and-recruitment\/wp-content\/uploads\/sites\/5\/2022\/09\/Kontakten_nyhet-1-768x384.jpg\" class=\"media-item\" alt=\"Grupp m\u00e4nniskor sitter och st\u00e5r i konferensrum.\" srcset=\"https:\/\/novare.se\/interim-and-recruitment\/wp-content\/uploads\/sites\/5\/2022\/09\/Kontakten_nyhet-1-768x384.jpg 768w, https:\/\/novare.se\/interim-and-recruitment\/wp-content\/uploads\/sites\/5\/2022\/09\/Kontakten_nyhet-1-360x180.jpg 360w, https:\/\/novare.se\/interim-and-recruitment\/wp-content\/uploads\/sites\/5\/2022\/09\/Kontakten_nyhet-1-1024x512.jpg 1024w, https:\/\/novare.se\/interim-and-recruitment\/wp-content\/uploads\/sites\/5\/2022\/09\/Kontakten_nyhet-1-1536x768.jpg 1536w, https:\/\/novare.se\/interim-and-recruitment\/wp-content\/uploads\/sites\/5\/2022\/09\/Kontakten_nyhet-1.jpg 1600w\" sizes=\"(max-width: 768px) 100vw, 768px\" \/>\t\t\t<div class=\"overlay\"><\/div>\n\t\t\t<div class=\"badge text-regular\" style=\"background-color: #f5f2ef; color: #000000;\">Novare Interim &#038; Recruitment<\/div>\t\t<\/div>\n\t\t<div class=\"title text-medium\">Avslutning av n\u00e4tverksprogrammet Kontakten<i class=\"arrow fa fa-arrow-right\" aria-hidden=\"true\"><\/i><\/div>\n\t\t<div class=\"pre_title\"><p>8 september 2022  | Nyhet<\/p><\/div>\n\t\t<div class=\"excerpt small\"><\/div>\n\t<\/a>\n<\/div>                                    <div class=\"row__col row__col--lg-4 listing-block--item\"  >\n\t\t<a href=\"https:\/\/novare.se\/interim-and-recruitment\/nyheter\/fredrik-hillelson-med-pa-svenskar-i-varldens-seminarium\/\">\n\t\t<div class=\"image\">\n\t\t\t<img loading=\"lazy\" decoding=\"async\" width=\"768\" height=\"384\" src=\"https:\/\/novare.se\/interim-and-recruitment\/wp-content\/uploads\/sites\/5\/2022\/09\/Fredrik_Hillelson_sviv-1-768x384.jpg\" class=\"media-item\" alt=\"Personer samtalar vid bord; text: &quot;SVENSKAR I V\u00c4RLDEN&quot;.\" srcset=\"https:\/\/novare.se\/interim-and-recruitment\/wp-content\/uploads\/sites\/5\/2022\/09\/Fredrik_Hillelson_sviv-1-768x384.jpg 768w, https:\/\/novare.se\/interim-and-recruitment\/wp-content\/uploads\/sites\/5\/2022\/09\/Fredrik_Hillelson_sviv-1-360x180.jpg 360w, https:\/\/novare.se\/interim-and-recruitment\/wp-content\/uploads\/sites\/5\/2022\/09\/Fredrik_Hillelson_sviv-1-1024x512.jpg 1024w, https:\/\/novare.se\/interim-and-recruitment\/wp-content\/uploads\/sites\/5\/2022\/09\/Fredrik_Hillelson_sviv-1-1536x768.jpg 1536w, https:\/\/novare.se\/interim-and-recruitment\/wp-content\/uploads\/sites\/5\/2022\/09\/Fredrik_Hillelson_sviv-1.jpg 1600w\" sizes=\"(max-width: 768px) 100vw, 768px\" \/>\t\t\t<div class=\"overlay\"><\/div>\n\t\t\t<div class=\"badge text-regular\" style=\"background-color: #f5f2ef; color: #000000;\">Novare Interim &#038; Recruitment<\/div>\t\t<\/div>\n\t\t<div class=\"title text-medium\">Fredrik Hillelson med p\u00e5 Svenskar i V\u00e4rldens seminarium<i class=\"arrow fa fa-arrow-right\" aria-hidden=\"true\"><\/i><\/div>\n\t\t<div class=\"pre_title\"><p>7 september 2022  | Nyhet<\/p><\/div>\n\t\t<div class=\"excerpt small\"><\/div>\n\t<\/a>\n<\/div>                                    <\/div>\n\n\n        <div class=\"row listing-block--pagination\">\n            <div class=\"row__col listing-block--pagination--results\">\n                                    <div class=\"pagination m-0\" data-max-num-pages=\"3\" data-current-page=\"1\"><button type=\"button\" data-page-no=\"1\" disabled class=\"m-0 btn--pagination pagination-item prev\"><i class=\"fa fa-chevron-left\"><\/i><\/button><button type=\"button\" data-page-no=\"1\" class=\"m-0 btn--pagination text-medium current bg-primary pagination-item\">1<\/button><button type=\"button\" data-page-no=\"2\" class=\"m-0 btn--pagination text-medium pagination-item\">2<\/button><button type=\"button\" data-page-no=\"3\" class=\"m-0 btn--pagination text-medium pagination-item\">3<\/button><button type=\"button\" data-page-no=\"2\"  class=\"m-0 btn--pagination text-medium pagination-item next\"><i class=\"fa fa-chevron-right\"><\/i><\/button><\/div>                            <\/div>\n        <\/div>\n    <\/div>\n<\/section>\n","protected":false},"excerpt":{"rendered":"","protected":false},"author":1,"featured_media":0,"parent":0,"menu_order":0,"comment_status":"closed","ping_status":"closed","template":"","meta":{"_acf_changed":false,"_seopress_robots_primary_cat":"","_seopress_titles_title":"Nyheter fr\u00e5n Novare Interim and Recruitment | Novare","_seopress_titles_desc":"Uppt\u00e4ck de senaste nyheterna och evenemangen inom interim och rekrytering hos Novare. L\u00e4r dig hj\u00e4rnsmarta strategier och st\u00e4rk din karri\u00e4r.","_seopress_robots_index":"","inline_featured_image":false,"footnotes":""},"class_list":["post-211","page","type-page","status-publish","hentry"],"acf":[],"_links":{"self":[{"href":"https:\/\/novare.se\/interim-and-recruitment\/wp-json\/wp\/v2\/pages\/211","targetHints":{"allow":["GET"]}}],"collection":[{"href":"https:\/\/novare.se\/interim-and-recruitment\/wp-json\/wp\/v2\/pages"}],"about":[{"href":"https:\/\/novare.se\/interim-and-recruitment\/wp-json\/wp\/v2\/types\/page"}],"author":[{"embeddable":true,"href":"https:\/\/novare.se\/interim-and-recruitment\/wp-json\/wp\/v2\/users\/1"}],"replies":[{"embeddable":true,"href":"https:\/\/novare.se\/interim-and-recruitment\/wp-json\/wp\/v2\/comments?post=211"}],"version-history":[{"count":7,"href":"https:\/\/novare.se\/interim-and-recruitment\/wp-json\/wp\/v2\/pages\/211\/revisions"}],"predecessor-version":[{"id":5376,"href":"https:\/\/novare.se\/interim-and-recruitment\/wp-json\/wp\/v2\/pages\/211\/revisions\/5376"}],"wp:attachment":[{"href":"https:\/\/novare.se\/interim-and-recruitment\/wp-json\/wp\/v2\/media?parent=211"}],"curies":[{"name":"wp","href":"https:\/\/api.w.org\/{rel}","templated":true}]}}