{"id":2481,"date":"2024-06-17T09:19:46","date_gmt":"2024-06-17T09:19:46","guid":{"rendered":"https:\/\/novare.se\/executive-search\/?page_id=2481"},"modified":"2026-02-03T17:38:01","modified_gmt":"2026-02-03T17:38:01","slug":"process","status":"publish","type":"page","link":"https:\/\/novare.se\/executive-search\/process\/","title":{"rendered":"Process"},"content":{"rendered":"<section id=\"hero-3-block_05291d711543c5b79db4175ce9ab8315\" class=\"block hero-3  m-b \">\n    <div class=\"hero-3--top-section bg-primary\">\n                    <div class=\"bg-backdrop\">\n                <div class=\"bg-backdrop--inner\"><\/div>\n            <\/div>\n                <div class=\"container\">\n            <div class=\"row\">\n                <div class=\"row__col\">\n                    <div class=\"text-img-wrapper\">\n                        <div class=\"text-col\" >\n                                                                \n                                <div class=\"title-wrapper\" >\n                                    <h1 class=\"h1 text-left\">V\u00e5r process<\/h1>                                <\/div>\n                                                            \n                            \n                            \n                                                            <div class='btn-wrapper'><div class=\"btn-element\" ><a class=\"btn btn--white\" href=\"https:\/\/novare.se\/executive-search\/kontakta-oss\/\"target=\"_self\">Kontakta oss<\/a><\/div><\/div>    \n                                                    <\/div>\n\n                                                    <div class=\"2854 HEROTHREEIMG img-col \"   >\n                            <img loading=\"lazy\" decoding=\"async\" width=\"1024\" height=\"945\" src=\"https:\/\/novare.se\/executive-search\/wp-content\/uploads\/sites\/2\/2024\/06\/Novare_sma28_webb-1024x945.jpg\" class=\"attachment-large size-large\" alt=\"Personer samtalar vid ett skrivbord, v\u00e4ggklocka i bakgrunden.\" srcset=\"https:\/\/novare.se\/executive-search\/wp-content\/uploads\/sites\/2\/2024\/06\/Novare_sma28_webb-1024x945.jpg 1024w, https:\/\/novare.se\/executive-search\/wp-content\/uploads\/sites\/2\/2024\/06\/Novare_sma28_webb-360x332.jpg 360w, https:\/\/novare.se\/executive-search\/wp-content\/uploads\/sites\/2\/2024\/06\/Novare_sma28_webb-768x709.jpg 768w, https:\/\/novare.se\/executive-search\/wp-content\/uploads\/sites\/2\/2024\/06\/Novare_sma28_webb.jpg 1300w\" sizes=\"(max-width: 1024px) 100vw, 1024px\" \/>                                \n                            <\/div>\n                                            <\/div>\n                <\/div>\n            <\/div>\n        <\/div>\n    <\/div>\n            <div class=\"hero-3--bottom-section \"  >\n        <div class=\"breadcrumbs dark-text\">\n\t<div class=\"container\">\n        <div class=\"row\">\n            <div class=\"row__col\">\n                <div class=\"breadcrumbs--inner\">\n                    <ul>\n                                                                                <li>\n                                <a href=\"https:\/\/novare.se\/\" class=\"alt\">\n                                    Novare                                <\/a>\n                            <\/li>\n                            \n\t\t\t                                        <li>\n                                <a href=\"https:\/\/novare.se\/executive-search\/\" class=\"alt\">\n                                                                            Novare Executive Search                                                                    <\/a>\n                            <\/li>\n\t\t\t                                    <li><span class=\"alt\">Process<\/span><\/li>\n                    <\/ul>\n                <\/div>\n            <\/div>\n        <\/div>\n\t<\/div>\n<\/div>        <\/div>\n    \n    <\/section>\n\n\n<section id=\"one-column-text-block-block_5b868c6514ab5e36c2a03cd742256aca\" class=\"block one-column-text-block  m-b bg-default\">\n    <div class=\"container\">\n        <div class=\"row row--middle\">\n                            <div class=\"row__col row__col--lg-8\">\n                    <div class=\"title-wrapper\" data-aos-anchor='#one-column-text-block-block_5b868c6514ab5e36c2a03cd742256aca'data-aos='fade-up'data-aos-easing='ease-in-out-sine'data-aos-duration='500'data-aos-delay='0'data-aos-once='true'data-aos-offset='250' >\n                                            <\/div>\n                <\/div>\n                            \n                            <div class=\"row__col row__col--lg-8\" data-aos-anchor='#one-column-text-block-block_5b868c6514ab5e36c2a03cd742256aca'data-aos='fade-up'data-aos-easing='ease-in-out-sine'data-aos-duration='500'data-aos-delay='250'data-aos-once='true'data-aos-offset='250'>\n                    <p class=\"preamble m-0\">F\u00f6r att s\u00e4kerst\u00e4lla att vi alltid m\u00f6ter och \u00f6vertr\u00e4ffar v\u00e5ra kunder f\u00f6rv\u00e4ntningar, har vi tagit fram en process som \u00e4r transparent, smidig och kundfokuserad. Fr\u00e5n den inledande konsultationen till slutleveransen arbetar vi n\u00e4ra v\u00e5ra kunder f\u00f6r att f\u00f6rst\u00e5 deras unika behov.<\/p>                <\/div>\n            \n                            <div class=\"row__col row__col--lg-8\" data-aos-anchor='#one-column-text-block-block_5b868c6514ab5e36c2a03cd742256aca'data-aos='fade-up'data-aos-easing='ease-in-out-sine'data-aos-duration='500'data-aos-delay='250'data-aos-once='true'data-aos-offset='250'>\n                    <div class=\"text-wrapper editor-content\">\n                        <p>V\u00e5r process best\u00e5r av sju delar:<\/p>\n<p>&nbsp;<\/p>\n<ul>\n<li>Analys<\/li>\n<\/ul>\n<p>Vi inleder processen med att tr\u00e4ffa och intervjua ber\u00f6rda intressenter i ledning och\/eller styrelse f\u00f6r att fastst\u00e4lla utmaningar och m\u00e5ls\u00e4ttningar f\u00f6r rollen och f\u00f6r att gemensamt ta fram en kravprofil f\u00f6r positionen. Vi utg\u00e5r fr\u00e5n kravprofilen under hela rekryteringsprocessen.<\/p>\n<p>&nbsp;<\/p>\n<ul>\n<li>Search och Kartl\u00e4ggning<\/li>\n<\/ul>\n<p>Parallellt med analysen genomf\u00f6rs en kartl\u00e4ggning av potentiella kandidater. Vi kartl\u00e4gger relevanta branscher och n\u00e4rliggande omr\u00e5den samt drar nytta av Novares omfattande n\u00e4tverk f\u00f6r att identifiera de b\u00e4st l\u00e4mpade kandidaterna.<\/p>\n<p>&nbsp;<\/p>\n<ul>\n<li>Djupintervjuer &amp; Personbed\u00f6mningar<\/li>\n<\/ul>\n<p>Vi genomf\u00f6r djupintervjuer och personbed\u00f6mningar av de mest intressanta kandidaterna och ser till att arbetet fortl\u00f6per effektivt och strukturerat.<\/p>\n<p>&nbsp;<\/p>\n<ul>\n<li>Presentation<\/li>\n<\/ul>\n<p>Vi presenterar ett urval av de mest kvalificerade kandidaterna som motsvarar kravprofilen och som vi rekommenderar kunden att tr\u00e4ffa.<\/p>\n<p>&nbsp;<\/p>\n<ul>\n<li>Referenstagning<\/li>\n<\/ul>\n<p>Vi genomf\u00f6r en omfattande referenstagning p\u00e5 den kandidat som kunden \u00f6nskar anst\u00e4lla. Vi g\u00f6r \u00e4ven en bakgrundskontroll genom v\u00e5rt systerbolag Valida.<\/p>\n<p>&nbsp;<\/p>\n<ul>\n<li>\nSignering<\/li>\n<\/ul>\n<p>Vi f\u00f6ljer kund och kandidat hela v\u00e4gen genom f\u00f6rhandling och signering av anst\u00e4llningsavtal.<\/p>\n<p>&nbsp;<\/p>\n<ul>\n<li>Uppf\u00f6ljning<\/li>\n<\/ul>\n<p>Vi f\u00f6ljer upp rekryteringen med kund och kandidat efter cirka sex m\u00e5nader f\u00f6r att ta del av hur den f\u00f6rsta tiden upplevts.<\/p>\n                    <\/div>\n                <\/div>\n                            \n            \n                    <\/div>\n    <\/div>\n<\/section>\n\n<section id=\"contact-persons-block_2e951504b5d68421b46e001ca88ff4c0\" class=\"block contact-persons  m-b\">\n    <div class=\"container\">\n        <div class=\"row\">\n            <div class=\"row__col row__col--lg-12\">\n                <div class=\"contact-persons--wrapper bg-primary\">\n                    <div class=\"contact-persons--wrapper--content\" >\n                                                    <div class=\"header-wrapper\" >\n                                <h3 class=\"h3 text-left\">Vill du veta mer? <strong><i>H\u00f6r av dig!<\/i><\/strong><\/h3>                            <\/div>\n                        \n                        \n                                            <\/div>\n                    <div class=\"contact-persons--wrapper--people\">\n                                                                                    <div class=\"contact-person\" data-aos-anchor='#contact-persons-block_2e951504b5d68421b46e001ca88ff4c0'data-aos='fade-right'data-aos-easing='ease-in-out-sine'data-aos-duration='500'data-aos-delay='0'data-aos-once='true'data-aos-offset='250' >\n                                    <div class=\"contact-person--image\">\n                                        <img loading=\"lazy\" decoding=\"async\" width=\"360\" height=\"258\" src=\"https:\/\/novare.se\/executive-search\/wp-content\/uploads\/sites\/2\/2024\/05\/Magdalena_Ihre_Tiny-360x258.jpg\" class=\"attachment-medium size-medium\" alt=\"Kvinna ler, kl\u00e4dd i m\u00f6rk kavaj, neutral bakgrund.\" srcset=\"https:\/\/novare.se\/executive-search\/wp-content\/uploads\/sites\/2\/2024\/05\/Magdalena_Ihre_Tiny-360x258.jpg 360w, https:\/\/novare.se\/executive-search\/wp-content\/uploads\/sites\/2\/2024\/05\/Magdalena_Ihre_Tiny.jpg 670w\" sizes=\"(max-width: 360px) 100vw, 360px\" \/>                                    <\/div>\n                                    <div class=\"contact-person--details\">\n                                        <div class=\"name-wrapper\">\n                                            <a href=\"https:\/\/novare.se\/executive-search\/medarbetare\/magdalena-ihre\/\">Magdalena  Ihre<\/a>\n                                        <\/div>\n                                        <div class=\"title-wrapper\">\n                                            <p>Senior Partner &#038; Kommersiell chef<\/p>\n                                        <\/div>\n                                        <div class=\"email-wrapper\">\n                                            <a href=\"mailto:magdalena.ihre@novare.se\">magdalena.ihre@novare.se<\/a>\n                                        <\/div>\n                                        <div class=\"phone-wrapper\">\n                                            <a href=\"tel:+46706055500\">+46 706 05 55 00<\/a>\n                                        <\/div>\n                                    <\/div>\n                                <\/div>\n                                                    <\/div>\n                <\/div>\n            <\/div>\n        <\/div>\n    <\/div>\n<\/section>\n\n\n<section id=\"faq-block-block_f2a1cf3b8d64a62291c1aa3995183930\" class=\"block faq-block  m-b bg-default\">\n    <div class=\"container\">\n        <div class=\"row\">\n            <div class=\"row__col row__col--lg-6\" data-aos-anchor='#faq-block-block_f2a1cf3b8d64a62291c1aa3995183930'data-aos='fade-up'data-aos-easing='ease-in-out-sine'data-aos-duration='500'data-aos-delay='0'data-aos-once='true'data-aos-offset='250' >\n                <img loading=\"lazy\" decoding=\"async\" width=\"1024\" height=\"945\" src=\"https:\/\/novare.se\/executive-search\/wp-content\/uploads\/sites\/2\/2024\/06\/Novare_sma23_webb-1024x945.jpg\" class=\"media-item\" alt=\"Tv\u00e5 personer pratar v\u00e4nligt p\u00e5 en balkong med byggnader i bakgrunden.\" srcset=\"https:\/\/novare.se\/executive-search\/wp-content\/uploads\/sites\/2\/2024\/06\/Novare_sma23_webb-1024x945.jpg 1024w, https:\/\/novare.se\/executive-search\/wp-content\/uploads\/sites\/2\/2024\/06\/Novare_sma23_webb-360x332.jpg 360w, https:\/\/novare.se\/executive-search\/wp-content\/uploads\/sites\/2\/2024\/06\/Novare_sma23_webb-768x709.jpg 768w, https:\/\/novare.se\/executive-search\/wp-content\/uploads\/sites\/2\/2024\/06\/Novare_sma23_webb.jpg 1300w\" sizes=\"(max-width: 1024px) 100vw, 1024px\" \/>            <\/div>\n            \n            <div class=\"row__col row__col--lg-6\">\n                                    <div class=\"title-wrapper text-medium\" data-aos-anchor='#faq-block-block_f2a1cf3b8d64a62291c1aa3995183930'data-aos='fade-up'data-aos-easing='ease-in-out-sine'data-aos-duration='500'data-aos-delay='300'data-aos-once='true'data-aos-offset='250' >\n                        <h2 class=\"h3 text-left\">Vanliga fr\u00e5gor om v\u00e5r <i><strong>process<\/i><\/strong><\/h2>                    <\/div>\n                                                    \n                                    <div class=\"accordion\">\n                                                    <div class=\"accordion-item\" data-aos-anchor='#faq-block-block_f2a1cf3b8d64a62291c1aa3995183930'data-aos='fade-right'data-aos-easing='ease-in-out-sine'data-aos-duration='500'data-aos-delay='1000'data-aos-once='true'data-aos-offset='250' >\n                                <div class=\"accordion-header\">\n                                    <span class=\"question\">Hur \u00e4r Novares process uppbyggd?<\/span>\n                                    <i class=\"fa fa-plus\"><\/i><i class=\"fa fa-minus hidden\"><\/i>\n                                <\/div>\n                                <div class=\"accordion-content\" style=\"display: none;\">\n                                    <span class=\"separator\"><\/span>\n                                    Processen \u00e4r strukturerad och tydlig, med ett antal definierade steg som s\u00e4kerst\u00e4ller kvalitet, f\u00f6rankring och v\u00e4lgrundade beslut genom hela uppdraget.                                <\/div>\n                            <\/div>\n                                                        <div class=\"accordion-item\" data-aos-anchor='#faq-block-block_f2a1cf3b8d64a62291c1aa3995183930'data-aos='fade-right'data-aos-easing='ease-in-out-sine'data-aos-duration='500'data-aos-delay='1250'data-aos-once='true'data-aos-offset='250' >\n                                <div class=\"accordion-header\">\n                                    <span class=\"question\">Varf\u00f6r \u00e4r en tydlig process viktig vid tills\u00e4ttning av nyckelroller?<\/span>\n                                    <i class=\"fa fa-plus\"><\/i><i class=\"fa fa-minus hidden\"><\/i>\n                                <\/div>\n                                <div class=\"accordion-content\" style=\"display: none;\">\n                                    <span class=\"separator\"><\/span>\n                                    En tydlig process skapar transparens, minskar risk och ger ett stabilt beslutsunderlag n\u00e4r roller med stort ansvar och l\u00e5ngsiktig p\u00e5verkan ska tills\u00e4ttas.                                <\/div>\n                            <\/div>\n                                                        <div class=\"accordion-item\" data-aos-anchor='#faq-block-block_f2a1cf3b8d64a62291c1aa3995183930'data-aos='fade-right'data-aos-easing='ease-in-out-sine'data-aos-duration='500'data-aos-delay='1500'data-aos-once='true'data-aos-offset='250' >\n                                <div class=\"accordion-header\">\n                                    <span class=\"question\">Hur anpassas processen efter olika organisationer och uppdrag?<\/span>\n                                    <i class=\"fa fa-plus\"><\/i><i class=\"fa fa-minus hidden\"><\/i>\n                                <\/div>\n                                <div class=\"accordion-content\" style=\"display: none;\">\n                                    <span class=\"separator\"><\/span>\n                                    Processen anpassas utifr\u00e5n organisationens m\u00e5l, kontext och behov, d\u00e4r omfattning, tempo och fokus justeras f\u00f6r att passa varje enskilt uppdrag.                                <\/div>\n                            <\/div>\n                                                        <div class=\"accordion-item\" data-aos-anchor='#faq-block-block_f2a1cf3b8d64a62291c1aa3995183930'data-aos='fade-right'data-aos-easing='ease-in-out-sine'data-aos-duration='500'data-aos-delay='1750'data-aos-once='true'data-aos-offset='250' >\n                                <div class=\"accordion-header\">\n                                    <span class=\"question\">Vilken roll har dialog och analys i processen?<\/span>\n                                    <i class=\"fa fa-plus\"><\/i><i class=\"fa fa-minus hidden\"><\/i>\n                                <\/div>\n                                <div class=\"accordion-content\" style=\"display: none;\">\n                                    <span class=\"separator\"><\/span>\n                                    Dialog och analys \u00e4r centrala delar och anv\u00e4nds f\u00f6r att s\u00e4kerst\u00e4lla samsyn kring krav, f\u00f6rv\u00e4ntningar och f\u00f6ruts\u00e4ttningar innan beslut fattas.                                <\/div>\n                            <\/div>\n                                                        <div class=\"accordion-item\" data-aos-anchor='#faq-block-block_f2a1cf3b8d64a62291c1aa3995183930'data-aos='fade-right'data-aos-easing='ease-in-out-sine'data-aos-duration='500'data-aos-delay='2000'data-aos-once='true'data-aos-offset='250' >\n                                <div class=\"accordion-header\">\n                                    <span class=\"question\">Hur bidrar processen till h\u00e5llbara beslut \u00f6ver tid?<\/span>\n                                    <i class=\"fa fa-plus\"><\/i><i class=\"fa fa-minus hidden\"><\/i>\n                                <\/div>\n                                <div class=\"accordion-content\" style=\"display: none;\">\n                                    <span class=\"separator\"><\/span>\n                                    Genom struktur, kontinuerlig avst\u00e4mning och helhetsbed\u00f6mning skapar processen f\u00f6ruts\u00e4ttningar f\u00f6r beslut som \u00e4r genomt\u00e4nkta, f\u00f6rankrade och l\u00e5ngsiktigt h\u00e5llbara.                                <\/div>\n                            <\/div>\n                                                <\/div>\n                            <\/div>\n        <\/div>\n    <\/div>\n<\/section>\n","protected":false},"excerpt":{"rendered":"","protected":false},"author":4,"featured_media":0,"parent":0,"menu_order":0,"comment_status":"closed","ping_status":"closed","template":"","meta":{"_acf_changed":false,"_seopress_robots_primary_cat":"","_seopress_titles_title":"Effektiv rekryteringsprocess med Novare - novare.se","_seopress_titles_desc":"Novare Executive Search erbjuder en transparent och effektiv rekryteringsprocess i sju steg, fr\u00e5n analys till uppf\u00f6ljning, f\u00f6r att \u00f6vertr\u00e4ffa kundens f\u00f6rv\u00e4ntningar.","_seopress_robots_index":"","inline_featured_image":false,"footnotes":""},"class_list":["post-2481","page","type-page","status-publish","hentry"],"acf":[],"_links":{"self":[{"href":"https:\/\/novare.se\/executive-search\/wp-json\/wp\/v2\/pages\/2481","targetHints":{"allow":["GET"]}}],"collection":[{"href":"https:\/\/novare.se\/executive-search\/wp-json\/wp\/v2\/pages"}],"about":[{"href":"https:\/\/novare.se\/executive-search\/wp-json\/wp\/v2\/types\/page"}],"author":[{"embeddable":true,"href":"https:\/\/novare.se\/executive-search\/wp-json\/wp\/v2\/users\/4"}],"replies":[{"embeddable":true,"href":"https:\/\/novare.se\/executive-search\/wp-json\/wp\/v2\/comments?post=2481"}],"version-history":[{"count":11,"href":"https:\/\/novare.se\/executive-search\/wp-json\/wp\/v2\/pages\/2481\/revisions"}],"predecessor-version":[{"id":15319,"href":"https:\/\/novare.se\/executive-search\/wp-json\/wp\/v2\/pages\/2481\/revisions\/15319"}],"wp:attachment":[{"href":"https:\/\/novare.se\/executive-search\/wp-json\/wp\/v2\/media?parent=2481"}],"curies":[{"name":"wp","href":"https:\/\/api.w.org\/{rel}","templated":true}]}}