{"id":2147,"date":"2024-05-29T12:53:54","date_gmt":"2024-05-29T12:53:54","guid":{"rendered":"https:\/\/novare.se\/executive-search\/?page_id=2147"},"modified":"2026-02-18T14:08:49","modified_gmt":"2026-02-18T14:08:49","slug":"life-science-healthcare","status":"publish","type":"page","link":"https:\/\/novare.se\/executive-search\/life-science-healthcare\/","title":{"rendered":"Life Science &#038; Healthcare"},"content":{"rendered":"<section id=\"hero-3-block_1489d000cc1d5ad53a2a6ef72e7129de\" class=\"block hero-3  m-b \">\n    <div class=\"hero-3--top-section bg-primary\">\n                    <div class=\"bg-backdrop\">\n                <div class=\"bg-backdrop--inner\"><\/div>\n            <\/div>\n                <div class=\"container\">\n            <div class=\"row\">\n                <div class=\"row__col\">\n                    <div class=\"text-img-wrapper\">\n                        <div class=\"text-col\" >\n                                                                \n                                <div class=\"title-wrapper\" >\n                                    <h1 class=\"h2 text-left\"><strong><i>Life Science &amp; Healthcare<\/i><\/strong><\/h1>                                <\/div>\n                                                            \n                            \n                                                            <div class=\"text-wrapper\" >\n                                    <p>Vi hj\u00e4lper organisationer inom Life Science och Healthcare att s\u00e4kra r\u00e4tt ledare och specialistkompetens f\u00f6r att driva innovation, tillv\u00e4xt och h\u00e5llbar utveckling.<\/p>\n                                <\/div>\n                                                            \n                                                            <div class='btn-wrapper'><div class=\"btn-element\" ><a class=\"btn btn--white\" href=\"https:\/\/novare.se\/executive-search\/kontakta-oss\/\"target=\"_self\">Kontakta oss<\/a><\/div><\/div>    \n                                                    <\/div>\n\n                                                    <div class=\"2200 HEROTHREEIMG img-col \"   >\n                            <img loading=\"lazy\" decoding=\"async\" width=\"640\" height=\"427\" src=\"https:\/\/novare.se\/executive-search\/wp-content\/uploads\/sites\/2\/2024\/05\/LifeScience.jpg\" class=\"attachment-large size-large\" alt=\"Kvinna hanterar pipett vid laboratoriumsb\u00e4nk med skyddsutrustning.\" srcset=\"https:\/\/novare.se\/executive-search\/wp-content\/uploads\/sites\/2\/2024\/05\/LifeScience.jpg 640w, https:\/\/novare.se\/executive-search\/wp-content\/uploads\/sites\/2\/2024\/05\/LifeScience-360x240.jpg 360w\" sizes=\"(max-width: 640px) 100vw, 640px\" \/>                                \n                            <\/div>\n                                            <\/div>\n                <\/div>\n            <\/div>\n        <\/div>\n    <\/div>\n            <div class=\"hero-3--bottom-section \"  >\n        <div class=\"breadcrumbs dark-text\">\n\t<div class=\"container\">\n        <div class=\"row\">\n            <div class=\"row__col\">\n                <div class=\"breadcrumbs--inner\">\n                    <ul>\n                                                                                <li>\n                                <a href=\"https:\/\/novare.se\/\" class=\"alt\">\n                                    Novare                                <\/a>\n                            <\/li>\n                            \n\t\t\t                                        <li>\n                                <a href=\"https:\/\/novare.se\/executive-search\/\" class=\"alt\">\n                                                                            Novare Executive Search                                                                    <\/a>\n                            <\/li>\n\t\t\t                                    <li><span class=\"alt\">Life Science &#038; Healthcare<\/span><\/li>\n                    <\/ul>\n                <\/div>\n            <\/div>\n        <\/div>\n\t<\/div>\n<\/div>        <\/div>\n    \n    <\/section>\n\n\n<section id=\"one-column-text-block-block_0946ed531334aebd239fa3e9865ebd8a\" class=\"block one-column-text-block  m-b bg-default\">\n    <div class=\"container\">\n        <div class=\"row row--middle\">\n                            <div class=\"row__col row__col--lg-8\">\n                    <div class=\"title-wrapper\" data-aos-anchor='#one-column-text-block-block_0946ed531334aebd239fa3e9865ebd8a'data-aos='fade-up'data-aos-easing='ease-in-out-sine'data-aos-duration='500'data-aos-delay='0'data-aos-once='true'data-aos-offset='250' >\n                        <h3 class=\"h4 m-0 text-left\">Life Science i <strong><i>transformation<\/i><\/strong><\/h3>                    <\/div>\n                <\/div>\n                            \n                            <div class=\"row__col row__col--lg-8\" data-aos-anchor='#one-column-text-block-block_0946ed531334aebd239fa3e9865ebd8a'data-aos='fade-up'data-aos-easing='ease-in-out-sine'data-aos-duration='500'data-aos-delay='250'data-aos-once='true'data-aos-offset='250'>\n                    <p class=\"preamble m-0\">Vi lever allt l\u00e4ngre och v\u00e5rdbehoven \u00f6kar i snabb takt. Samtidigt genomg\u00e5r Life Science-branschen en kraftig tillv\u00e4xt och transformation, driven av medicinska genombrott, digitalisering, AI och erfarenheter fr\u00e5n pandemin. <\/p>                <\/div>\n            \n                            <div class=\"row__col row__col--lg-8\" data-aos-anchor='#one-column-text-block-block_0946ed531334aebd239fa3e9865ebd8a'data-aos='fade-up'data-aos-easing='ease-in-out-sine'data-aos-duration='500'data-aos-delay='250'data-aos-once='true'data-aos-offset='250'>\n                    <div class=\"text-wrapper editor-content\">\n                        <h5>R\u00e4tt kompetens \u00e4r avg\u00f6rande f\u00f6r l\u00e5ngsiktig framg\u00e5ng<\/h5>\n<p>Forskningsframsteg, innovation och AI skapar nya m\u00f6jligheter inom Life Science. Men det \u00e4r chefer och medarbetare som g\u00f6r den verkliga skillnaden f\u00f6r f\u00f6retag och organisationer. Det \u00e4r deras kompetens, erfarenhet, engagemang och drivkraft som m\u00f6jligg\u00f6r utveckling och l\u00e5ngsiktig framg\u00e5ng.<\/p>\n<p>&nbsp;<\/p>\n<p>Vi har djup expertis och m\u00e5ng\u00e5rig erfarenhet av rekrytering inom Life Science, med uppdrag som sp\u00e4nner fr\u00e5n styrelser och ledningsgrupper till seniora ledarroller och specialistkompetenser. Genom v\u00e5rt breda och st\u00e4ndigt uppdaterade n\u00e4tverk inom branschen m\u00f6ter vi kontinuerligt nya kandidater.<\/p>\n                    <\/div>\n                <\/div>\n                            \n            \n                    <\/div>\n    <\/div>\n<\/section>\n\n<section id=\"contact-persons-block_58811597a9858181271aa7f0c3ac2a1f\" class=\"block contact-persons  m-b\">\n    <div class=\"container\">\n        <div class=\"row\">\n            <div class=\"row__col row__col--lg-12\">\n                <div class=\"contact-persons--wrapper bg-gold-light\">\n                    <div class=\"contact-persons--wrapper--content\" >\n                                                    <div class=\"header-wrapper\" >\n                                <h4 class=\"h4 text-left\"><strong><i>Vill du veta mer?<\/i><\/strong><\/h4>                            <\/div>\n                        \n                                                    <div class=\"text-wrapper\">\n                                <p>Du \u00e4r varmt v\u00e4lkommen att ta kontakt med v\u00e5r teamleader Malcolm Leijonhielm f\u00f6r mer information om hur vi kan hj\u00e4lpa dig.<\/p>\n<p>&nbsp;<\/p>\n                            <\/div>\n                        \n                                                                                                <\/div>\n                    <div class=\"contact-persons--wrapper--people\">\n                                                                                    <div class=\"contact-person\" data-aos-anchor='#contact-persons-block_58811597a9858181271aa7f0c3ac2a1f'data-aos='fade-right'data-aos-easing='ease-in-out-sine'data-aos-duration='500'data-aos-delay='0'data-aos-once='true'data-aos-offset='250' >\n                                    <div class=\"contact-person--image\">\n                                        <img loading=\"lazy\" decoding=\"async\" width=\"360\" height=\"329\" src=\"https:\/\/novare.se\/executive-search\/wp-content\/uploads\/sites\/2\/2024\/05\/malcolm_leijonheilm-1-656x600-1-360x329.jpg\" class=\"attachment-medium size-medium\" alt=\"malcolm leijonheilm\" srcset=\"https:\/\/novare.se\/executive-search\/wp-content\/uploads\/sites\/2\/2024\/05\/malcolm_leijonheilm-1-656x600-1-360x329.jpg 360w, https:\/\/novare.se\/executive-search\/wp-content\/uploads\/sites\/2\/2024\/05\/malcolm_leijonheilm-1-656x600-1.jpg 656w\" sizes=\"(max-width: 360px) 100vw, 360px\" \/>                                    <\/div>\n                                    <div class=\"contact-person--details\">\n                                        <div class=\"name-wrapper\">\n                                            <a href=\"https:\/\/novare.se\/executive-search\/medarbetare\/malcolm-leijonhielm\/\">Malcolm  Leijonhielm<\/a>\n                                        <\/div>\n                                        <div class=\"title-wrapper\">\n                                            <p>Senior Consultant<\/p>\n                                        <\/div>\n                                        <div class=\"email-wrapper\">\n                                            <a href=\"mailto:malcolm.leijonhielm@novare.se\">malcolm.leijonhielm@novare.se<\/a>\n                                        <\/div>\n                                        <div class=\"phone-wrapper\">\n                                            <a href=\"tel:+46735064310\">+46 735 06 43 10<\/a>\n                                        <\/div>\n                                    <\/div>\n                                <\/div>\n                                                    <\/div>\n                <\/div>\n            <\/div>\n        <\/div>\n    <\/div>\n<\/section>\n\n\n<section id=\"faq-block-block_091708dafeab6f71b2bc7f77bc11199b\" class=\"block faq-block  m-b bg-default\">\n    <div class=\"container\">\n        <div class=\"row\">\n            <div class=\"row__col row__col--lg-6\" data-aos-anchor='#faq-block-block_091708dafeab6f71b2bc7f77bc11199b'data-aos='fade-up'data-aos-easing='ease-in-out-sine'data-aos-duration='500'data-aos-delay='0'data-aos-once='true'data-aos-offset='250' >\n                <img loading=\"lazy\" decoding=\"async\" width=\"1024\" height=\"945\" src=\"https:\/\/novare.se\/executive-search\/wp-content\/uploads\/sites\/2\/2024\/06\/Novare_sma23_webb-1024x945.jpg\" class=\"media-item\" alt=\"Tv\u00e5 personer pratar v\u00e4nligt p\u00e5 en balkong med byggnader i bakgrunden.\" srcset=\"https:\/\/novare.se\/executive-search\/wp-content\/uploads\/sites\/2\/2024\/06\/Novare_sma23_webb-1024x945.jpg 1024w, https:\/\/novare.se\/executive-search\/wp-content\/uploads\/sites\/2\/2024\/06\/Novare_sma23_webb-360x332.jpg 360w, https:\/\/novare.se\/executive-search\/wp-content\/uploads\/sites\/2\/2024\/06\/Novare_sma23_webb-768x709.jpg 768w, https:\/\/novare.se\/executive-search\/wp-content\/uploads\/sites\/2\/2024\/06\/Novare_sma23_webb.jpg 1300w\" sizes=\"(max-width: 1024px) 100vw, 1024px\" \/>            <\/div>\n            \n            <div class=\"row__col row__col--lg-6\">\n                                    <div class=\"title-wrapper text-medium\" data-aos-anchor='#faq-block-block_091708dafeab6f71b2bc7f77bc11199b'data-aos='fade-up'data-aos-easing='ease-in-out-sine'data-aos-duration='500'data-aos-delay='300'data-aos-once='true'data-aos-offset='250' >\n                        <h2 class=\"h3 text-left\">Vanliga fr\u00e5gor om <i><strong>life science och healthcare<\/i><\/strong><\/h2>                    <\/div>\n                                                    \n                                    <div class=\"accordion\">\n                                                    <div class=\"accordion-item\" data-aos-anchor='#faq-block-block_091708dafeab6f71b2bc7f77bc11199b'data-aos='fade-right'data-aos-easing='ease-in-out-sine'data-aos-duration='500'data-aos-delay='1000'data-aos-once='true'data-aos-offset='250' >\n                                <div class=\"accordion-header\">\n                                    <span class=\"question\">Hur st\u00f6ttar Novare organisationer inom life science och healthcare?<\/span>\n                                    <i class=\"fa fa-plus\"><\/i><i class=\"fa fa-minus hidden\"><\/i>\n                                <\/div>\n                                <div class=\"accordion-content\" style=\"display: none;\">\n                                    <span class=\"separator\"><\/span>\n                                    Vi arbetar med organisationer inom life science och healthcare f\u00f6r att identifiera och utv\u00e4rdera ledare och nyckelpersoner som kan verka i kunskapsintensiva, reglerade och forskningsn\u00e4ra milj\u00f6er.                                <\/div>\n                            <\/div>\n                                                        <div class=\"accordion-item\" data-aos-anchor='#faq-block-block_091708dafeab6f71b2bc7f77bc11199b'data-aos='fade-right'data-aos-easing='ease-in-out-sine'data-aos-duration='500'data-aos-delay='1250'data-aos-once='true'data-aos-offset='250' >\n                                <div class=\"accordion-header\">\n                                    <span class=\"question\">Vilka typer av verksamheter inom life science och healthcare samarbetar Novare med?<\/span>\n                                    <i class=\"fa fa-plus\"><\/i><i class=\"fa fa-minus hidden\"><\/i>\n                                <\/div>\n                                <div class=\"accordion-content\" style=\"display: none;\">\n                                    <span class=\"separator\"><\/span>\n                                    Novare samarbetar med l\u00e4kemedelsbolag, medicintekniska f\u00f6retag, bioteknikbolag samt v\u00e5rd- och h\u00e4lsorelaterade organisationer i b\u00e5de privat och offentlig sektor.                                <\/div>\n                            <\/div>\n                                                        <div class=\"accordion-item\" data-aos-anchor='#faq-block-block_091708dafeab6f71b2bc7f77bc11199b'data-aos='fade-right'data-aos-easing='ease-in-out-sine'data-aos-duration='500'data-aos-delay='1500'data-aos-once='true'data-aos-offset='250' >\n                                <div class=\"accordion-header\">\n                                    <span class=\"question\">Vad \u00e4r s\u00e4rskilt viktigt vid tills\u00e4ttning av ledande roller inom life science och healthcare?<\/span>\n                                    <i class=\"fa fa-plus\"><\/i><i class=\"fa fa-minus hidden\"><\/i>\n                                <\/div>\n                                <div class=\"accordion-content\" style=\"display: none;\">\n                                    <span class=\"separator\"><\/span>\n                                    Branschen st\u00e4ller h\u00f6ga krav p\u00e5 vetenskaplig f\u00f6rst\u00e5else, regelefterlevnad och f\u00f6rm\u00e5ga att leda verksamheter d\u00e4r kvalitet, s\u00e4kerhet och l\u00e5ngsiktighet \u00e4r avg\u00f6rande.                                <\/div>\n                            <\/div>\n                                                        <div class=\"accordion-item\" data-aos-anchor='#faq-block-block_091708dafeab6f71b2bc7f77bc11199b'data-aos='fade-right'data-aos-easing='ease-in-out-sine'data-aos-duration='500'data-aos-delay='1750'data-aos-once='true'data-aos-offset='250' >\n                                <div class=\"accordion-header\">\n                                    <span class=\"question\">Hur tar Novare h\u00e4nsyn till regulatoriska krav och komplexa milj\u00f6er?<\/span>\n                                    <i class=\"fa fa-plus\"><\/i><i class=\"fa fa-minus hidden\"><\/i>\n                                <\/div>\n                                <div class=\"accordion-content\" style=\"display: none;\">\n                                    <span class=\"separator\"><\/span>\n                                    Vi har god f\u00f6rst\u00e5else f\u00f6r regulatoriska ramverk och anpassar v\u00e5ra arbetss\u00e4tt f\u00f6r att s\u00e4kerst\u00e4lla att kandidater har erfarenhet av styrning, kvalitetssystem och komplexa beslutsmilj\u00f6er.                                <\/div>\n                            <\/div>\n                                                        <div class=\"accordion-item\" data-aos-anchor='#faq-block-block_091708dafeab6f71b2bc7f77bc11199b'data-aos='fade-right'data-aos-easing='ease-in-out-sine'data-aos-duration='500'data-aos-delay='2000'data-aos-once='true'data-aos-offset='250' >\n                                <div class=\"accordion-header\">\n                                    <span class=\"question\">Har Novare erfarenhet av uppdrag i snabbt utvecklande och innovationsdrivna sammanhang?<\/span>\n                                    <i class=\"fa fa-plus\"><\/i><i class=\"fa fa-minus hidden\"><\/i>\n                                <\/div>\n                                <div class=\"accordion-content\" style=\"display: none;\">\n                                    <span class=\"separator\"><\/span>\n                                    Ja, vi har omfattande erfarenhet av uppdrag inom life science och healthcare d\u00e4r forskning, innovation och f\u00f6r\u00e4ndringstakt st\u00e4ller h\u00f6ga krav p\u00e5 ledarskap och strategiskt omd\u00f6me.                                <\/div>\n                            <\/div>\n                                                <\/div>\n                            <\/div>\n        <\/div>\n    <\/div>\n<\/section>\n","protected":false},"excerpt":{"rendered":"","protected":false},"author":4,"featured_media":0,"parent":0,"menu_order":0,"comment_status":"closed","ping_status":"closed","template":"","meta":{"_acf_changed":false,"_seopress_robots_primary_cat":"","_seopress_titles_title":"Rekrytering inom Life Science & AI - novare.se","_seopress_titles_desc":"Uppt\u00e4ck hur Novare driver f\u00f6r\u00e4ndring inom Life Science med expertis i rekrytering f\u00f6r ledarroller. Kontakta oss f\u00f6r att st\u00e4rka ditt team.","_seopress_robots_index":"","inline_featured_image":false,"footnotes":""},"class_list":["post-2147","page","type-page","status-publish","hentry"],"acf":[],"_links":{"self":[{"href":"https:\/\/novare.se\/executive-search\/wp-json\/wp\/v2\/pages\/2147","targetHints":{"allow":["GET"]}}],"collection":[{"href":"https:\/\/novare.se\/executive-search\/wp-json\/wp\/v2\/pages"}],"about":[{"href":"https:\/\/novare.se\/executive-search\/wp-json\/wp\/v2\/types\/page"}],"author":[{"embeddable":true,"href":"https:\/\/novare.se\/executive-search\/wp-json\/wp\/v2\/users\/4"}],"replies":[{"embeddable":true,"href":"https:\/\/novare.se\/executive-search\/wp-json\/wp\/v2\/comments?post=2147"}],"version-history":[{"count":17,"href":"https:\/\/novare.se\/executive-search\/wp-json\/wp\/v2\/pages\/2147\/revisions"}],"predecessor-version":[{"id":15395,"href":"https:\/\/novare.se\/executive-search\/wp-json\/wp\/v2\/pages\/2147\/revisions\/15395"}],"wp:attachment":[{"href":"https:\/\/novare.se\/executive-search\/wp-json\/wp\/v2\/media?parent=2147"}],"curies":[{"name":"wp","href":"https:\/\/api.w.org\/{rel}","templated":true}]}}