{"id":2099,"date":"2024-05-29T09:17:09","date_gmt":"2024-05-29T09:17:09","guid":{"rendered":"https:\/\/novare.se\/executive-search\/?page_id=2099"},"modified":"2026-02-02T20:00:13","modified_gmt":"2026-02-02T20:00:13","slug":"karriarcoachning","status":"publish","type":"page","link":"https:\/\/novare.se\/executive-search\/karriarcoachning\/","title":{"rendered":"Karri\u00e4rcoachning"},"content":{"rendered":"<section id=\"hero-3-block_0982505797c5f98dc0d7d7c4f74ea69e\" class=\"block hero-3  m-b \">\n    <div class=\"hero-3--top-section bg-primary\">\n                    <div class=\"bg-backdrop\">\n                <div class=\"bg-backdrop--inner\"><\/div>\n            <\/div>\n                <div class=\"container\">\n            <div class=\"row\">\n                <div class=\"row__col\">\n                    <div class=\"text-img-wrapper\">\n                        <div class=\"text-col\" >\n                                                                \n                                <div class=\"title-wrapper\" >\n                                    <h1 class=\"h2 text-left\"><strong><i>Karri\u00e4rcoachning<\/i><\/strong><\/h1>                                <\/div>\n                                                            \n                            \n                                                            <div class=\"text-wrapper\" >\n                                    <p>Vi st\u00f6ttar dina medarbetare genom hela karri\u00e4rf\u00f6r\u00e4ndringen och ger dem trygghet, v\u00e4gledning och r\u00e4tt verktyg f\u00f6r att hitta en h\u00e5llbar och meningsfull riktning.<\/p>\n                                <\/div>\n                                                            \n                                                            <div class='btn-wrapper'><div class=\"btn-element\" ><a class=\"btn btn--white\" href=\"https:\/\/novare.se\/executive-search\/kontakta-oss\/\"target=\"_self\">Kontakta oss<\/a><\/div><\/div>    \n                                                    <\/div>\n\n                                                    <div class=\"14949 HEROTHREEIMG img-col \"   >\n                            <img loading=\"lazy\" decoding=\"async\" width=\"1024\" height=\"1024\" src=\"https:\/\/novare.se\/executive-search\/wp-content\/uploads\/sites\/2\/2025\/11\/bakgrundskontroller_1080x10801-1024x1024.jpg\" class=\"attachment-large size-large\" alt=\"\" srcset=\"https:\/\/novare.se\/executive-search\/wp-content\/uploads\/sites\/2\/2025\/11\/bakgrundskontroller_1080x10801-1024x1024.jpg 1024w, https:\/\/novare.se\/executive-search\/wp-content\/uploads\/sites\/2\/2025\/11\/bakgrundskontroller_1080x10801-360x360.jpg 360w, https:\/\/novare.se\/executive-search\/wp-content\/uploads\/sites\/2\/2025\/11\/bakgrundskontroller_1080x10801-150x150.jpg 150w, https:\/\/novare.se\/executive-search\/wp-content\/uploads\/sites\/2\/2025\/11\/bakgrundskontroller_1080x10801-768x768.jpg 768w, https:\/\/novare.se\/executive-search\/wp-content\/uploads\/sites\/2\/2025\/11\/bakgrundskontroller_1080x10801.jpg 1080w\" sizes=\"(max-width: 1024px) 100vw, 1024px\" \/>                                \n                            <\/div>\n                                            <\/div>\n                <\/div>\n            <\/div>\n        <\/div>\n    <\/div>\n            <div class=\"hero-3--bottom-section \"  >\n        <div class=\"breadcrumbs dark-text\">\n\t<div class=\"container\">\n        <div class=\"row\">\n            <div class=\"row__col\">\n                <div class=\"breadcrumbs--inner\">\n                    <ul>\n                                                                                <li>\n                                <a href=\"https:\/\/novare.se\/\" class=\"alt\">\n                                    Novare                                <\/a>\n                            <\/li>\n                            \n\t\t\t                                        <li>\n                                <a href=\"https:\/\/novare.se\/executive-search\/\" class=\"alt\">\n                                                                            Novare Executive Search                                                                    <\/a>\n                            <\/li>\n\t\t\t                                    <li><span class=\"alt\">Karri\u00e4rcoachning<\/span><\/li>\n                    <\/ul>\n                <\/div>\n            <\/div>\n        <\/div>\n\t<\/div>\n<\/div>        <\/div>\n    \n    <\/section>\n\n\n<section id=\"one-column-text-block-block_2297629c34fbe6fc205ed8aa1ed2c638\" class=\"block one-column-text-block  m-b bg-default\">\n    <div class=\"container\">\n        <div class=\"row row--middle\">\n                            <div class=\"row__col row__col--lg-8\">\n                    <div class=\"title-wrapper\" data-aos-anchor='#one-column-text-block-block_2297629c34fbe6fc205ed8aa1ed2c638'data-aos='fade-up'data-aos-easing='ease-in-out-sine'data-aos-duration='500'data-aos-delay='0'data-aos-once='true'data-aos-offset='250' >\n                        <h3 class=\"h4 m-0 text-left\">En trygg v\u00e4g till <strong><i>omst\u00e4llning<\/i><\/strong><\/h3>                    <\/div>\n                <\/div>\n                            \n                            <div class=\"row__col row__col--lg-8\" data-aos-anchor='#one-column-text-block-block_2297629c34fbe6fc205ed8aa1ed2c638'data-aos='fade-up'data-aos-easing='ease-in-out-sine'data-aos-duration='500'data-aos-delay='250'data-aos-once='true'data-aos-offset='250'>\n                    <p class=\"preamble m-0\">Ibland st\u00e5r organisationer inf\u00f6r omst\u00e4ndigheter som skapar ett behov av upps\u00e4gningar, varsel eller permitteringar. N\u00e4r din medarbetare g\u00e5r igenom dessa utmaningar kan det vara sv\u00e5rt att r\u00e4cka till som chef och ledare. <\/p>                <\/div>\n            \n                            <div class=\"row__col row__col--lg-8\" data-aos-anchor='#one-column-text-block-block_2297629c34fbe6fc205ed8aa1ed2c638'data-aos='fade-up'data-aos-easing='ease-in-out-sine'data-aos-duration='500'data-aos-delay='250'data-aos-once='true'data-aos-offset='250'>\n                    <div class=\"text-wrapper editor-content\">\n                        <p>Vi vet att det kr\u00e4vs mycket tid och energi f\u00f6r att hj\u00e4lpa n\u00e5gon att ta sig vidare. Med hj\u00e4lp av v\u00e5rt skr\u00e4ddarsydda karri\u00e4rsprogram kan vi hj\u00e4lpa din medarbetare att v\u00e4lja r\u00e4tt v\u00e4g f\u00f6r att hitta ett nytt h\u00e5llbart och l\u00e5ngsiktigt karri\u00e4rsp\u00e5r.<\/p>\n<p>&nbsp;<\/p>\n<h5>Skr\u00e4ddarsytt program f\u00f6r framg\u00e5ngsrikt resultat<\/h5>\n<p>Vi matchar din medarbetare med r\u00e4tt person fr\u00e5n Novare som kan ge b\u00e4sta m\u00f6jliga support utifr\u00e5n specifika behov och utmaningar. V\u00e5ra karri\u00e4rcoacher \u00e4r erfarna, kunniga, och engagerade. Beroende p\u00e5 behov och m\u00e5ls\u00e4ttning matchar vi med r\u00e4tt konsult.<\/p>\n<p>Programmet bidrar till \u00f6kad kunskap om arbetsmarknad och rekryteringsprocessen men m\u00e5let \u00e4r ocks\u00e5 att utveckla individens sj\u00e4lvtillit och handlingsf\u00f6rm\u00e5ga.<\/p>\n<p>&nbsp;<\/p>\n<h5>S\u00e5 g\u00e5r det till<\/h5>\n<p>I olika steg g\u00f6r vi kartl\u00e4ggning av styrkor och erfarenheter, samtalar om m\u00e5l och g\u00f6r intervjutr\u00e4ning \u2013 alltid med fokus fram\u00e5t.\u00a0M\u00e5let med programmet \u00e4r att utveckla deltagarens potential och styrkor och att bygga upp energi och motivation f\u00f6r att hitta v\u00e4gen vidare, antingen i linje med tidigare roller eller i ett nytt sp\u00e5r.<\/p>\n                    <\/div>\n                <\/div>\n                            \n            \n                    <\/div>\n    <\/div>\n<\/section>\n\n<section id=\"image-video-text-block_f4d511e42cc671f883c119d7a2c40533\" class=\"block image-video-text  m-b bg-default\">\n    <div class=\"container\">\n        <div class=\"row image-left\">\n            <div class=\"row__col row__col--md-6 media-item\">\n                                    <div class=\"image-wrapper\"  >\n                        <img loading=\"lazy\" decoding=\"async\" width=\"831\" height=\"1024\" src=\"https:\/\/novare.se\/executive-search\/wp-content\/uploads\/sites\/2\/2025\/11\/faq_1380x17001-831x1024.jpg\" class=\"media-item\" alt=\"\" srcset=\"https:\/\/novare.se\/executive-search\/wp-content\/uploads\/sites\/2\/2025\/11\/faq_1380x17001-831x1024.jpg 831w, https:\/\/novare.se\/executive-search\/wp-content\/uploads\/sites\/2\/2025\/11\/faq_1380x17001-292x360.jpg 292w, https:\/\/novare.se\/executive-search\/wp-content\/uploads\/sites\/2\/2025\/11\/faq_1380x17001-768x946.jpg 768w, https:\/\/novare.se\/executive-search\/wp-content\/uploads\/sites\/2\/2025\/11\/faq_1380x17001-1247x1536.jpg 1247w, https:\/\/novare.se\/executive-search\/wp-content\/uploads\/sites\/2\/2025\/11\/faq_1380x17001.jpg 1380w\" sizes=\"(max-width: 831px) 100vw, 831px\" \/>                    <\/div>\n                                            <\/div>\n\n            <div class=\"row__col row__col--md-6 content\"  >\n                                    <div class=\"title-wrapper\" >\n                        <h3 class=\"h4 text-left\">Valbara moduler som ing\u00e5r i programmet kan vara:<\/h3>                    <\/div>\n                                                                        <div class=\"text-wrapper editor-content\" >\n                    <p>&nbsp;<\/p>\n<ul>\n<li>Kartl\u00e4ggning \u2013 erfarenheter, arbetsliv, v\u00e4rderingar<\/li>\n<li>Assessment \u2013 sj\u00e4lvskattning, personlighetsprofil<\/li>\n<li>Personligt plan \u2013 karri\u00e4r- och livsm\u00e5l<\/li>\n<li>Personliga varum\u00e4rket \u2013 CV, LinkedIn<\/li>\n<li>Intervjuf\u00f6rberedelser \u2013 tr\u00e4na och testa p\u00e5 att vara i intervjusituation<\/li>\n<li>Konkreta m\u00e5l \u2013 kontakter och ans\u00f6kningar<\/li>\n<\/ul>\n                    <\/div>\n                                                                                <\/div>\n        <\/div>\n    <\/div>\n<\/section>\n\n\n<section id=\"contact-persons-block_a94e8922962142cb48f75649a4d30a2b\" class=\"block contact-persons  m-b\">\n    <div class=\"container\">\n        <div class=\"row\">\n            <div class=\"row__col row__col--lg-12\">\n                <div class=\"contact-persons--wrapper bg-primary\">\n                    <div class=\"contact-persons--wrapper--content\" >\n                                                    <div class=\"header-wrapper\" >\n                                <h3 class=\"h3 text-left\"><strong><i>Vill du veta mer?<\/i><\/strong><\/h3>                            <\/div>\n                        \n                                                    <div class=\"text-wrapper\">\n                                <h3>H\u00f6r av dig!<\/h3>\n                            <\/div>\n                        \n                                                                                                <\/div>\n                    <div class=\"contact-persons--wrapper--people\">\n                                                                                    <div class=\"contact-person\" data-aos-anchor='#contact-persons-block_a94e8922962142cb48f75649a4d30a2b'data-aos='fade-right'data-aos-easing='ease-in-out-sine'data-aos-duration='500'data-aos-delay='0'data-aos-once='true'data-aos-offset='250' >\n                                    <div class=\"contact-person--image\">\n                                        <img loading=\"lazy\" decoding=\"async\" width=\"360\" height=\"258\" src=\"https:\/\/novare.se\/executive-search\/wp-content\/uploads\/sites\/2\/2024\/05\/Magdalena_Ihre_Tiny-360x258.jpg\" class=\"attachment-medium size-medium\" alt=\"Kvinna ler, kl\u00e4dd i m\u00f6rk kavaj, neutral bakgrund.\" srcset=\"https:\/\/novare.se\/executive-search\/wp-content\/uploads\/sites\/2\/2024\/05\/Magdalena_Ihre_Tiny-360x258.jpg 360w, https:\/\/novare.se\/executive-search\/wp-content\/uploads\/sites\/2\/2024\/05\/Magdalena_Ihre_Tiny.jpg 670w\" sizes=\"(max-width: 360px) 100vw, 360px\" \/>                                    <\/div>\n                                    <div class=\"contact-person--details\">\n                                        <div class=\"name-wrapper\">\n                                            <a href=\"https:\/\/novare.se\/executive-search\/medarbetare\/magdalena-ihre\/\">Magdalena  Ihre<\/a>\n                                        <\/div>\n                                        <div class=\"title-wrapper\">\n                                            <p>Senior Partner &#038; Kommersiell chef<\/p>\n                                        <\/div>\n                                        <div class=\"email-wrapper\">\n                                            <a href=\"mailto:magdalena.ihre@novare.se\">magdalena.ihre@novare.se<\/a>\n                                        <\/div>\n                                        <div class=\"phone-wrapper\">\n                                            <a href=\"tel:+46706055500\">+46 706 05 55 00<\/a>\n                                        <\/div>\n                                    <\/div>\n                                <\/div>\n                                                    <\/div>\n                <\/div>\n            <\/div>\n        <\/div>\n    <\/div>\n<\/section>\n\n\n<section id=\"faq-block-block_66a4aad91af4a88cea552d852dac0f3c\" class=\"block faq-block  m-b bg-default\">\n    <div class=\"container\">\n        <div class=\"row\">\n            <div class=\"row__col row__col--lg-6\" data-aos-anchor='#faq-block-block_66a4aad91af4a88cea552d852dac0f3c'data-aos='fade-up'data-aos-easing='ease-in-out-sine'data-aos-duration='500'data-aos-delay='0'data-aos-once='true'data-aos-offset='250' >\n                <img loading=\"lazy\" decoding=\"async\" width=\"1024\" height=\"945\" src=\"https:\/\/novare.se\/executive-search\/wp-content\/uploads\/sites\/2\/2024\/06\/Novare_sma23_webb-1024x945.jpg\" class=\"media-item\" alt=\"Tv\u00e5 personer pratar v\u00e4nligt p\u00e5 en balkong med byggnader i bakgrunden.\" srcset=\"https:\/\/novare.se\/executive-search\/wp-content\/uploads\/sites\/2\/2024\/06\/Novare_sma23_webb-1024x945.jpg 1024w, https:\/\/novare.se\/executive-search\/wp-content\/uploads\/sites\/2\/2024\/06\/Novare_sma23_webb-360x332.jpg 360w, https:\/\/novare.se\/executive-search\/wp-content\/uploads\/sites\/2\/2024\/06\/Novare_sma23_webb-768x709.jpg 768w, https:\/\/novare.se\/executive-search\/wp-content\/uploads\/sites\/2\/2024\/06\/Novare_sma23_webb.jpg 1300w\" sizes=\"(max-width: 1024px) 100vw, 1024px\" \/>            <\/div>\n            \n            <div class=\"row__col row__col--lg-6\">\n                                    <div class=\"title-wrapper text-medium\" data-aos-anchor='#faq-block-block_66a4aad91af4a88cea552d852dac0f3c'data-aos='fade-up'data-aos-easing='ease-in-out-sine'data-aos-duration='500'data-aos-delay='300'data-aos-once='true'data-aos-offset='250' >\n                        <h2 class=\"h3 text-left\">Vanliga fr\u00e5gor om <i><strong>karri\u00e4rcoachning<\/i><\/strong><\/h2>                    <\/div>\n                                                    \n                                    <div class=\"accordion\">\n                                                    <div class=\"accordion-item\" data-aos-anchor='#faq-block-block_66a4aad91af4a88cea552d852dac0f3c'data-aos='fade-right'data-aos-easing='ease-in-out-sine'data-aos-duration='500'data-aos-delay='1000'data-aos-once='true'data-aos-offset='250' >\n                                <div class=\"accordion-header\">\n                                    <span class=\"question\">Hur arbetar vi f\u00f6r att st\u00f6tta individer i omst\u00e4llning?<\/span>\n                                    <i class=\"fa fa-plus\"><\/i><i class=\"fa fa-minus hidden\"><\/i>\n                                <\/div>\n                                <div class=\"accordion-content\" style=\"display: none;\">\n                                    <span class=\"separator\"><\/span>\n                                    Vi utg\u00e5r fr\u00e5n varje individs situation, erfarenhet och m\u00e5l. Genom strukturerade samtal, tydlig v\u00e4gledning och praktiska verktyg skapar vi trygghet i processen och hj\u00e4lper individen att ta n\u00e4sta steg med st\u00f6rre sj\u00e4lvf\u00f6rtroende.                                <\/div>\n                            <\/div>\n                                                        <div class=\"accordion-item\" data-aos-anchor='#faq-block-block_66a4aad91af4a88cea552d852dac0f3c'data-aos='fade-right'data-aos-easing='ease-in-out-sine'data-aos-duration='500'data-aos-delay='1250'data-aos-once='true'data-aos-offset='250' >\n                                <div class=\"accordion-header\">\n                                    <span class=\"question\">Hur anpassas karri\u00e4rcoachingen efter olika behov och bakgrunder?<\/span>\n                                    <i class=\"fa fa-plus\"><\/i><i class=\"fa fa-minus hidden\"><\/i>\n                                <\/div>\n                                <div class=\"accordion-content\" style=\"display: none;\">\n                                    <span class=\"separator\"><\/span>\n                                    Karri\u00e4rcoachingen \u00e4r alltid skr\u00e4ddarsydd. Inneh\u00e5ll, tempo och fokus anpassas efter individens erfarenhet, motivation och f\u00f6ruts\u00e4ttningar, oavsett om m\u00e5let \u00e4r nytt jobb, ny riktning eller f\u00f6rdjupad sj\u00e4lvk\u00e4nnedom.                                <\/div>\n                            <\/div>\n                                                        <div class=\"accordion-item\" data-aos-anchor='#faq-block-block_66a4aad91af4a88cea552d852dac0f3c'data-aos='fade-right'data-aos-easing='ease-in-out-sine'data-aos-duration='500'data-aos-delay='1500'data-aos-once='true'data-aos-offset='250' >\n                                <div class=\"accordion-header\">\n                                    <span class=\"question\">Vilken roll har coachen under karri\u00e4rcoachingen?<\/span>\n                                    <i class=\"fa fa-plus\"><\/i><i class=\"fa fa-minus hidden\"><\/i>\n                                <\/div>\n                                <div class=\"accordion-content\" style=\"display: none;\">\n                                    <span class=\"separator\"><\/span>\n                                    Coachen fungerar som ett professionellt st\u00f6d genom hela processen. Med erfarenhet, struktur och objektivitet hj\u00e4lper coachen individen att identifiera styrkor, formulera m\u00e5l och fatta v\u00e4lgrundade beslut.                                <\/div>\n                            <\/div>\n                                                        <div class=\"accordion-item\" data-aos-anchor='#faq-block-block_66a4aad91af4a88cea552d852dac0f3c'data-aos='fade-right'data-aos-easing='ease-in-out-sine'data-aos-duration='500'data-aos-delay='1750'data-aos-once='true'data-aos-offset='250' >\n                                <div class=\"accordion-header\">\n                                    <span class=\"question\">Hur kombinerar vi reflektion med konkreta n\u00e4sta steg?<\/span>\n                                    <i class=\"fa fa-plus\"><\/i><i class=\"fa fa-minus hidden\"><\/i>\n                                <\/div>\n                                <div class=\"accordion-content\" style=\"display: none;\">\n                                    <span class=\"separator\"><\/span>\n                                    Karri\u00e4rcoachingen balanserar sj\u00e4lvinsikt med handling. Reflektion kring kompetens, drivkrafter och v\u00e4rderingar varvas med praktiskt arbete kring CV, intervjuer, n\u00e4tverkande och strategiska jobbs\u00f6kande.                                <\/div>\n                            <\/div>\n                                                        <div class=\"accordion-item\" data-aos-anchor='#faq-block-block_66a4aad91af4a88cea552d852dac0f3c'data-aos='fade-right'data-aos-easing='ease-in-out-sine'data-aos-duration='500'data-aos-delay='2000'data-aos-once='true'data-aos-offset='250' >\n                                <div class=\"accordion-header\">\n                                    <span class=\"question\">Vilket resultat kan man f\u00f6rv\u00e4nta sig av karri\u00e4rcoaching hos Novare?<\/span>\n                                    <i class=\"fa fa-plus\"><\/i><i class=\"fa fa-minus hidden\"><\/i>\n                                <\/div>\n                                <div class=\"accordion-content\" style=\"display: none;\">\n                                    <span class=\"separator\"><\/span>\n                                    M\u00e5let \u00e4r att individen ska k\u00e4nna \u00f6kad tydlighet, motivation och riktning. Karri\u00e4rcoachingen skapar b\u00e4ttre f\u00f6ruts\u00e4ttningar f\u00f6r en h\u00e5llbar n\u00e4sta fas i arbetslivet, oavsett om det handlar om nytt jobb eller en ny karri\u00e4rinriktning.                                <\/div>\n                            <\/div>\n                                                <\/div>\n                            <\/div>\n        <\/div>\n    <\/div>\n<\/section>\n","protected":false},"excerpt":{"rendered":"","protected":false},"author":4,"featured_media":0,"parent":0,"menu_order":0,"comment_status":"closed","ping_status":"closed","template":"","meta":{"_acf_changed":false,"_seopress_robots_primary_cat":"","_seopress_titles_title":"Karri\u00e4rcoachning f\u00f6r framg\u00e5ngsrik omst\u00e4llning - novare.se","_seopress_titles_desc":"Effektiv karri\u00e4rcoachning f\u00f6r omst\u00e4llning med Novare. Skr\u00e4ddarsydda program f\u00f6r att st\u00e4rka sj\u00e4lvtillit och matcha r\u00e4tt karri\u00e4rv\u00e4g. Kontakta oss!","_seopress_robots_index":"","inline_featured_image":false,"footnotes":""},"class_list":["post-2099","page","type-page","status-publish","hentry"],"acf":[],"_links":{"self":[{"href":"https:\/\/novare.se\/executive-search\/wp-json\/wp\/v2\/pages\/2099","targetHints":{"allow":["GET"]}}],"collection":[{"href":"https:\/\/novare.se\/executive-search\/wp-json\/wp\/v2\/pages"}],"about":[{"href":"https:\/\/novare.se\/executive-search\/wp-json\/wp\/v2\/types\/page"}],"author":[{"embeddable":true,"href":"https:\/\/novare.se\/executive-search\/wp-json\/wp\/v2\/users\/4"}],"replies":[{"embeddable":true,"href":"https:\/\/novare.se\/executive-search\/wp-json\/wp\/v2\/comments?post=2099"}],"version-history":[{"count":14,"href":"https:\/\/novare.se\/executive-search\/wp-json\/wp\/v2\/pages\/2099\/revisions"}],"predecessor-version":[{"id":15299,"href":"https:\/\/novare.se\/executive-search\/wp-json\/wp\/v2\/pages\/2099\/revisions\/15299"}],"wp:attachment":[{"href":"https:\/\/novare.se\/executive-search\/wp-json\/wp\/v2\/media?parent=2099"}],"curies":[{"name":"wp","href":"https:\/\/api.w.org\/{rel}","templated":true}]}}