{"id":50,"date":"2024-01-05T15:44:13","date_gmt":"2024-01-05T15:44:13","guid":{"rendered":"https:\/\/novare.se\/bemanning\/?page_id=50"},"modified":"2025-05-08T11:07:46","modified_gmt":"2025-05-08T11:07:46","slug":"lediga-jobb","status":"publish","type":"page","link":"https:\/\/novare.se\/bemanning\/lediga-jobb\/","title":{"rendered":"Lediga jobb"},"content":{"rendered":"<section id=\"hero-3-block_bd882a838d1ef310b59384c9214800f0\" class=\"block hero-3  m-b no-img \">\n    <div class=\"hero-3--top-section bg-primary\">\n                    <div class=\"bg-backdrop\">\n                <div class=\"bg-backdrop--inner\"><\/div>\n            <\/div>\n                <div class=\"container\">\n            <div class=\"row\">\n                <div class=\"row__col\">\n                    <div class=\"text-img-wrapper\">\n                        <div class=\"text-col\" >\n                                                                \n                                <div class=\"title-wrapper\" >\n                                    <h1 class=\"h1 text-left\">Lediga jobb<\/h1>                                <\/div>\n                                                            \n                            \n                                                            <div class=\"text-wrapper\" >\n                                    <p>H\u00e4r hittar du v\u00e5ra lediga jobb. Vi ser fram emot att h\u00f6ra fr\u00e5n dig!<\/p>\n                                <\/div>\n                                                            \n                                                    <\/div>\n\n                                            <\/div>\n                <\/div>\n            <\/div>\n        <\/div>\n    <\/div>\n            <div class=\"hero-3--bottom-section \"  >\n        <div class=\"breadcrumbs dark-text\">\n\t<div class=\"container\">\n        <div class=\"row\">\n            <div class=\"row__col\">\n                <div class=\"breadcrumbs--inner\">\n                    <ul>\n                                                                                <li>\n                                <a href=\"https:\/\/novare.se\/\" class=\"alt\">\n                                    Novare                                <\/a>\n                            <\/li>\n                        \t\t\t                                                                    <li>\n                                <a href=\"https:\/\/novare.se\/bemanning\/\" class=\"alt\">\n                                                                            Novare Bemanning                                                                    <\/a>\n                            <\/li>\n\t\t\t                                    <li><span class=\"alt\">Lediga jobb<\/span><\/li>\n                    <\/ul>\n                <\/div>\n            <\/div>\n        <\/div>\n\t<\/div>\n<\/div>\n        <\/div>\n    \n    <\/section>\n\n\n<section id=\"4432\" class=\"block job-search-block  m-b bg-default\" rel=\"\">\n    <div class=\"container\">\n        <form class=\"listing-block--filters\" data-url=\"https:\/\/novare.se\/bemanning\/wp-json\/wp\/v2\/pages\/50\/\">\n            <div class=\"row\">\n                <div class=\"row__col\">\n                    <div class=\"listing-block--filters-inner search\">\n                        <div class=\"filters\">\n                            \n                            <div class=\"select-wrapper filter\" >\n                                <label for=\"city\" class=\"text-medium\">Stad<\/label>\n                                <div class=\"field\">\n                                    <select class=\"js-select-filter\" name=\"city\" id=\"city\">\n                                        <option value=\"\" selected>Alla<\/option>\n                                                                                                                                    <option value=\"G\u00f6teborg\"  >G\u00f6teborg<\/option>\n                                                                                            <option value=\"Stockholm\"  >Stockholm<\/option>\n                                                                                                                        <\/select>\n                                <\/div>\n                            <\/div>\n                        <\/div>\n\n                        <div class=\"filters--end\" >\n                            <div class=\"input-wrapper\">\n                                <div class=\"field\">\n                                    <input class=\"js-search-field\" type=\"search\" name=\"search\" placeholder=\"S\u00f6k\" value=\"\">\n                                <\/div>\n                            <\/div>\n                        <\/div>\n                    <\/div>\n                <\/div>\n            <\/div>\n\n            <input type=\"hidden\" name=\"posts_per_page\" value=\"12\">\n            <input type=\"hidden\" name=\"page_no\" value=\"1\">\n            <input type=\"hidden\" name=\"selected_city\" value=\"\">\n            <input type=\"hidden\" name=\"selected_company\" value=\"\">\n        <\/form>\n\n        <div class=\"row listing-block--results\">\n                                                \n<div class=\"row__col row__col--lg-4 listing-block--item cols-3\" >\n    <div class=\"listing-block--item-inner\">\n        <a class=\"m-0\" href=\"https:\/\/novare.se\/bemanning\/jobb\/tva-kommunikatorer-till-kammarkollegiet-i-stockholm\/\">\n            <div class=\"image m-0 \" data-image-width=\"0\" data-image-height=\"0\" data-aspect-ratio-diff=\"0\">\n                <img loading=\"lazy\" decoding=\"async\" width=\"768\" height=\"512\" src=\"https:\/\/novare.se\/bemanning\/wp-content\/uploads\/sites\/7\/2026\/05\/tva-kommunikatorer-till-kammarkollegiet-i-stockholm-768x512.jpeg\" class=\"media-item cover\" alt=\"\" srcset=\"https:\/\/novare.se\/bemanning\/wp-content\/uploads\/sites\/7\/2026\/05\/tva-kommunikatorer-till-kammarkollegiet-i-stockholm-768x512.jpeg 768w, https:\/\/novare.se\/bemanning\/wp-content\/uploads\/sites\/7\/2026\/05\/tva-kommunikatorer-till-kammarkollegiet-i-stockholm-360x240.jpeg 360w, https:\/\/novare.se\/bemanning\/wp-content\/uploads\/sites\/7\/2026\/05\/tva-kommunikatorer-till-kammarkollegiet-i-stockholm-1024x683.jpeg 1024w, https:\/\/novare.se\/bemanning\/wp-content\/uploads\/sites\/7\/2026\/05\/tva-kommunikatorer-till-kammarkollegiet-i-stockholm-1536x1024.jpeg 1536w, https:\/\/novare.se\/bemanning\/wp-content\/uploads\/sites\/7\/2026\/05\/tva-kommunikatorer-till-kammarkollegiet-i-stockholm-2048x1365.jpeg 2048w\" sizes=\"(max-width: 768px) 100vw, 768px\" \/>                <div class=\"overlay\"><\/div>\n                <div class=\"badge text-regular\" style=\"background-color: #f5f2ef; color: #000000;\">Novare Bemanning<\/div>            <\/div>\n        <\/a>\n        <div class=\"content\">\n            <div class=\"header\">\n                <div class=\"name\">\n                    <a class=\"m-0\" href=\"https:\/\/novare.se\/bemanning\/jobb\/tva-kommunikatorer-till-kammarkollegiet-i-stockholm\/\">\n                        <div class=\"title text-medium\"><p>Tv\u00e5 kommunikat\u00f6rer till Kammarkollegiet i Stockholm<\/p><\/div>\n                    <\/a>\n                    <div class=\"pre_title\"><p>Stockholm<\/p><\/div>\n                <\/div>\n            <\/div>\n\n            <div class=\"intro\">\n                <p><\/p>\n            <\/div>\n                \n            <a class=\"read-more\" href=\"https:\/\/novare.se\/bemanning\/jobb\/tva-kommunikatorer-till-kammarkollegiet-i-stockholm\/\">\n                <span class=\"text-medium\">Ans\u00f6k h\u00e4r<\/span><i class=\"arrow fa fa-arrow-right\" aria-hidden=\"true\"><\/i>\n            <\/a>\n        <\/div>\n    <\/div>\n<\/div>\n                                    \n<div class=\"row__col row__col--lg-4 listing-block--item cols-3\" >\n    <div class=\"listing-block--item-inner\">\n        <a class=\"m-0\" href=\"https:\/\/novare.se\/bemanning\/jobb\/controller-med-redovisningskompetens-till-statens-fastighetsverk\/\">\n            <div class=\"image m-0 \" data-image-width=\"0\" data-image-height=\"0\" data-aspect-ratio-diff=\"0\">\n                <img loading=\"lazy\" decoding=\"async\" width=\"768\" height=\"512\" src=\"https:\/\/novare.se\/bemanning\/wp-content\/uploads\/sites\/7\/2026\/05\/controller-med-redovisningskompetens-till-statens-fastighetsverk-768x512.jpeg\" class=\"media-item cover\" alt=\"\" srcset=\"https:\/\/novare.se\/bemanning\/wp-content\/uploads\/sites\/7\/2026\/05\/controller-med-redovisningskompetens-till-statens-fastighetsverk-768x512.jpeg 768w, https:\/\/novare.se\/bemanning\/wp-content\/uploads\/sites\/7\/2026\/05\/controller-med-redovisningskompetens-till-statens-fastighetsverk-360x240.jpeg 360w, https:\/\/novare.se\/bemanning\/wp-content\/uploads\/sites\/7\/2026\/05\/controller-med-redovisningskompetens-till-statens-fastighetsverk-1024x683.jpeg 1024w, https:\/\/novare.se\/bemanning\/wp-content\/uploads\/sites\/7\/2026\/05\/controller-med-redovisningskompetens-till-statens-fastighetsverk-1536x1024.jpeg 1536w, https:\/\/novare.se\/bemanning\/wp-content\/uploads\/sites\/7\/2026\/05\/controller-med-redovisningskompetens-till-statens-fastighetsverk-2048x1365.jpeg 2048w\" sizes=\"(max-width: 768px) 100vw, 768px\" \/>                <div class=\"overlay\"><\/div>\n                <div class=\"badge text-regular\" style=\"background-color: #f5f2ef; color: #000000;\">Novare Bemanning<\/div>            <\/div>\n        <\/a>\n        <div class=\"content\">\n            <div class=\"header\">\n                <div class=\"name\">\n                    <a class=\"m-0\" href=\"https:\/\/novare.se\/bemanning\/jobb\/controller-med-redovisningskompetens-till-statens-fastighetsverk\/\">\n                        <div class=\"title text-medium\"><p>Controller med redovisningskompetens till Statens fastighetsverk<\/p><\/div>\n                    <\/a>\n                    <div class=\"pre_title\"><p>Stockholm<\/p><\/div>\n                <\/div>\n            <\/div>\n\n            <div class=\"intro\">\n                <p><\/p>\n            <\/div>\n                \n            <a class=\"read-more\" href=\"https:\/\/novare.se\/bemanning\/jobb\/controller-med-redovisningskompetens-till-statens-fastighetsverk\/\">\n                <span class=\"text-medium\">Ans\u00f6k h\u00e4r<\/span><i class=\"arrow fa fa-arrow-right\" aria-hidden=\"true\"><\/i>\n            <\/a>\n        <\/div>\n    <\/div>\n<\/div>\n                                    \n<div class=\"row__col row__col--lg-4 listing-block--item cols-3\" >\n    <div class=\"listing-block--item-inner\">\n        <a class=\"m-0\" href=\"https:\/\/novare.se\/bemanning\/jobb\/konsult-inom-chefsstod-till-sjofartsverket-i-stockholm\/\">\n            <div class=\"image m-0 \" data-image-width=\"0\" data-image-height=\"0\" data-aspect-ratio-diff=\"0\">\n                <img loading=\"lazy\" decoding=\"async\" width=\"768\" height=\"576\" src=\"https:\/\/novare.se\/bemanning\/wp-content\/uploads\/sites\/7\/2026\/05\/konsult-inom-chefsstod-till-sjofartsverket-i-stockholm-768x576.jpeg\" class=\"media-item cover\" alt=\"\" srcset=\"https:\/\/novare.se\/bemanning\/wp-content\/uploads\/sites\/7\/2026\/05\/konsult-inom-chefsstod-till-sjofartsverket-i-stockholm-768x576.jpeg 768w, https:\/\/novare.se\/bemanning\/wp-content\/uploads\/sites\/7\/2026\/05\/konsult-inom-chefsstod-till-sjofartsverket-i-stockholm-360x270.jpeg 360w, https:\/\/novare.se\/bemanning\/wp-content\/uploads\/sites\/7\/2026\/05\/konsult-inom-chefsstod-till-sjofartsverket-i-stockholm-1024x768.jpeg 1024w, https:\/\/novare.se\/bemanning\/wp-content\/uploads\/sites\/7\/2026\/05\/konsult-inom-chefsstod-till-sjofartsverket-i-stockholm-1536x1152.jpeg 1536w, https:\/\/novare.se\/bemanning\/wp-content\/uploads\/sites\/7\/2026\/05\/konsult-inom-chefsstod-till-sjofartsverket-i-stockholm-2048x1536.jpeg 2048w\" sizes=\"(max-width: 768px) 100vw, 768px\" \/>                <div class=\"overlay\"><\/div>\n                <div class=\"badge text-regular\" style=\"background-color: #f5f2ef; color: #000000;\">Novare Bemanning<\/div>            <\/div>\n        <\/a>\n        <div class=\"content\">\n            <div class=\"header\">\n                <div class=\"name\">\n                    <a class=\"m-0\" href=\"https:\/\/novare.se\/bemanning\/jobb\/konsult-inom-chefsstod-till-sjofartsverket-i-stockholm\/\">\n                        <div class=\"title text-medium\"><p>Erfaren interimschef till Sj\u00f6fartsverket i Stockholm<\/p><\/div>\n                    <\/a>\n                    <div class=\"pre_title\"><p>Stockholm<\/p><\/div>\n                <\/div>\n            <\/div>\n\n            <div class=\"intro\">\n                <p><\/p>\n            <\/div>\n                \n            <a class=\"read-more\" href=\"https:\/\/novare.se\/bemanning\/jobb\/konsult-inom-chefsstod-till-sjofartsverket-i-stockholm\/\">\n                <span class=\"text-medium\">Ans\u00f6k h\u00e4r<\/span><i class=\"arrow fa fa-arrow-right\" aria-hidden=\"true\"><\/i>\n            <\/a>\n        <\/div>\n    <\/div>\n<\/div>\n                                    \n<div class=\"row__col row__col--lg-4 listing-block--item cols-3\" >\n    <div class=\"listing-block--item-inner\">\n        <a class=\"m-0\" href=\"https:\/\/novare.se\/bemanning\/jobb\/ekonomikonsult-till-stockholms-universitet\/\">\n            <div class=\"image m-0 \" data-image-width=\"0\" data-image-height=\"0\" data-aspect-ratio-diff=\"0\">\n                <img loading=\"lazy\" decoding=\"async\" width=\"768\" height=\"512\" src=\"https:\/\/novare.se\/bemanning\/wp-content\/uploads\/sites\/7\/2026\/05\/ekonomikonsult-till-stockholms-universitet-768x512.jpg\" class=\"media-item cover\" alt=\"\" srcset=\"https:\/\/novare.se\/bemanning\/wp-content\/uploads\/sites\/7\/2026\/05\/ekonomikonsult-till-stockholms-universitet-768x512.jpg 768w, https:\/\/novare.se\/bemanning\/wp-content\/uploads\/sites\/7\/2026\/05\/ekonomikonsult-till-stockholms-universitet-360x240.jpg 360w, https:\/\/novare.se\/bemanning\/wp-content\/uploads\/sites\/7\/2026\/05\/ekonomikonsult-till-stockholms-universitet-1024x683.jpg 1024w, https:\/\/novare.se\/bemanning\/wp-content\/uploads\/sites\/7\/2026\/05\/ekonomikonsult-till-stockholms-universitet-1536x1024.jpg 1536w, https:\/\/novare.se\/bemanning\/wp-content\/uploads\/sites\/7\/2026\/05\/ekonomikonsult-till-stockholms-universitet-2048x1365.jpg 2048w\" sizes=\"(max-width: 768px) 100vw, 768px\" \/>                <div class=\"overlay\"><\/div>\n                <div class=\"badge text-regular\" style=\"background-color: #f5f2ef; color: #000000;\">Novare Bemanning<\/div>            <\/div>\n        <\/a>\n        <div class=\"content\">\n            <div class=\"header\">\n                <div class=\"name\">\n                    <a class=\"m-0\" href=\"https:\/\/novare.se\/bemanning\/jobb\/ekonomikonsult-till-stockholms-universitet\/\">\n                        <div class=\"title text-medium\"><p>Ekonomikonsult till Stockholms universitet<\/p><\/div>\n                    <\/a>\n                    <div class=\"pre_title\"><p>Stockholm<\/p><\/div>\n                <\/div>\n            <\/div>\n\n            <div class=\"intro\">\n                <p><\/p>\n            <\/div>\n                \n            <a class=\"read-more\" href=\"https:\/\/novare.se\/bemanning\/jobb\/ekonomikonsult-till-stockholms-universitet\/\">\n                <span class=\"text-medium\">Ans\u00f6k h\u00e4r<\/span><i class=\"arrow fa fa-arrow-right\" aria-hidden=\"true\"><\/i>\n            <\/a>\n        <\/div>\n    <\/div>\n<\/div>\n                                    \n<div class=\"row__col row__col--lg-4 listing-block--item cols-3\" >\n    <div class=\"listing-block--item-inner\">\n        <a class=\"m-0\" href=\"https:\/\/novare.se\/bemanning\/jobb\/hr-administrator-till-chalmers-i-goteborg\/\">\n            <div class=\"image m-0 \" data-image-width=\"0\" data-image-height=\"0\" data-aspect-ratio-diff=\"0\">\n                <img loading=\"lazy\" decoding=\"async\" width=\"768\" height=\"512\" src=\"https:\/\/novare.se\/bemanning\/wp-content\/uploads\/sites\/7\/2026\/05\/hr-administrator-till-chalmers-i-goteborg-768x512.jpeg\" class=\"media-item cover\" alt=\"\" srcset=\"https:\/\/novare.se\/bemanning\/wp-content\/uploads\/sites\/7\/2026\/05\/hr-administrator-till-chalmers-i-goteborg-768x512.jpeg 768w, https:\/\/novare.se\/bemanning\/wp-content\/uploads\/sites\/7\/2026\/05\/hr-administrator-till-chalmers-i-goteborg-360x240.jpeg 360w, https:\/\/novare.se\/bemanning\/wp-content\/uploads\/sites\/7\/2026\/05\/hr-administrator-till-chalmers-i-goteborg-1024x683.jpeg 1024w, https:\/\/novare.se\/bemanning\/wp-content\/uploads\/sites\/7\/2026\/05\/hr-administrator-till-chalmers-i-goteborg-1536x1024.jpeg 1536w, https:\/\/novare.se\/bemanning\/wp-content\/uploads\/sites\/7\/2026\/05\/hr-administrator-till-chalmers-i-goteborg-2048x1365.jpeg 2048w\" sizes=\"(max-width: 768px) 100vw, 768px\" \/>                <div class=\"overlay\"><\/div>\n                <div class=\"badge text-regular\" style=\"background-color: #f5f2ef; color: #000000;\">Novare Bemanning<\/div>            <\/div>\n        <\/a>\n        <div class=\"content\">\n            <div class=\"header\">\n                <div class=\"name\">\n                    <a class=\"m-0\" href=\"https:\/\/novare.se\/bemanning\/jobb\/hr-administrator-till-chalmers-i-goteborg\/\">\n                        <div class=\"title text-medium\"><p>HR-administrat\u00f6r till Chalmers i G\u00f6teborg<\/p><\/div>\n                    <\/a>\n                    <div class=\"pre_title\"><p>G\u00f6teborg<\/p><\/div>\n                <\/div>\n            <\/div>\n\n            <div class=\"intro\">\n                <p><\/p>\n            <\/div>\n                \n            <a class=\"read-more\" href=\"https:\/\/novare.se\/bemanning\/jobb\/hr-administrator-till-chalmers-i-goteborg\/\">\n                <span class=\"text-medium\">Ans\u00f6k h\u00e4r<\/span><i class=\"arrow fa fa-arrow-right\" aria-hidden=\"true\"><\/i>\n            <\/a>\n        <\/div>\n    <\/div>\n<\/div>\n                                    \n<div class=\"row__col row__col--lg-4 listing-block--item cols-3\" >\n    <div class=\"listing-block--item-inner\">\n        <a class=\"m-0\" href=\"https:\/\/novare.se\/bemanning\/jobb\/content-manager-till-familjebostader-i-goteborg\/\">\n            <div class=\"image m-0 \" data-image-width=\"0\" data-image-height=\"0\" data-aspect-ratio-diff=\"0\">\n                <img loading=\"lazy\" decoding=\"async\" width=\"768\" height=\"577\" src=\"https:\/\/novare.se\/bemanning\/wp-content\/uploads\/sites\/7\/2026\/05\/content-manager-till-familjebostader-i-goteborg-768x577.jpeg\" class=\"media-item cover\" alt=\"\" srcset=\"https:\/\/novare.se\/bemanning\/wp-content\/uploads\/sites\/7\/2026\/05\/content-manager-till-familjebostader-i-goteborg-768x577.jpeg 768w, https:\/\/novare.se\/bemanning\/wp-content\/uploads\/sites\/7\/2026\/05\/content-manager-till-familjebostader-i-goteborg-360x270.jpeg 360w, https:\/\/novare.se\/bemanning\/wp-content\/uploads\/sites\/7\/2026\/05\/content-manager-till-familjebostader-i-goteborg-1024x769.jpeg 1024w, https:\/\/novare.se\/bemanning\/wp-content\/uploads\/sites\/7\/2026\/05\/content-manager-till-familjebostader-i-goteborg-1536x1153.jpeg 1536w, https:\/\/novare.se\/bemanning\/wp-content\/uploads\/sites\/7\/2026\/05\/content-manager-till-familjebostader-i-goteborg-2048x1538.jpeg 2048w\" sizes=\"(max-width: 768px) 100vw, 768px\" \/>                <div class=\"overlay\"><\/div>\n                <div class=\"badge text-regular\" style=\"background-color: #f5f2ef; color: #000000;\">Novare Bemanning<\/div>            <\/div>\n        <\/a>\n        <div class=\"content\">\n            <div class=\"header\">\n                <div class=\"name\">\n                    <a class=\"m-0\" href=\"https:\/\/novare.se\/bemanning\/jobb\/content-manager-till-familjebostader-i-goteborg\/\">\n                        <div class=\"title text-medium\"><p>Content Manager till Familjebost\u00e4der i G\u00f6teborg<\/p><\/div>\n                    <\/a>\n                    <div class=\"pre_title\"><p>G\u00f6teborg<\/p><\/div>\n                <\/div>\n            <\/div>\n\n            <div class=\"intro\">\n                <p><\/p>\n            <\/div>\n                \n            <a class=\"read-more\" href=\"https:\/\/novare.se\/bemanning\/jobb\/content-manager-till-familjebostader-i-goteborg\/\">\n                <span class=\"text-medium\">Ans\u00f6k h\u00e4r<\/span><i class=\"arrow fa fa-arrow-right\" aria-hidden=\"true\"><\/i>\n            <\/a>\n        <\/div>\n    <\/div>\n<\/div>\n                                    \n<div class=\"row__col row__col--lg-4 listing-block--item cols-3\" >\n    <div class=\"listing-block--item-inner\">\n        <a class=\"m-0\" href=\"https:\/\/novare.se\/bemanning\/jobb\/flera-handlaggare-inom-kundservice-till-myndighet-i-stockholm\/\">\n            <div class=\"image m-0 \" data-image-width=\"0\" data-image-height=\"0\" data-aspect-ratio-diff=\"0\">\n                <img loading=\"lazy\" decoding=\"async\" width=\"671\" height=\"400\" src=\"https:\/\/novare.se\/bemanning\/wp-content\/uploads\/sites\/7\/2026\/04\/flera-handlaggare-inom-kundservice-till-myndighet-i-stockholm.jpeg\" class=\"media-item cover\" alt=\"\" srcset=\"https:\/\/novare.se\/bemanning\/wp-content\/uploads\/sites\/7\/2026\/04\/flera-handlaggare-inom-kundservice-till-myndighet-i-stockholm.jpeg 671w, https:\/\/novare.se\/bemanning\/wp-content\/uploads\/sites\/7\/2026\/04\/flera-handlaggare-inom-kundservice-till-myndighet-i-stockholm-360x215.jpeg 360w\" sizes=\"(max-width: 671px) 100vw, 671px\" \/>                <div class=\"overlay\"><\/div>\n                <div class=\"badge text-regular\" style=\"background-color: #f5f2ef; color: #000000;\">Novare Bemanning<\/div>            <\/div>\n        <\/a>\n        <div class=\"content\">\n            <div class=\"header\">\n                <div class=\"name\">\n                    <a class=\"m-0\" href=\"https:\/\/novare.se\/bemanning\/jobb\/flera-handlaggare-inom-kundservice-till-myndighet-i-stockholm\/\">\n                        <div class=\"title text-medium\"><p>Flera handl\u00e4ggare inom kundservice till myndighet i Stockholm<\/p><\/div>\n                    <\/a>\n                    <div class=\"pre_title\"><p>Stockholm<\/p><\/div>\n                <\/div>\n            <\/div>\n\n            <div class=\"intro\">\n                <p><\/p>\n            <\/div>\n                \n            <a class=\"read-more\" href=\"https:\/\/novare.se\/bemanning\/jobb\/flera-handlaggare-inom-kundservice-till-myndighet-i-stockholm\/\">\n                <span class=\"text-medium\">Ans\u00f6k h\u00e4r<\/span><i class=\"arrow fa fa-arrow-right\" aria-hidden=\"true\"><\/i>\n            <\/a>\n        <\/div>\n    <\/div>\n<\/div>\n                                    \n<div class=\"row__col row__col--lg-4 listing-block--item cols-3\" >\n    <div class=\"listing-block--item-inner\">\n        <a class=\"m-0\" href=\"https:\/\/novare.se\/bemanning\/jobb\/flera-handlaggare-inom-kundservice-till-myndighet-i-goteborg\/\">\n            <div class=\"image m-0 \" data-image-width=\"0\" data-image-height=\"0\" data-aspect-ratio-diff=\"0\">\n                <img loading=\"lazy\" decoding=\"async\" width=\"768\" height=\"512\" src=\"https:\/\/novare.se\/bemanning\/wp-content\/uploads\/sites\/7\/2026\/04\/flera-handlaggare-inom-kundservice-till-myndighet-i-goteborg-768x512.jpeg\" class=\"media-item cover\" alt=\"\" srcset=\"https:\/\/novare.se\/bemanning\/wp-content\/uploads\/sites\/7\/2026\/04\/flera-handlaggare-inom-kundservice-till-myndighet-i-goteborg-768x512.jpeg 768w, https:\/\/novare.se\/bemanning\/wp-content\/uploads\/sites\/7\/2026\/04\/flera-handlaggare-inom-kundservice-till-myndighet-i-goteborg-360x240.jpeg 360w, https:\/\/novare.se\/bemanning\/wp-content\/uploads\/sites\/7\/2026\/04\/flera-handlaggare-inom-kundservice-till-myndighet-i-goteborg-1024x683.jpeg 1024w, https:\/\/novare.se\/bemanning\/wp-content\/uploads\/sites\/7\/2026\/04\/flera-handlaggare-inom-kundservice-till-myndighet-i-goteborg-1536x1024.jpeg 1536w, https:\/\/novare.se\/bemanning\/wp-content\/uploads\/sites\/7\/2026\/04\/flera-handlaggare-inom-kundservice-till-myndighet-i-goteborg-2048x1365.jpeg 2048w\" sizes=\"(max-width: 768px) 100vw, 768px\" \/>                <div class=\"overlay\"><\/div>\n                <div class=\"badge text-regular\" style=\"background-color: #f5f2ef; color: #000000;\">Novare Bemanning<\/div>            <\/div>\n        <\/a>\n        <div class=\"content\">\n            <div class=\"header\">\n                <div class=\"name\">\n                    <a class=\"m-0\" href=\"https:\/\/novare.se\/bemanning\/jobb\/flera-handlaggare-inom-kundservice-till-myndighet-i-goteborg\/\">\n                        <div class=\"title text-medium\"><p>Flera handl\u00e4ggare inom kundservice till myndighet i G\u00f6teborg<\/p><\/div>\n                    <\/a>\n                    <div class=\"pre_title\"><p>G\u00f6teborg<\/p><\/div>\n                <\/div>\n            <\/div>\n\n            <div class=\"intro\">\n                <p><\/p>\n            <\/div>\n                \n            <a class=\"read-more\" href=\"https:\/\/novare.se\/bemanning\/jobb\/flera-handlaggare-inom-kundservice-till-myndighet-i-goteborg\/\">\n                <span class=\"text-medium\">Ans\u00f6k h\u00e4r<\/span><i class=\"arrow fa fa-arrow-right\" aria-hidden=\"true\"><\/i>\n            <\/a>\n        <\/div>\n    <\/div>\n<\/div>\n                                    <\/div>\n\n        <div class=\"row listing-block--pagination\">\n            <div class=\"row__col listing-block--pagination--results\">\n                            <\/div>\n        <\/div>\n    <\/div>\n<\/section>\n","protected":false},"excerpt":{"rendered":"","protected":false},"author":1,"featured_media":0,"parent":0,"menu_order":0,"comment_status":"closed","ping_status":"closed","template":"","meta":{"_acf_changed":false,"_seopress_robots_primary_cat":"","_seopress_titles_title":"Ekonomiassistent i Stockholm - novare.se","_seopress_titles_desc":"Ekonomiassistent s\u00f6kes till statlig myndighet i Stockholm. Ans\u00f6k nu och bli en del av ett dynamiskt team via Novare Bemanning.","_seopress_robots_index":"","inline_featured_image":false,"footnotes":""},"class_list":["post-50","page","type-page","status-publish","hentry"],"acf":[],"_links":{"self":[{"href":"https:\/\/novare.se\/bemanning\/wp-json\/wp\/v2\/pages\/50","targetHints":{"allow":["GET"]}}],"collection":[{"href":"https:\/\/novare.se\/bemanning\/wp-json\/wp\/v2\/pages"}],"about":[{"href":"https:\/\/novare.se\/bemanning\/wp-json\/wp\/v2\/types\/page"}],"author":[{"embeddable":true,"href":"https:\/\/novare.se\/bemanning\/wp-json\/wp\/v2\/users\/1"}],"replies":[{"embeddable":true,"href":"https:\/\/novare.se\/bemanning\/wp-json\/wp\/v2\/comments?post=50"}],"version-history":[{"count":10,"href":"https:\/\/novare.se\/bemanning\/wp-json\/wp\/v2\/pages\/50\/revisions"}],"predecessor-version":[{"id":2240,"href":"https:\/\/novare.se\/bemanning\/wp-json\/wp\/v2\/pages\/50\/revisions\/2240"}],"wp:attachment":[{"href":"https:\/\/novare.se\/bemanning\/wp-json\/wp\/v2\/media?parent=50"}],"curies":[{"name":"wp","href":"https:\/\/api.w.org\/{rel}","templated":true}]}}